{"id":850,"date":"2017-07-13T07:19:33","date_gmt":"2017-07-13T07:19:33","guid":{"rendered":"http:\/\/dummy.xtemos.com\/woodmart\/demos\/?page_id=850"},"modified":"2023-09-05T16:49:40","modified_gmt":"2023-09-05T16:49:40","slug":"nosotros","status":"publish","type":"page","link":"https:\/\/novatronicec.com\/index.php\/nosotros\/","title":{"rendered":"Nosotros"},"content":{"rendered":"<div class=\"wpb-content-wrapper\"><p>[vc_row full_width=\u00bbstretch_row_content_no_spaces\u00bb equal_height=\u00bbyes\u00bb css=\u00bb.vc_custom_1499679693574{margin-top: -40px !important;margin-bottom: 10vh !important;border-top-width: 1px !important;border-top-color: #efefef !important;border-top-style: solid !important;}\u00bb][vc_column css=\u00bb.vc_custom_1497520246521{padding-top: 0px !important;}\u00bb offset=\u00bbvc_col-lg-6 vc_col-md-12 vc_col-xs-12&#8243;]\t\t<div id=\"gallery_700\" class=\"wd-images-gallery wd-wpb photoswipe-images\" style=\"--wd-justify-content:center;--wd-align-items:center;\">\n\t\t\t\n\t\t\t<div class=\" wd-grid-g\" style=\"--wd-col-lg:1;--wd-col-md:1;--wd-col-sm:1;--wd-gap-lg:2px;\">\n\t\t\t\t\n\t\t\t\t\t\t\t\t\t\t\t\t\t\t\t<div class=\"wd-gallery-item wd-col\">\n\t\t\t\t\t\t\t\t\t\t\t\t\t\t<a href=\"https:\/\/novatronicec.com\/wp-content\/uploads\/2020\/09\/novatronic-perfil-2020.png\" data-elementor-open-lightbox=\"no\" data-index=\"1\" data-width=\"500\" data-height=\"500\" \n\t\t\t\t\t\t\t\t\t\t\t\t\t\t\t\t\t\t\t\t>\n\t\t\t\t\t\t\t\t\n\t\t\t\t\t\t\t\t<img decoding=\"async\" width=\"500\" height=\"500\" src=\"https:\/\/novatronicec.com\/wp-content\/uploads\/2020\/09\/novatronic-perfil-2020-500x500.png\" class=\"wd-gallery-image image-1\" alt=\"\" srcset=\"https:\/\/novatronicec.com\/wp-content\/uploads\/2020\/09\/novatronic-perfil-2020.png 500w, https:\/\/novatronicec.com\/wp-content\/uploads\/2020\/09\/novatronic-perfil-2020-150x150.png 150w, https:\/\/novatronicec.com\/wp-content\/uploads\/2020\/09\/novatronic-perfil-2020-300x300.png 300w, https:\/\/novatronicec.com\/wp-content\/uploads\/2020\/09\/novatronic-perfil-2020-100x100.png 100w\" sizes=\"(max-width: 500px) 100vw, 500px\" \/>\n\t\t\t\t\t\t\t\t\t\t\t\t\t\t\t<\/a>\n\t\t\t\t\t\t\t\t\t\t\t\t<\/div>\n\t\t\t\t\t\t\t\t\t\t\t<div class=\"wd-gallery-item wd-col\">\n\t\t\t\t\t\t\t\t\t\t\t\t\t\t<a href=\"https:\/\/novatronicec.com\/wp-content\/uploads\/2020\/09\/HISTORIA1.png\" data-elementor-open-lightbox=\"no\" data-index=\"2\" data-width=\"1200\" data-height=\"1000\" \n\t\t\t\t\t\t\t\t\t\t\t\t\t\t\t\t\t\t\t\t>\n\t\t\t\t\t\t\t\t\n\t\t\t\t\t\t\t\t<img decoding=\"async\" width=\"500\" height=\"500\" src=\"https:\/\/novatronicec.com\/wp-content\/uploads\/2020\/09\/HISTORIA1-500x500.png\" class=\"wd-gallery-image image-2\" alt=\"\" \/>\n\t\t\t\t\t\t\t\t\t\t\t\t\t\t\t<\/a>\n\t\t\t\t\t\t\t\t\t\t\t\t<\/div>\n\t\t\t\t\t\t\t\t\t\t\t<div class=\"wd-gallery-item wd-col\">\n\t\t\t\t\t\t\t\t\t\t\t\t\t\t<a href=\"https:\/\/novatronicec.com\/wp-content\/uploads\/2020\/09\/HISTORIA2.png\" data-elementor-open-lightbox=\"no\" data-index=\"3\" data-width=\"1200\" data-height=\"1000\" \n\t\t\t\t\t\t\t\t\t\t\t\t\t\t\t\t\t\t\t\t>\n\t\t\t\t\t\t\t\t\n\t\t\t\t\t\t\t\t<img decoding=\"async\" width=\"500\" height=\"500\" src=\"https:\/\/novatronicec.com\/wp-content\/uploads\/2020\/09\/HISTORIA2-500x500.png\" class=\"wd-gallery-image image-3\" alt=\"\" \/>\n\t\t\t\t\t\t\t\t\t\t\t\t\t\t\t<\/a>\n\t\t\t\t\t\t\t\t\t\t\t\t<\/div>\n\t\t\t\t\t\t\t\t\t\n\t\t\t\t\t\t\t<\/div>\n\n\t\t\t\t\t<\/div>\n\t\t[\/vc_column][vc_column woodmart_sticky_column=\u00bbtrue\u00bb css=\u00bb.vc_custom_1499677904738{padding-top: 8vh !important;padding-right: 5% !important;padding-left: 7% !important;}\u00bb offset=\u00bbvc_col-lg-5 vc_col-md-8 vc_col-xs-12&#8243;][vc_custom_heading text=\u00bbSomos Novatronic\u00bb font_container=\u00bbtag:p|font_size:18|text_align:left|color:%23a3a3a3&#8243; use_theme_fonts=\u00bbyes\u00bb css=\u00bb.vc_custom_1600664708266{margin-bottom: 10px !important;}\u00bb]\n\t\t<div id=\"wd-5f683487bc0f0\" class=\"title-wrapper wd-wpb wd-set-mb reset-last-child  wd-rs-5f683487bc0f0 wd-title-color-default wd-title-style-default text-left vc_custom_1600664721171 wd-underline-colored\">\n\t\t\t\n\t\t\t<div class=\"liner-continer\">\n\t\t\t\t<h4 class=\"woodmart-title-container title  wd-font-weight- wd-fontsize-xxxl\" >Nuestra Historia<\/h4>\n\t\t\t\t\t\t\t<\/div>\n\t\t\t\n\t\t\t\n\t\t\t\n\t\t<\/div>\n\t\t\n\t\t[vc_custom_heading text=\u00bbNovatronic es una empresa creada por un grupo de j\u00f3venes Ingenieros que aportan con su ingenio y creatividad para el desarrollo de productos y servicios a diferentes sectores profesionales.\u00bb font_container=\u00bbtag:p|font_size:24|text_align:left|color:%23212121&#8243; use_theme_fonts=\u00bbyes\u00bb][vc_column_text css=\u00bb.vc_custom_1601861808821{margin-bottom: 25px !important;padding-right: 5% !important;}\u00bb el_class=\u00bbtext-larger\u00bb text_larger=\u00bbno\u00bb]<\/p>\n<p style=\"text-align: justify;\">Nuestro equipo de expertos est\u00e1 capacitado y cuenta con una amplia experiencia en concursos de rob\u00f3tica a nivel nacional e internacional, desarrollo de proyectos y creaci\u00f3n de prototipos. Creada en el a\u00f1o 2019, abri\u00f3 sus puertas como una empresa dedicada al desarrollo integral de proyectos de ingenier\u00eda.En la actualidad la empresa se ha extendido a otras l\u00edneas de negocio como una tienda f\u00edsica y online adapt\u00e1ndonos a las necesidades de nuestros clientes con la mejor calidad y servicio que nos caracteriza. Nuestros servicios abarcan la importaci\u00f3n y venta de m\u00e1quinas de fresado CNC, impresoras 3D,servicio t\u00e9cnico garantizado, dise\u00f1o CAD, impresi\u00f3n 3D, fabricaci\u00f3n de placas de circuito impreso PCB y venta de todo tipo de art\u00edculos enfocados a la ingenier\u00eda, automatizaci\u00f3n y rob\u00f3tica.<\/p>\n<p>[\/vc_column_text][\/vc_column][\/vc_row][vc_row full_width=\u00bbstretch_row_content_no_spaces\u00bb equal_height=\u00bbyes\u00bb css=\u00bb.vc_custom_1499681239398{margin-bottom: 10vh !important;padding-right: 5% !important;}\u00bb][vc_column woodmart_sticky_column=\u00bbtrue\u00bb css=\u00bb.vc_custom_1499679948409{padding-top: 6vh !important;padding-right: 5% !important;padding-left: 7% !important;}\u00bb offset=\u00bbvc_col-lg-offset-1 vc_col-lg-5 vc_col-md-offset-1 vc_col-md-8 vc_col-xs-12&#8243;]\n\t\t<div id=\"wd-5f68354dcd403\" class=\"title-wrapper wd-wpb wd-set-mb reset-last-child  wd-rs-5f68354dcd403 wd-title-color-default wd-title-style-default text-left vc_custom_1600664916502 wd-underline-colored\">\n\t\t\t\n\t\t\t<div class=\"liner-continer\">\n\t\t\t\t<h4 class=\"woodmart-title-container title  wd-font-weight- wd-fontsize-xxxl\" >Nuestra Misi\u00f3n<\/h4>\n\t\t\t\t\t\t\t<\/div>\n\t\t\t\n\t\t\t\n\t\t\t\n\t\t<\/div>\n\t\t\n\t\t[vc_custom_heading text=\u00bbHacia donde nos dirigimos\u00bb font_container=\u00bbtag:p|font_size:24|text_align:left|color:%23212121&#8243; use_theme_fonts=\u00bbyes\u00bb][vc_column_text css=\u00bb.vc_custom_1600664958423{margin-bottom: 25px !important;padding-right: 5% !important;}\u00bb el_class=\u00bbtext-larger\u00bb text_larger=\u00bbno\u00bb]<\/p>\n<p style=\"text-align: justify;\">Somos una empresa encargada de brindar y ofrecer productos y servicios de calidad; a trav\u00e9s de un buen servicio, al alcance y satisfacci\u00f3n de nuestros clientes. Brindando asesor\u00eda personalizada, responsabilidad y compromiso por parte de nuestro equipo de trabajo.<\/p>\n<p>[\/vc_column_text][\/vc_column][vc_column offset=\u00bbvc_col-lg-6 vc_col-md-12 vc_col-xs-12&#8243; css=\u00bb.vc_custom_1499679370599{padding-top: 0px !important;}\u00bb][vc_row_inner row_reverse_mobile=\u00bb0&#8243; row_reverse_tablet=\u00bb0&#8243;][vc_column_inner width=\u00bb1\/2&#8243;]\t\t<div class=\"team-member wd-wpb wd-rs- member-layout-default text-center color-scheme-dark \">\n\t\t\t\t\t\t\t<div class=\"member-image-wrapper\">\n\t\t\t\t\t<div class=\"member-image\">\n\t\t\t\t\t\t<img decoding=\"async\" width=\"240\" height=\"300\" src=\"https:\/\/novatronicec.com\/wp-content\/uploads\/2020\/09\/ING-ALEX-CARRASCO-240x300.png\" class=\"team-member-avatar-image\" alt=\"\" srcset=\"https:\/\/novatronicec.com\/wp-content\/uploads\/2020\/09\/ING-ALEX-CARRASCO-240x300.png 240w, https:\/\/novatronicec.com\/wp-content\/uploads\/2020\/09\/ING-ALEX-CARRASCO-150x188.png 150w, https:\/\/novatronicec.com\/wp-content\/uploads\/2020\/09\/ING-ALEX-CARRASCO.png 400w\" sizes=\"(max-width: 240px) 100vw, 240px\" \/>\t\t\t\t\t<\/div>\n\t\t\t\t<\/div>\n\t\t\t\n\t\t\t<div class=\"member-details wd-set-mb reset-last-child\">\n\t\t\t\t\t\t\t\t\t<h4 class=\"member-name\">\n\t\t\t\t\t\tIng. Alex Carrasco\t\t\t\t\t<\/h4>\n\t\t\t\t\n\t\t\t\t\t\t\t\t\t<div class=\"member-position\">\n\t\t\t\t\t\tCPE Gerente\t\t\t\t\t<\/div>\n\t\t\t\t\n\t\t\t\t\n\t\t\t\t\t\t<div class=\"member-social\">\n\t\t\t<div class=\"wd-social-icons wd-style-colored wd-size-small wd-shape-circle\">\n\t\t\t\t\t\t\t\t\t<a rel=\"noopener noreferrer nofollow\" class=\"wd-social-icon social-facebook\" href=\"https:\/\/www.facebook.com\/AlexJavierCarrasco\/\" aria-label=\"Social icon facebook\">\n\t\t\t\t\t\t<span class=\"wd-icon\"><\/span>\n\t\t\t\t\t<\/a>\n\t\t\t\t\t\t\t\t\t\t\t\t\t<a rel=\"noopener noreferrer nofollow\" class=\"wd-social-icon social-twitter\" href=\"https:\/\/twitter.com\/novatronicec\" aria-label=\"Social icon X\">\n\t\t\t\t\t\t<span class=\"wd-icon\"><\/span>\n\t\t\t\t\t<\/a>\n\t\t\t\t\t\t\t\t\t\t\t\t\t<a rel=\"noopener noreferrer nofollow\" class=\"wd-social-icon social-linkedin\" href=\"https:\/\/www.linkedin.com\/in\/alex-carrasco-novatronic\/\" aria-label=\"Social icon linkedin\">\n\t\t\t\t\t\t<span class=\"wd-icon\"><\/span>\n\t\t\t\t\t<\/a>\n\t\t\t\t\t\t\t\t\t\t\t<\/div>\n\t\t<\/div>\n\t\t\t\t\t<\/div>\n\t\t<\/div>\n\n\t\t[\/vc_column_inner][vc_column_inner width=\u00bb1\/2&#8243; css=\u00bb.vc_custom_1497519046604{padding-right: 3vh !important;padding-left: 3vh !important;}\u00bb]\t\t<div class=\"team-member wd-wpb wd-rs- member-layout-default text-center color-scheme-dark \">\n\t\t\t\t\t\t\t<div class=\"member-image-wrapper\">\n\t\t\t\t\t<div class=\"member-image\">\n\t\t\t\t\t\t<img decoding=\"async\" width=\"240\" height=\"300\" src=\"https:\/\/novatronicec.com\/wp-content\/uploads\/2020\/09\/ing-ivonne-vasconez-240x300.png\" class=\"team-member-avatar-image\" alt=\"\" srcset=\"https:\/\/novatronicec.com\/wp-content\/uploads\/2020\/09\/ing-ivonne-vasconez-240x300.png 240w, https:\/\/novatronicec.com\/wp-content\/uploads\/2020\/09\/ing-ivonne-vasconez-150x188.png 150w, https:\/\/novatronicec.com\/wp-content\/uploads\/2020\/09\/ing-ivonne-vasconez.png 400w\" sizes=\"(max-width: 240px) 100vw, 240px\" \/>\t\t\t\t\t<\/div>\n\t\t\t\t<\/div>\n\t\t\t\n\t\t\t<div class=\"member-details wd-set-mb reset-last-child\">\n\t\t\t\t\t\t\t\t\t<h4 class=\"member-name\">\n\t\t\t\t\t\tIng. Ivonne V\u00e1sconez\t\t\t\t\t<\/h4>\n\t\t\t\t\n\t\t\t\t\t\t\t\t\t<div class=\"member-position\">\n\t\t\t\t\t\tCEO Directora Ejecutiva\t\t\t\t\t<\/div>\n\t\t\t\t\n\t\t\t\t\n\t\t\t\t\t\t<div class=\"member-social\">\n\t\t\t<div class=\"wd-social-icons wd-style-colored wd-size-small wd-shape-circle\">\n\t\t\t\t\t\t\t\t\t<a rel=\"noopener noreferrer nofollow\" class=\"wd-social-icon social-facebook\" href=\"https:\/\/www.facebook.com\/ivonn3krolina\" aria-label=\"Social icon facebook\">\n\t\t\t\t\t\t<span class=\"wd-icon\"><\/span>\n\t\t\t\t\t<\/a>\n\t\t\t\t\t\t\t\t\t\t\t\t\t<a rel=\"noopener noreferrer nofollow\" class=\"wd-social-icon social-twitter\" href=\"https:\/\/twitter.com\/novatronicec\" aria-label=\"Social icon X\">\n\t\t\t\t\t\t<span class=\"wd-icon\"><\/span>\n\t\t\t\t\t<\/a>\n\t\t\t\t\t\t\t\t\t\t\t\t\t<a rel=\"noopener noreferrer nofollow\" class=\"wd-social-icon social-linkedin\" href=\"https:\/\/www.linkedin.com\/in\/ivonne-vasconez-novatronic\/\" aria-label=\"Social icon linkedin\">\n\t\t\t\t\t\t<span class=\"wd-icon\"><\/span>\n\t\t\t\t\t<\/a>\n\t\t\t\t\t\t\t\t\t\t\t<\/div>\n\t\t<\/div>\n\t\t\t\t\t<\/div>\n\t\t<\/div>\n\n\t\t[\/vc_column_inner][\/vc_row_inner][\/vc_column][\/vc_row][vc_row full_width=\u00bbstretch_row_content_no_spaces\u00bb equal_height=\u00bbyes\u00bb][vc_column offset=\u00bbvc_col-lg-6 vc_col-xs-12&#8243;][vc_images_carousel images=\u00bb7394,7395,7396,7397,7398&#8243; img_size=\u00bbfull\u00bb speed=\u00bb2500&#8243; autoplay=\u00bbyes\u00bb wrap=\u00bbyes\u00bb css_animation=\u00bbfadeIn\u00bb][\/vc_column][vc_column woodmart_sticky_column=\u00bbtrue\u00bb css=\u00bb.vc_custom_1499680167008{padding-top: 8vh !important;padding-right: 5% !important;padding-left: 7% !important;}\u00bb offset=\u00bbvc_col-lg-5 vc_col-md-8 vc_col-xs-12&#8243;]\n\t\t<div id=\"wd-5f6835d437f30\" class=\"title-wrapper wd-wpb wd-set-mb reset-last-child  wd-rs-5f6835d437f30 wd-title-color-default wd-title-style-default text-left vc_custom_1600665048566 wd-underline-colored\">\n\t\t\t\n\t\t\t<div class=\"liner-continer\">\n\t\t\t\t<h4 class=\"woodmart-title-container title  wd-font-weight- wd-fontsize-xxxl\" >Nuestra Visi\u00f3n<\/h4>\n\t\t\t\t\t\t\t<\/div>\n\t\t\t\n\t\t\t\n\t\t\t\n\t\t<\/div>\n\t\t\n\t\t[vc_custom_heading text=\u00bbQue es lo que queremos de nuestra empresa\u00bb font_container=\u00bbtag:p|font_size:24|text_align:left|color:%23212121&#8243; use_theme_fonts=\u00bbyes\u00bb][vc_column_text css=\u00bb.vc_custom_1600665079172{margin-bottom: 20px !important;padding-right: 5% !important;}\u00bb el_class=\u00bbtext-larger\u00bb text_larger=\u00bbno\u00bb]<\/p>\n<p style=\"text-align: justify;\">Ser una empresa l\u00edder en el mercado siendo la primera opci\u00f3n de nuestros clientes al momento de adquirir insumos para impresi\u00f3n 3D, rob\u00f3tica, electr\u00f3nica, dom\u00f3tica, y automatizaci\u00f3n. Contribuir con el desarrollo del pa\u00eds con ideas e impulso de proyectos innovadores en bien de la sociedad.<\/p>\n<p>[\/vc_column_text][\/vc_column][\/vc_row][vc_row][vc_column width=\u00bb1\/3&#8243;][vc_empty_space woodmart_hide_large=\u00bb0&#8243; woodmart_hide_medium=\u00bb0&#8243; woodmart_hide_small=\u00bb0&#8243; woodmart_hide_extra_small=\u00bb0&#8243;]\t\t\t<div class=\"info-box-wrapper\">\n\t\t\t\t<div id=\"wd-5f6b74272bf6d\" class=\" wd-rs-5f6b74272bf6d wd-info-box wd-wpb text-left box-icon-align-top box-style- color-scheme- wd-bg-none \">\n\t\t\t\t\t\t\t\t\t\t\t<div class=\"box-icon-wrapper  box-with-icon box-icon-simple\">\n\t\t\t\t\t\t\t<div class=\"info-box-icon\">\n\t\t\t\t\t\t\t\t<img decoding=\"async\" width=\"540\" height=\"540\" src=\"https:\/\/novatronicec.com\/wp-content\/uploads\/2020\/09\/78673074_2484097094972299_823859243739250688_n.png\" class=\"attachment-250X250 size-250X250\" alt=\"\" srcset=\"https:\/\/novatronicec.com\/wp-content\/uploads\/2020\/09\/78673074_2484097094972299_823859243739250688_n.png 540w, https:\/\/novatronicec.com\/wp-content\/uploads\/2020\/09\/78673074_2484097094972299_823859243739250688_n-150x150.png 150w, https:\/\/novatronicec.com\/wp-content\/uploads\/2020\/09\/78673074_2484097094972299_823859243739250688_n-300x300.png 300w, https:\/\/novatronicec.com\/wp-content\/uploads\/2020\/09\/78673074_2484097094972299_823859243739250688_n-100x100.png 100w\" sizes=\"(max-width: 540px) 100vw, 540px\" \/>\t\t\t\t\t\t\t<\/div>\n\t\t\t\t\t\t<\/div>\n\t\t\t\t\t\t\t\t\t\t<div class=\"info-box-content\">\n\t\t\t\t\t\t<h4 class=\"info-box-title title box-title-style-default wd-fontsize-m\">Venta de productos<\/h4>\t\t\t\t\t\t<div class=\"info-box-inner reset-last-child\"><p>Ponemos a disposici\u00f3n insumos para impresi\u00f3n 3D y fresado CNC. Art\u00edculos y kits para electr\u00f3nica, rob\u00f3tica, dom\u00f3tica y automatizaci\u00f3n.<\/p>\n<\/div>\n\n\t\t\t\t\t\t\t\t\t\t\t<\/div>\n\n\t\t\t\t\t\n\t\t\t\t\t\t\t\t\t<\/div>\n\t\t\t<\/div>\n\t\t[\/vc_column][vc_column width=\u00bb1\/3&#8243;][vc_empty_space woodmart_hide_large=\u00bb0&#8243; woodmart_hide_medium=\u00bb0&#8243; woodmart_hide_small=\u00bb0&#8243; woodmart_hide_extra_small=\u00bb0&#8243;]\t\t\t<div class=\"info-box-wrapper\">\n\t\t\t\t<div id=\"wd-5f6b79a2cb075\" class=\" wd-rs-5f6b79a2cb075 wd-info-box wd-wpb text-left box-icon-align-top box-style- color-scheme- wd-bg-none \">\n\t\t\t\t\t\t\t\t\t\t\t<div class=\"box-icon-wrapper  box-with-icon box-icon-simple\">\n\t\t\t\t\t\t\t<div class=\"info-box-icon\">\n\t\t\t\t\t\t\t\t<img decoding=\"async\" width=\"749\" height=\"500\" src=\"https:\/\/novatronicec.com\/wp-content\/uploads\/2020\/09\/best-embedded-systems-project-for-engineering-students.jpg\" class=\"attachment-250X250 size-250X250\" alt=\"\" srcset=\"https:\/\/novatronicec.com\/wp-content\/uploads\/2020\/09\/best-embedded-systems-project-for-engineering-students.jpg 749w, https:\/\/novatronicec.com\/wp-content\/uploads\/2020\/09\/best-embedded-systems-project-for-engineering-students-150x100.jpg 150w, https:\/\/novatronicec.com\/wp-content\/uploads\/2020\/09\/best-embedded-systems-project-for-engineering-students-300x200.jpg 300w\" sizes=\"(max-width: 749px) 100vw, 749px\" \/>\t\t\t\t\t\t\t<\/div>\n\t\t\t\t\t\t<\/div>\n\t\t\t\t\t\t\t\t\t\t<div class=\"info-box-content\">\n\t\t\t\t\t\t<h4 class=\"info-box-title title box-title-style-default wd-fontsize-m\">Desarrollo de proyectos<\/h4>\t\t\t\t\t\t<div class=\"info-box-inner reset-last-child\"><\/p>\n<p style=\"text-align: justify;\">Brindamos asesor\u00eda en la elaboraci\u00f3n de proyectos de grado, titulaci\u00f3n y tesis en el \u00e1rea de electr\u00f3nica, rob\u00f3tica, automatizaci\u00f3n, electricidad y dom\u00f3tica para diferentes niveles educativos.<\/p>\n<p>\n<\/div>\n\n\t\t\t\t\t\t\t\t\t\t\t<\/div>\n\n\t\t\t\t\t\n\t\t\t\t\t\t\t\t\t<\/div>\n\t\t\t<\/div>\n\t\t[\/vc_column][vc_column width=\u00bb1\/3&#8243;][vc_empty_space woodmart_hide_large=\u00bb0&#8243; woodmart_hide_medium=\u00bb0&#8243; woodmart_hide_small=\u00bb0&#8243; woodmart_hide_extra_small=\u00bb0&#8243;]\t\t\t<div class=\"info-box-wrapper\">\n\t\t\t\t<div id=\"wd-5f6b79bc5c6ea\" class=\" wd-rs-5f6b79bc5c6ea wd-info-box wd-wpb text-left box-icon-align-top box-style- color-scheme- wd-bg-none \">\n\t\t\t\t\t\t\t\t\t\t\t<div class=\"box-icon-wrapper  box-with-icon box-icon-simple\">\n\t\t\t\t\t\t\t<div class=\"info-box-icon\">\n\t\t\t\t\t\t\t\t<img decoding=\"async\" width=\"980\" height=\"520\" src=\"https:\/\/novatronicec.com\/wp-content\/uploads\/2020\/09\/1565350591_001399_1565350806_noticia_normal.jpg\" class=\"attachment-250X250 size-250X250\" alt=\"\" srcset=\"https:\/\/novatronicec.com\/wp-content\/uploads\/2020\/09\/1565350591_001399_1565350806_noticia_normal.jpg 980w, https:\/\/novatronicec.com\/wp-content\/uploads\/2020\/09\/1565350591_001399_1565350806_noticia_normal-150x80.jpg 150w, https:\/\/novatronicec.com\/wp-content\/uploads\/2020\/09\/1565350591_001399_1565350806_noticia_normal-350x186.jpg 350w, https:\/\/novatronicec.com\/wp-content\/uploads\/2020\/09\/1565350591_001399_1565350806_noticia_normal-300x159.jpg 300w, https:\/\/novatronicec.com\/wp-content\/uploads\/2020\/09\/1565350591_001399_1565350806_noticia_normal-768x408.jpg 768w\" sizes=\"(max-width: 980px) 100vw, 980px\" \/>\t\t\t\t\t\t\t<\/div>\n\t\t\t\t\t\t<\/div>\n\t\t\t\t\t\t\t\t\t\t<div class=\"info-box-content\">\n\t\t\t\t\t\t<h4 class=\"info-box-title title box-title-style-default wd-fontsize-m\">Impresi\u00f3n 3D<\/h4>\t\t\t\t\t\t<div class=\"info-box-inner reset-last-child\"><\/p>\n<p style=\"text-align: justify;\">Contamos con impresoras de alto rendimiento y calidad para entregar piezas con el mejor acabado y precisi\u00f3n posible, usando siempre materiales de alta resistencia, con una amplia variedad de colores.<\/p>\n<p>\n<\/div>\n\n\t\t\t\t\t\t\t\t\t\t\t<\/div>\n\n\t\t\t\t\t\n\t\t\t\t\t\t\t\t\t<\/div>\n\t\t\t<\/div>\n\t\t[vc_empty_space woodmart_hide_large=\u00bb0&#8243; woodmart_hide_medium=\u00bb0&#8243; woodmart_hide_small=\u00bb0&#8243; woodmart_hide_extra_small=\u00bb0&#8243;][\/vc_column][\/vc_row][vc_row][vc_column width=\u00bb1\/3&#8243;][vc_empty_space woodmart_hide_large=\u00bb0&#8243; woodmart_hide_medium=\u00bb0&#8243; woodmart_hide_small=\u00bb0&#8243; woodmart_hide_extra_small=\u00bb0&#8243;]\t\t\t<div class=\"info-box-wrapper\">\n\t\t\t\t<div id=\"wd-5f6b7a2d6c136\" class=\" wd-rs-5f6b7a2d6c136 wd-info-box wd-wpb text-left box-icon-align-top box-style- color-scheme- wd-bg-none \">\n\t\t\t\t\t\t\t\t\t\t\t<div class=\"box-icon-wrapper  box-with-icon box-icon-simple\">\n\t\t\t\t\t\t\t<div class=\"info-box-icon\">\n\t\t\t\t\t\t\t\t<img decoding=\"async\" width=\"600\" height=\"400\" src=\"https:\/\/novatronicec.com\/wp-content\/uploads\/2020\/09\/Q-print-450.jpg\" class=\"attachment-250X250 size-250X250\" alt=\"\" srcset=\"https:\/\/novatronicec.com\/wp-content\/uploads\/2020\/09\/Q-print-450.jpg 600w, https:\/\/novatronicec.com\/wp-content\/uploads\/2020\/09\/Q-print-450-150x100.jpg 150w, https:\/\/novatronicec.com\/wp-content\/uploads\/2020\/09\/Q-print-450-350x233.jpg 350w, https:\/\/novatronicec.com\/wp-content\/uploads\/2020\/09\/Q-print-450-300x200.jpg 300w\" sizes=\"(max-width: 600px) 100vw, 600px\" \/>\t\t\t\t\t\t\t<\/div>\n\t\t\t\t\t\t<\/div>\n\t\t\t\t\t\t\t\t\t\t<div class=\"info-box-content\">\n\t\t\t\t\t\t<h4 class=\"info-box-title title box-title-style-default wd-fontsize-m\">Desarrollo de placas de PCB de alta calidad<\/h4>\t\t\t\t\t\t<div class=\"info-box-inner reset-last-child\"><\/p>\n<p style=\"text-align: justify;\">Ofrecemos el servicio de dise\u00f1o y fabricaci\u00f3n de circuitos impresos, fresado en CNC de alta resoluci\u00f3n con acabados profesionales.<\/p>\n<p>\n<\/div>\n\n\t\t\t\t\t\t\t\t\t\t\t<\/div>\n\n\t\t\t\t\t\n\t\t\t\t\t\t\t\t\t<\/div>\n\t\t\t<\/div>\n\t\t[\/vc_column][vc_column width=\u00bb1\/3&#8243;][vc_empty_space woodmart_hide_large=\u00bb0&#8243; woodmart_hide_medium=\u00bb0&#8243; woodmart_hide_small=\u00bb0&#8243; woodmart_hide_extra_small=\u00bb0&#8243;]\t\t\t<div class=\"info-box-wrapper\">\n\t\t\t\t<div id=\"wd-5f6b7aa444daf\" class=\" wd-rs-5f6b7aa444daf wd-info-box wd-wpb text-left box-icon-align-top box-style- color-scheme- wd-bg-none \">\n\t\t\t\t\t\t\t\t\t\t\t<div class=\"box-icon-wrapper  box-with-icon box-icon-simple\">\n\t\t\t\t\t\t\t<div class=\"info-box-icon\">\n\t\t\t\t\t\t\t\t<img decoding=\"async\" width=\"870\" height=\"580\" src=\"https:\/\/novatronicec.com\/wp-content\/uploads\/2020\/09\/Co\u0301mo-funcionan-las-fresadoras-CNC.jpg\" class=\"attachment-250X250 size-250X250\" alt=\"\" srcset=\"https:\/\/novatronicec.com\/wp-content\/uploads\/2020\/09\/Co\u0301mo-funcionan-las-fresadoras-CNC.jpg 870w, https:\/\/novatronicec.com\/wp-content\/uploads\/2020\/09\/Co\u0301mo-funcionan-las-fresadoras-CNC-150x100.jpg 150w, https:\/\/novatronicec.com\/wp-content\/uploads\/2020\/09\/Co\u0301mo-funcionan-las-fresadoras-CNC-350x233.jpg 350w, https:\/\/novatronicec.com\/wp-content\/uploads\/2020\/09\/Co\u0301mo-funcionan-las-fresadoras-CNC-300x200.jpg 300w, https:\/\/novatronicec.com\/wp-content\/uploads\/2020\/09\/Co\u0301mo-funcionan-las-fresadoras-CNC-768x512.jpg 768w\" sizes=\"(max-width: 870px) 100vw, 870px\" \/>\t\t\t\t\t\t\t<\/div>\n\t\t\t\t\t\t<\/div>\n\t\t\t\t\t\t\t\t\t\t<div class=\"info-box-content\">\n\t\t\t\t\t\t<h4 class=\"info-box-title title box-title-style-default wd-fontsize-m\">Importaci\u00f3n y venta de m\u00e1quinas fresadoras CNC e impresoras 3D<\/h4>\t\t\t\t\t\t<div class=\"info-box-inner reset-last-child\"><p>Somos distribuidores de impresoras 3D FDM y de resina, fresadoras CNC de varios tama\u00f1os en marcas l\u00edderes a nivel mundial. Brindamos capacitaci\u00f3n y asesor\u00eda posventa en todas sus compras.<\/p>\n<\/div>\n\n\t\t\t\t\t\t\t\t\t\t\t<\/div>\n\n\t\t\t\t\t\n\t\t\t\t\t\t\t\t\t<\/div>\n\t\t\t<\/div>\n\t\t[\/vc_column][vc_column width=\u00bb1\/3&#8243;][vc_empty_space woodmart_hide_large=\u00bb0&#8243; woodmart_hide_medium=\u00bb0&#8243; woodmart_hide_small=\u00bb0&#8243; woodmart_hide_extra_small=\u00bb0&#8243;]\t\t\t<div class=\"info-box-wrapper\">\n\t\t\t\t<div id=\"wd-5f6b78c2a4958\" class=\" wd-rs-5f6b78c2a4958 wd-info-box wd-wpb text-left box-icon-align-top box-style- color-scheme- wd-bg-none \">\n\t\t\t\t\t\t\t\t\t\t\t<div class=\"box-icon-wrapper  box-with-icon box-icon-simple\">\n\t\t\t\t\t\t\t<div class=\"info-box-icon\">\n\t\t\t\t\t\t\t\t<img decoding=\"async\" width=\"700\" height=\"400\" src=\"https:\/\/novatronicec.com\/wp-content\/uploads\/2020\/09\/CATIA.jpg\" class=\"attachment-250X250 size-250X250\" alt=\"\" srcset=\"https:\/\/novatronicec.com\/wp-content\/uploads\/2020\/09\/CATIA.jpg 700w, https:\/\/novatronicec.com\/wp-content\/uploads\/2020\/09\/CATIA-150x86.jpg 150w, https:\/\/novatronicec.com\/wp-content\/uploads\/2020\/09\/CATIA-350x200.jpg 350w, https:\/\/novatronicec.com\/wp-content\/uploads\/2020\/09\/CATIA-300x171.jpg 300w\" sizes=\"(max-width: 700px) 100vw, 700px\" \/>\t\t\t\t\t\t\t<\/div>\n\t\t\t\t\t\t<\/div>\n\t\t\t\t\t\t\t\t\t\t<div class=\"info-box-content\">\n\t\t\t\t\t\t<h4 class=\"info-box-title title box-title-style-default wd-fontsize-m\">Servicio de dise\u00f1o CAD<\/h4>\t\t\t\t\t\t<div class=\"info-box-inner reset-last-child\"><\/p>\n<p style=\"text-align: justify;\">Somos especialistas en trasformar en CAD, dise\u00f1o asistido por computadora, dise\u00f1os conceptuales para su posterior mecanizado. Asesoramos y acompa\u00f1amos a nuestros clientes desde la concepci\u00f3n de la idea, hasta la optimizaci\u00f3n del dise\u00f1o.<\/p>\n<p>\n<\/div>\n\n\t\t\t\t\t\t\t\t\t\t\t<\/div>\n\n\t\t\t\t\t\n\t\t\t\t\t\t\t\t\t<\/div>\n\t\t\t<\/div>\n\t\t[\/vc_column][\/vc_row]<script>\/*54745756836*\/<\/script><\/p>\n<\/div>","protected":false},"excerpt":{"rendered":"<p>[vc_row full_width=\u00bbstretch_row_content_no_spaces\u00bb equal_height=\u00bbyes\u00bb css=\u00bb.vc_custom_1499679693574{margin-top: -40px !important;margin-bottom: 10vh !important;border-top-width: 1px !important;border-top-color: #efefef !important;border-top-style: solid !important;}\u00bb][vc_column css=\u00bb.vc_custom_1497520246521{padding-top: 0px !important;}\u00bb offset=\u00bbvc_col-lg-6 vc_col-md-12 vc_col-xs-12&#8243;][\/vc_column][vc_column<\/p>\n","protected":false},"author":2,"featured_media":0,"parent":0,"menu_order":0,"comment_status":"closed","ping_status":"closed","template":"","meta":{"footnotes":""},"class_list":["post-850","page","type-page","status-publish","hentry"],"_links":{"self":[{"href":"https:\/\/novatronicec.com\/index.php\/wp-json\/wp\/v2\/pages\/850","targetHints":{"allow":["GET"]}}],"collection":[{"href":"https:\/\/novatronicec.com\/index.php\/wp-json\/wp\/v2\/pages"}],"about":[{"href":"https:\/\/novatronicec.com\/index.php\/wp-json\/wp\/v2\/types\/page"}],"author":[{"embeddable":true,"href":"https:\/\/novatronicec.com\/index.php\/wp-json\/wp\/v2\/users\/2"}],"replies":[{"embeddable":true,"href":"https:\/\/novatronicec.com\/index.php\/wp-json\/wp\/v2\/comments?post=850"}],"version-history":[{"count":0,"href":"https:\/\/novatronicec.com\/index.php\/wp-json\/wp\/v2\/pages\/850\/revisions"}],"wp:attachment":[{"href":"https:\/\/novatronicec.com\/index.php\/wp-json\/wp\/v2\/media?parent=850"}],"curies":[{"name":"wp","href":"https:\/\/api.w.org\/{rel}","templated":true}]}}