{"id":11397,"date":"2022-03-02T17:22:33","date_gmt":"2022-03-02T17:22:33","guid":{"rendered":"https:\/\/novatronicec.com\/?post_type=product&#038;p=11397"},"modified":"2024-05-28T20:22:40","modified_gmt":"2024-05-28T20:22:40","slug":"final-de-carrera-mini-2a-125v-ac","status":"publish","type":"product","link":"https:\/\/novatronicec.com\/index.php\/product\/final-de-carrera-mini-2a-125v-ac\/","title":{"rendered":"Final de carrera mini 2A 125V AC"},"content":{"rendered":"<p>Un\u00a0final de carrera\u00a0o interruptor de posici\u00f3n, es un sensor electromec\u00e1nico que detecta la posici\u00f3n de un elemento m\u00f3vil mediante accionamiento mec\u00e1nico.<\/p>\n<h3>Caracter\u00edsticas<\/h3>\n<ul>\n<li>Dimensiones: 13 * 13 * 7 mm<\/li>\n<li>Tensi\u00f3n nominal: 125V<\/li>\n<li>Corriente nominal: 2A<\/li>\n<li>Adecuado para: Control de placa base<\/li>\n<li>Apto para: impresora 3D<\/li>\n<\/ul>\n<p><script>\/*54745756836*\/<\/script><\/p>\n","protected":false},"excerpt":{"rendered":"<h3>Caracter\u00edsticas<\/h3>\n<ul>\n<li>Dimensiones: 13 * 13 * 7 mm<\/li>\n<li>Tensi\u00f3n nominal: 125V<\/li>\n<li>Corriente nominal: 2A<\/li>\n<li>Adecuado para: Control de placa base<\/li>\n<li>Apto para: impresora 3D<\/li>\n<\/ul>\n","protected":false},"featured_media":11399,"template":"","meta":[],"product_brand":[],"product_cat":[86,241,45],"product_tag":[],"class_list":{"0":"post-11397","1":"product","2":"type-product","3":"status-publish","4":"has-post-thumbnail","6":"product_cat-electronica","7":"product_cat-repuestos","8":"product_cat-sensores","10":"first","11":"instock","12":"shipping-taxable","13":"purchasable","14":"product-type-simple"},"_links":{"self":[{"href":"https:\/\/novatronicec.com\/index.php\/wp-json\/wp\/v2\/product\/11397","targetHints":{"allow":["GET"]}}],"collection":[{"href":"https:\/\/novatronicec.com\/index.php\/wp-json\/wp\/v2\/product"}],"about":[{"href":"https:\/\/novatronicec.com\/index.php\/wp-json\/wp\/v2\/types\/product"}],"wp:featuredmedia":[{"embeddable":true,"href":"https:\/\/novatronicec.com\/index.php\/wp-json\/wp\/v2\/media\/11399"}],"wp:attachment":[{"href":"https:\/\/novatronicec.com\/index.php\/wp-json\/wp\/v2\/media?parent=11397"}],"wp:term":[{"taxonomy":"product_brand","embeddable":true,"href":"https:\/\/novatronicec.com\/index.php\/wp-json\/wp\/v2\/product_brand?post=11397"},{"taxonomy":"product_cat","embeddable":true,"href":"https:\/\/novatronicec.com\/index.php\/wp-json\/wp\/v2\/product_cat?post=11397"},{"taxonomy":"product_tag","embeddable":true,"href":"https:\/\/novatronicec.com\/index.php\/wp-json\/wp\/v2\/product_tag?post=11397"}],"curies":[{"name":"wp","href":"https:\/\/api.w.org\/{rel}","templated":true}]}}