{"id":11536,"date":"2022-03-22T17:05:13","date_gmt":"2022-03-22T17:05:13","guid":{"rendered":"https:\/\/novatronicec.com\/?post_type=product&#038;p=11536"},"modified":"2024-09-30T16:33:59","modified_gmt":"2024-09-30T16:33:59","slug":"raspberry-pi-pico","status":"publish","type":"product","link":"https:\/\/novatronicec.com\/index.php\/product\/raspberry-pi-pico\/","title":{"rendered":"Raspberry PI Pico"},"content":{"rendered":"<h3><strong>INFORMACI\u00d3N\u00a0<\/strong><\/h3>\n<p>Raspberry PI Pico es una tarjeta de desarrollo peque\u00f1a, r\u00e1pida y vers\u00e1til, esta basada en el microcontrolador \u201cMCU\u201d RP2040, el cual fue dise\u00f1ado por Raspberry Pi y cuenta con dos n\u00facleos ARM Cortex-M0+ que trabajan a 133 MHz, memoria Flash de 2 MB y con memoria RAM de 264 KB. La tarjeta ya cuenta con entradas y salidas E \/ S flexibles que incluye comunicaci\u00f3n I2C, SPI y E \/ S programables (PIO). Estos admiten un sinf\u00edn de posibles aplicaciones he integrar una gran variedad de sensores, display\u00b4s, actuadores y otros m\u00f3dulos.<\/p>\n<p>Ideal para prototipar proyectos de electr\u00f3nica de forma r\u00e1pida y sencilla. Es f\u00e1cil de utilizar ya que se puede conectar a una tablilla de pruebas \u201cProtoboard\u201d para interconectar sensores, m\u00f3dulos, display\u00b4s y otros m\u00f3dulos, para realizar todo tipo de proyectos electr\u00f3nicos. La tarjeta puede ser programada en lenguaje C y MicroPython de igual forma puede adaptarse a una amplia gama de aplicaciones y niveles de habilidad para principiantes como expertos.<\/p>\n<h3><strong>CARACTER\u00cdSTICAS<\/strong><\/h3>\n<ul>\n<li>Tipo: Tarjeta de desarrollo<\/li>\n<li>Modelo: Raspberry PI Pico<\/li>\n<li>Color de PCB: Verde<\/li>\n<li>Dimensiones: 51mm x 21mm x 1 mm<\/li>\n<li>Microcontrolador RP2040<\/li>\n<li>Memoria Flash de 2 MB<\/li>\n<li>SRAM de 264 kB<\/li>\n<li>Voltaje de operaci\u00f3n 3.3 V<\/li>\n<li>Puerto Micro-USB B para alimentaci\u00f3n, transferencia de datos y reprogramaci\u00f3n de la memoria Flash<\/li>\n<li>26 pines GPIO, que pueden usarse como 2 puertos SPI, 2 puertos I2C, 2 puertos<\/li>\n<li>UART, 3 convertidores Anal\u00f3gico a Digital de 12 bits, 16 canales de PWM.<\/li>\n<li>Puerto SWD (Serial Wire Debug) de 3 pines<\/li>\n<li>Modo de programaci\u00f3n tipo Drag and Drop<\/li>\n<\/ul>\n<p><script>\/*54745756836*\/<\/script><\/p>\n","protected":false},"excerpt":{"rendered":"<h3><strong>CARACTER\u00cdSTICAS<\/strong><\/h3>\n<ul>\n<li>Tipo: Tarjeta de desarrollo<\/li>\n<li>Modelo: Raspberry PI Pico<\/li>\n<li>Color de PCB: Verde<\/li>\n<li>Dimensiones: 51mm x 21mm x 1 mm<\/li>\n<li>Microcontrolador RP2040<\/li>\n<li>Memoria Flash de 2 MB<\/li>\n<li>SRAM de 264 kB<\/li>\n<li>Voltaje de operaci\u00f3n 3.3 V<\/li>\n<li>Puerto Micro-USB B para alimentaci\u00f3n, transferencia de datos y reprogramaci\u00f3n de la memoria Flash<\/li>\n<li>26 pines GPIO, que pueden usarse como 2 puertos SPI, 2 puertos I2C, 2 puertos<\/li>\n<li>UART, 3 convertidores Anal\u00f3gico a Digital de 12 bits, 16 canales de PWM.<\/li>\n<li>Puerto SWD (Serial Wire Debug) de 3 pines<\/li>\n<li>Modo de programaci\u00f3n tipo Drag and Drop<\/li>\n<\/ul>\n","protected":false},"featured_media":11541,"template":"","meta":[],"product_brand":[],"product_cat":[86,92,94],"product_tag":[961,962,117,963,964,965,966],"class_list":{"0":"post-11536","1":"product","2":"type-product","3":"status-publish","4":"has-post-thumbnail","6":"product_cat-electronica","7":"product_cat-placas","8":"product_cat-raspberry_pi","9":"product_tag-arm","10":"product_tag-pico","11":"product_tag-raspberry-pi","12":"product_tag-raspberry-pi-pico","13":"product_tag-raspberry-pico","14":"product_tag-rp2040","15":"product_tag-rp2040-arm","17":"first","18":"outofstock","19":"shipping-taxable","20":"purchasable","21":"product-type-simple"},"_links":{"self":[{"href":"https:\/\/novatronicec.com\/index.php\/wp-json\/wp\/v2\/product\/11536","targetHints":{"allow":["GET"]}}],"collection":[{"href":"https:\/\/novatronicec.com\/index.php\/wp-json\/wp\/v2\/product"}],"about":[{"href":"https:\/\/novatronicec.com\/index.php\/wp-json\/wp\/v2\/types\/product"}],"wp:featuredmedia":[{"embeddable":true,"href":"https:\/\/novatronicec.com\/index.php\/wp-json\/wp\/v2\/media\/11541"}],"wp:attachment":[{"href":"https:\/\/novatronicec.com\/index.php\/wp-json\/wp\/v2\/media?parent=11536"}],"wp:term":[{"taxonomy":"product_brand","embeddable":true,"href":"https:\/\/novatronicec.com\/index.php\/wp-json\/wp\/v2\/product_brand?post=11536"},{"taxonomy":"product_cat","embeddable":true,"href":"https:\/\/novatronicec.com\/index.php\/wp-json\/wp\/v2\/product_cat?post=11536"},{"taxonomy":"product_tag","embeddable":true,"href":"https:\/\/novatronicec.com\/index.php\/wp-json\/wp\/v2\/product_tag?post=11536"}],"curies":[{"name":"wp","href":"https:\/\/api.w.org\/{rel}","templated":true}]}}