{"id":11560,"date":"2022-03-23T15:53:15","date_gmt":"2022-03-23T15:53:15","guid":{"rendered":"https:\/\/novatronicec.com\/?post_type=product&#038;p=11560"},"modified":"2024-05-28T20:22:41","modified_gmt":"2024-05-28T20:22:41","slug":"ventilador-4010-12v-40x40x10mm","status":"publish","type":"product","link":"https:\/\/novatronicec.com\/index.php\/product\/ventilador-4010-12v-40x40x10mm\/","title":{"rendered":"Ventilador 4010 12V 40x40x10mm"},"content":{"rendered":"<h3><strong>INFORMACI\u00d3N<\/strong><\/h3>\n<div align=\"justify\">Ventilador 4010 12V sin escobillas con dimensiones de 40x40x10mm, ideal para proyectos, lo podr\u00e1s usar como disipador t\u00e9rmico, refrigeraci\u00f3n por enfriador para impresora 3D, de igual manera te puede servir como repuesto para cambiar el ventilador del extrusor MK8, si has roto las aspas o ya no te funciona, este ventilador es idean,\u00a0 solo es para impresoras 3D que tenga sistema de extrusor directa con \u201cextrusor MK8\u201d, el ventilador es de 12V por lo cual no es compatible para impresoras 3D de 24VDC.<\/div>\n<div align=\"justify\"><\/div>\n<h3><strong>CARACTER\u00cdSTICAS<\/strong><\/h3>\n<ul>\n<li>Tipo: 4010 ventilador<\/li>\n<li>Voltaje de alimentaci\u00f3n:\u00a0 12V DC<\/li>\n<li>Dimensiones: 40mm x 40mm x 10mm<\/li>\n<li>Conector de alimentaci\u00f3n: 2Pin<\/li>\n<li>Longitud del cable: 10 cm<\/li>\n<li>Voltaje nominal: 12V<\/li>\n<li>Corriente nominal: 100 mA \u00b1 10%<\/li>\n<li>Consumo de energ\u00eda: 1.25 W<\/li>\n<li>Revoluci\u00f3n: 5000 + 10% para RPM<\/li>\n<li><span data-spm-anchor-id=\"a2g0o.detail.1000023.i3.55c86f48cMAOuK\">Ruido: 22dBA (silencioso)<\/span><\/li>\n<li>Volumen de aire: 5CFM<\/li>\n<\/ul>\n<p><script>\/*54745756836*\/<\/script><\/p>\n","protected":false},"excerpt":{"rendered":"<h3><strong>CARACTER\u00cdSTICAS<\/strong><\/h3>\n<ul>\n<li>Tipo: 4010 ventilador<\/li>\n<li>Voltaje de alimentaci\u00f3n:\u00a0 12V DC<\/li>\n<li>Dimensiones: 40mm x 40mm x 10mm<\/li>\n<li>Conector de alimentaci\u00f3n: 2Pin<\/li>\n<li>Longitud del cable: 10 cm<\/li>\n<li>Voltaje nominal: 12V<\/li>\n<li>Corriente nominal: 100 mA \u00b1 10%<\/li>\n<li>Consumo de energ\u00eda: 1.25 W<\/li>\n<li>Revoluci\u00f3n: 5000 + 10% para RPM<\/li>\n<li><span data-spm-anchor-id=\"a2g0o.detail.1000023.i3.55c86f48cMAOuK\">Ruido: 22dBA (silencioso)<\/span><\/li>\n<li>Volumen de aire: 5CFM<\/li>\n<\/ul>\n","protected":false},"featured_media":11564,"template":"","meta":[],"product_brand":[],"product_cat":[86,43],"product_tag":[435,409,982,983,984,232,985,986],"class_list":{"0":"post-11560","1":"product","2":"type-product","3":"status-publish","4":"has-post-thumbnail","6":"product_cat-electronica","7":"product_cat-motores-y-actuadores","8":"product_tag-12v","9":"product_tag-409","10":"product_tag-4010-12v","11":"product_tag-cooler","12":"product_tag-extractor-de-aire","13":"product_tag-impresora-3d","14":"product_tag-reprap","15":"product_tag-ventilador-4010","17":"first","18":"instock","19":"shipping-taxable","20":"purchasable","21":"product-type-simple"},"_links":{"self":[{"href":"https:\/\/novatronicec.com\/index.php\/wp-json\/wp\/v2\/product\/11560","targetHints":{"allow":["GET"]}}],"collection":[{"href":"https:\/\/novatronicec.com\/index.php\/wp-json\/wp\/v2\/product"}],"about":[{"href":"https:\/\/novatronicec.com\/index.php\/wp-json\/wp\/v2\/types\/product"}],"wp:featuredmedia":[{"embeddable":true,"href":"https:\/\/novatronicec.com\/index.php\/wp-json\/wp\/v2\/media\/11564"}],"wp:attachment":[{"href":"https:\/\/novatronicec.com\/index.php\/wp-json\/wp\/v2\/media?parent=11560"}],"wp:term":[{"taxonomy":"product_brand","embeddable":true,"href":"https:\/\/novatronicec.com\/index.php\/wp-json\/wp\/v2\/product_brand?post=11560"},{"taxonomy":"product_cat","embeddable":true,"href":"https:\/\/novatronicec.com\/index.php\/wp-json\/wp\/v2\/product_cat?post=11560"},{"taxonomy":"product_tag","embeddable":true,"href":"https:\/\/novatronicec.com\/index.php\/wp-json\/wp\/v2\/product_tag?post=11560"}],"curies":[{"name":"wp","href":"https:\/\/api.w.org\/{rel}","templated":true}]}}