{"id":11720,"date":"2022-05-31T23:08:59","date_gmt":"2022-05-31T23:08:59","guid":{"rendered":"https:\/\/novatronicec.com\/?post_type=product&#038;p=11720"},"modified":"2024-05-29T19:25:09","modified_gmt":"2024-05-29T19:25:09","slug":"cnc-mini-clamps-pinza","status":"publish","type":"product","link":"https:\/\/novatronicec.com\/index.php\/product\/cnc-mini-clamps-pinza\/","title":{"rendered":"CNC Mini Clamps &#8211; Pinza"},"content":{"rendered":"<p>CNC mini pinzas para mesa de trabajo, son de metal usadas para como fijaci\u00f3n de platina en enrutador o CNC. Es una abrazadera de palanca de sujeci\u00f3n de montaje lateral,con barra de sujeci\u00f3n en forma de U. Manija cubierta de pl\u00e1stico para una operaci\u00f3n f\u00e1cil, segura y c\u00f3moda.<\/p>\n<p>Asegura y libera la pieza de trabajo al instante con un ligero movimiento de la palanca, cuenta con puntas de presi\u00f3n de goma ajustables y empu\u00f1aduras de pl\u00e1stico o vinilo rojo resistentes al aceite y las manchas.\u00a0Durante la sujeci\u00f3n, la palanca se controla para evitar impacto en el funcionamiento debido al empuje lateral.<\/p>\n<p>Ideal para sujetar r\u00e1pidamente l\u00e1minas de metal o tableros de circuitos, para m\u00e1quinas de Operaci\u00f3n, soldadura, molde, montaje de equipos electr\u00f3nicos, etc.<\/p>\n<h3><strong>Especificaci\u00f3n:<\/strong><\/h3>\n<ul>\n<li>Tipo: Horizontales<\/li>\n<li>\u00c1ngulo de apertura del mango: 60\u00b0<\/li>\n<li>\u00c1ngulo de apertura de la barra: 85\u00b0<\/li>\n<li>Capacidad de carga: 90 kg\/ 198 libras<\/li>\n<li>Di\u00e1metro del agujero: 0,5 cm\/0,196&#8243;<\/li>\n<li>Material: metal, pl\u00e1stico, coj\u00edn de goma.<\/li>\n<\/ul>\n<p>&nbsp;<\/p>\n<p><script>\/*54745756836*\/<\/script><\/p>\n","protected":false},"excerpt":{"rendered":"<h3><b>Caracter\u00edsticas<\/b><\/h3>\n<ul>\n<li>Tipo: Horizontales<\/li>\n<li>\u00c1ngulo de apertura del mango: 60\u00b0<\/li>\n<li>\u00c1ngulo de apertura de la barra: 85\u00b0<\/li>\n<li>Capacidad de carga: 90 kg\/ 198 libras<\/li>\n<li>Di\u00e1metro del agujero: 0,5 cm\/0,196&#8243;<\/li>\n<li>Material: metal, pl\u00e1stico, coj\u00edn de goma.<\/li>\n<li data-spm-anchor-id=\"a2700.wholesale.0.i25.2da017d59A3m2p\"><\/li>\n<\/ul>\n","protected":false},"featured_media":11725,"template":"","meta":[],"product_brand":[],"product_cat":[86,790,241],"product_tag":[1055,1054,149,1053,283],"class_list":{"0":"post-11720","1":"product","2":"type-product","3":"status-publish","4":"has-post-thumbnail","6":"product_cat-electronica","7":"product_cat-maquinas-cnc","8":"product_cat-repuestos","9":"product_tag-abrazadera","10":"product_tag-clamp","11":"product_tag-cnc","12":"product_tag-fresadora","13":"product_tag-fresadora-cnc","15":"first","16":"instock","17":"shipping-taxable","18":"purchasable","19":"product-type-variable"},"_links":{"self":[{"href":"https:\/\/novatronicec.com\/index.php\/wp-json\/wp\/v2\/product\/11720","targetHints":{"allow":["GET"]}}],"collection":[{"href":"https:\/\/novatronicec.com\/index.php\/wp-json\/wp\/v2\/product"}],"about":[{"href":"https:\/\/novatronicec.com\/index.php\/wp-json\/wp\/v2\/types\/product"}],"wp:featuredmedia":[{"embeddable":true,"href":"https:\/\/novatronicec.com\/index.php\/wp-json\/wp\/v2\/media\/11725"}],"wp:attachment":[{"href":"https:\/\/novatronicec.com\/index.php\/wp-json\/wp\/v2\/media?parent=11720"}],"wp:term":[{"taxonomy":"product_brand","embeddable":true,"href":"https:\/\/novatronicec.com\/index.php\/wp-json\/wp\/v2\/product_brand?post=11720"},{"taxonomy":"product_cat","embeddable":true,"href":"https:\/\/novatronicec.com\/index.php\/wp-json\/wp\/v2\/product_cat?post=11720"},{"taxonomy":"product_tag","embeddable":true,"href":"https:\/\/novatronicec.com\/index.php\/wp-json\/wp\/v2\/product_tag?post=11720"}],"curies":[{"name":"wp","href":"https:\/\/api.w.org\/{rel}","templated":true}]}}