{"id":12125,"date":"2022-09-30T21:27:52","date_gmt":"2022-09-30T21:27:52","guid":{"rendered":"https:\/\/novatronicec.com\/?post_type=product&#038;p=12125"},"modified":"2024-05-28T20:22:46","modified_gmt":"2024-05-28T20:22:46","slug":"portapilas-18650-varios-modelos-copia","status":"publish","type":"product","link":"https:\/\/novatronicec.com\/index.php\/product\/portapilas-18650-varios-modelos-copia\/","title":{"rendered":"Portapilas CR2025 CR2032"},"content":{"rendered":"<p>Un portapilas es el dispositivo contenedor de pilas y <b>bater\u00edas<\/b>, generalmente pl\u00e1stico, el cual resguarda a la pila o <b>bater\u00eda<\/b> y permite una conexi\u00f3n segura y prolija.<\/p>\n<p>Este modelo esta dise\u00f1ado para PCB, soporta pilas de bot\u00f3n de 20mm redondas CR2025 y CR2032<script>\/*54745756836*\/<\/script><\/p>\n","protected":false},"excerpt":{"rendered":"<p>Un portapilas es el dispositivo contenedor de pilas y bater\u00edas, generalmente pl\u00e1stico, el cual resguarda a la pila o bater\u00eda<\/p>\n","protected":false},"featured_media":10367,"template":"","meta":[],"product_brand":[],"product_cat":[86],"product_tag":[749,1103,132,1104,1105,1107,1108,750,1106],"class_list":{"0":"post-12125","1":"product","2":"type-product","3":"status-publish","4":"has-post-thumbnail","6":"product_cat-electronica","7":"product_tag-aa","8":"product_tag-aaa","9":"product_tag-baterias","10":"product_tag-cr2025","11":"product_tag-cr2032","12":"product_tag-pila","13":"product_tag-pilas","14":"product_tag-portapila","15":"product_tag-portapilas","17":"first","18":"instock","19":"shipping-taxable","20":"purchasable","21":"product-type-simple"},"_links":{"self":[{"href":"https:\/\/novatronicec.com\/index.php\/wp-json\/wp\/v2\/product\/12125","targetHints":{"allow":["GET"]}}],"collection":[{"href":"https:\/\/novatronicec.com\/index.php\/wp-json\/wp\/v2\/product"}],"about":[{"href":"https:\/\/novatronicec.com\/index.php\/wp-json\/wp\/v2\/types\/product"}],"wp:featuredmedia":[{"embeddable":true,"href":"https:\/\/novatronicec.com\/index.php\/wp-json\/wp\/v2\/media\/10367"}],"wp:attachment":[{"href":"https:\/\/novatronicec.com\/index.php\/wp-json\/wp\/v2\/media?parent=12125"}],"wp:term":[{"taxonomy":"product_brand","embeddable":true,"href":"https:\/\/novatronicec.com\/index.php\/wp-json\/wp\/v2\/product_brand?post=12125"},{"taxonomy":"product_cat","embeddable":true,"href":"https:\/\/novatronicec.com\/index.php\/wp-json\/wp\/v2\/product_cat?post=12125"},{"taxonomy":"product_tag","embeddable":true,"href":"https:\/\/novatronicec.com\/index.php\/wp-json\/wp\/v2\/product_tag?post=12125"}],"curies":[{"name":"wp","href":"https:\/\/api.w.org\/{rel}","templated":true}]}}