{"id":12261,"date":"2022-10-29T19:53:37","date_gmt":"2022-10-29T19:53:37","guid":{"rendered":"https:\/\/novatronicec.com\/?post_type=product&#038;p=12261"},"modified":"2024-05-28T20:22:47","modified_gmt":"2024-05-28T20:22:47","slug":"rele-de-5v-smi-05vdc-sl-2c-8-pines","status":"publish","type":"product","link":"https:\/\/novatronicec.com\/index.php\/product\/rele-de-5v-smi-05vdc-sl-2c-8-pines\/","title":{"rendered":"Rel\u00e9 de 5V SMI-05VDC-SL-2C 8 Pines"},"content":{"rendered":"<p>Rel\u00e9 de calidad con interruptor conmutado. La bobina interna soporta hasta 5V y puede conmutar desde 5V por lo que es ideal para utilizar en circuitos con microcontroladores como Arduino. Conmuta hasta 10A a 220VAC. Los pines permiten conectarlo a una placa de prototipo.<\/p>\n<p>Cuenta con 8 pines. Un rel\u00e9 es un interruptor controlado el\u00e9ctricamente a trav\u00e9s de un circuito. Est\u00e1 compuesto por un una bobina, un electroim\u00e1n y uno o varios contactos. Su funcionamiento es sencillo: al pasar corriente por la bobina se crea un campo magn\u00e9tico en el electroim\u00e1n. El electroim\u00e1n se activa, y es el encargado de realizar la conmutaci\u00f3n de los contactos de forma mec\u00e1nica, pero eso al activarse un rel\u00e9 y conmutar los contactos se escucha un peque\u00f1o golpe en el interior del rel\u00e9. Los rel\u00e9s, en definitiva, permiten desarrollar una conmutaci\u00f3n a distancia, controlando grandes cargas con una tensi\u00f3n de mando muy baja o aislar el\u00e9ctricamente nuestros circuitos para que no sufran da\u00f1os por sobretensiones.<\/p>\n<h3>Caracter\u00edsticas<\/h3>\n<ul>\n<li>Rel\u00e9 electromec\u00e1nico con bobina de 5 V<\/li>\n<li>Contactos dobles NA y NC de 10A\/250VAC, 10A\/30VDC<\/li>\n<li>8 pines de conexi\u00f3n<\/li>\n<li>Resistencia de la bobina: 70 \u03a9 aprox.<\/li>\n<li>Temperatura de funcionamiento: -40\u00baC a 80\u00baC.<\/li>\n<li>Vida mec\u00e1nica: 10.000.000 maniobras.<\/li>\n<\/ul>\n<h3>Descargas<\/h3>\n<ul>\n<li><a href=\"https:\/\/cdn.electronilab.co\/wp-content\/uploads\/2019\/02\/SRD-Series_Songle-Relay.pdf\" target=\"_blank\" rel=\"noopener noreferrer\">Datasheet<\/a><\/li>\n<\/ul>\n<p><script>\/*54745756836*\/<\/script><\/p>\n","protected":false},"excerpt":{"rendered":"<h3>Caracter\u00edsticas<\/h3>\n<ul>\n<li>Rel\u00e9 electromec\u00e1nico con bobina de 5 V<\/li>\n<li>Contactos NA y NC de 10A\/250VAC, 10A\/30VDC<\/li>\n<li>5 pines de conexi\u00f3n<\/li>\n<li>Resistencia de la bobina: 70 \u03a9 aprox.<\/li>\n<li>Expectativa de vida: 100.000 accionamientos<\/li>\n<li>Dimensiones: 19\u00d715.5\u00d715.3 mm aprox.<\/li>\n<\/ul>\n","protected":false},"featured_media":12262,"template":"","meta":[],"product_brand":[],"product_cat":[86],"product_tag":[494,104,314],"class_list":{"0":"post-12261","1":"product","2":"type-product","3":"status-publish","4":"has-post-thumbnail","6":"product_cat-electronica","7":"product_tag-5v","8":"product_tag-electronica","9":"product_tag-rele","11":"first","12":"instock","13":"shipping-taxable","14":"purchasable","15":"product-type-simple"},"_links":{"self":[{"href":"https:\/\/novatronicec.com\/index.php\/wp-json\/wp\/v2\/product\/12261","targetHints":{"allow":["GET"]}}],"collection":[{"href":"https:\/\/novatronicec.com\/index.php\/wp-json\/wp\/v2\/product"}],"about":[{"href":"https:\/\/novatronicec.com\/index.php\/wp-json\/wp\/v2\/types\/product"}],"wp:featuredmedia":[{"embeddable":true,"href":"https:\/\/novatronicec.com\/index.php\/wp-json\/wp\/v2\/media\/12262"}],"wp:attachment":[{"href":"https:\/\/novatronicec.com\/index.php\/wp-json\/wp\/v2\/media?parent=12261"}],"wp:term":[{"taxonomy":"product_brand","embeddable":true,"href":"https:\/\/novatronicec.com\/index.php\/wp-json\/wp\/v2\/product_brand?post=12261"},{"taxonomy":"product_cat","embeddable":true,"href":"https:\/\/novatronicec.com\/index.php\/wp-json\/wp\/v2\/product_cat?post=12261"},{"taxonomy":"product_tag","embeddable":true,"href":"https:\/\/novatronicec.com\/index.php\/wp-json\/wp\/v2\/product_tag?post=12261"}],"curies":[{"name":"wp","href":"https:\/\/api.w.org\/{rel}","templated":true}]}}