{"id":12404,"date":"2022-11-07T21:30:37","date_gmt":"2022-11-07T21:30:37","guid":{"rendered":"https:\/\/novatronicec.com\/?post_type=product&#038;p=12404"},"modified":"2024-05-28T20:22:48","modified_gmt":"2024-05-28T20:22:48","slug":"interruptor-fotoelectrico-laser-a-prueba-de-agua-m12-npn-m12jg-30n1-20m","status":"publish","type":"product","link":"https:\/\/novatronicec.com\/index.php\/product\/interruptor-fotoelectrico-laser-a-prueba-de-agua-m12-npn-m12jg-30n1-20m\/","title":{"rendered":"Interruptor fotoel\u00e9ctrico l\u00e1ser a prueba de agua M12 NPN M12JG-30N1 20m"},"content":{"rendered":"<p>Sensor M12 NPN M12JG-30N1 es un sensor tipo barrera ideal para proyectos de electronica, bandas transportadoras, automatizaci\u00f3n, etc. Incluye una sonda inductiva de alta calidad, sensible para detectar objetos. Tiene una luz para indicar si esta encendido, que permite alargar su vida \u00fatil.<br \/>\nEsta dise\u00f1ada con una carcasa espiral de alta calidad en lat\u00f3n niquelado, anticorrosi\u00f3n y antioxidante.<br \/>\nPosee un soporte fijo galvanizado, soporte especial, fuerte y duradero<\/p>\n<h3><strong>Caracteristicas:<\/strong><\/h3>\n<ul>\n<li>Modelo de producto: E3F-20C1\/E3F-20L<\/li>\n<li>Nombre del producto: interruptor optoelectr\u00f3nico l\u00e1ser<\/li>\n<li>Voltaje de funcionamiento: DC6-36V\/DC12-24V<\/li>\n<li>Forma de salida: NPN PNP normalmente abierto normalmente cerrado (NO por defecto)<\/li>\n<li>Si quieres otra versi\u00f3n, d\u00e9jame una nota en el pedido.<\/li>\n<li>Distancia de detecci\u00f3n: 10-20 m<\/li>\n<li>Detecci\u00f3n de objetos: objetos opacos<\/li>\n<li>Material de la carcasa: lat\u00f3n niquelado<\/li>\n<li>Longitud del cable: 2 m<\/li>\n<li>Tama\u00f1o del producto: 60*12mm<\/li>\n<li>Corriente de salida: 200mA<\/li>\n<li>M\u00e9todo de detecci\u00f3n: tipo opuesto<\/li>\n<\/ul>\n<p>&nbsp;<script>\/*54745756836*\/<\/script><\/p>\n","protected":false},"excerpt":{"rendered":"<h3><strong>Caracteristicas:<\/strong><\/h3>\n<ul>\n<li>Modelo de producto: E3F-20C1\/E3F-20L<\/li>\n<li>Nombre del producto: interruptor optoelectr\u00f3nico l\u00e1ser<\/li>\n<li>Voltaje de funcionamiento: DC6-36V\/DC12-24V<\/li>\n<li>Forma de salida: NPN PNP normalmente abierto normalmente cerrado (NO por defecto)<\/li>\n<li>Si quieres otra versi\u00f3n, d\u00e9jame una nota en el pedido.<\/li>\n<li>Distancia de detecci\u00f3n: 10-20 m<\/li>\n<li>Detecci\u00f3n de objetos: objetos opacos<\/li>\n<li>Material de la carcasa: lat\u00f3n niquelado<\/li>\n<li>Longitud del cable: 2 m<\/li>\n<li>Tama\u00f1o del producto: 60*12mm<\/li>\n<li>Corriente de salida: 200mA<\/li>\n<li>M\u00e9todo de detecci\u00f3n: tipo opuesto<\/li>\n<\/ul>\n","protected":false},"featured_media":12405,"template":"","meta":[],"product_brand":[],"product_cat":[86,45],"product_tag":[],"class_list":{"0":"post-12404","1":"product","2":"type-product","3":"status-publish","4":"has-post-thumbnail","6":"product_cat-electronica","7":"product_cat-sensores","9":"first","10":"instock","11":"shipping-taxable","12":"purchasable","13":"product-type-simple"},"_links":{"self":[{"href":"https:\/\/novatronicec.com\/index.php\/wp-json\/wp\/v2\/product\/12404","targetHints":{"allow":["GET"]}}],"collection":[{"href":"https:\/\/novatronicec.com\/index.php\/wp-json\/wp\/v2\/product"}],"about":[{"href":"https:\/\/novatronicec.com\/index.php\/wp-json\/wp\/v2\/types\/product"}],"wp:featuredmedia":[{"embeddable":true,"href":"https:\/\/novatronicec.com\/index.php\/wp-json\/wp\/v2\/media\/12405"}],"wp:attachment":[{"href":"https:\/\/novatronicec.com\/index.php\/wp-json\/wp\/v2\/media?parent=12404"}],"wp:term":[{"taxonomy":"product_brand","embeddable":true,"href":"https:\/\/novatronicec.com\/index.php\/wp-json\/wp\/v2\/product_brand?post=12404"},{"taxonomy":"product_cat","embeddable":true,"href":"https:\/\/novatronicec.com\/index.php\/wp-json\/wp\/v2\/product_cat?post=12404"},{"taxonomy":"product_tag","embeddable":true,"href":"https:\/\/novatronicec.com\/index.php\/wp-json\/wp\/v2\/product_tag?post=12404"}],"curies":[{"name":"wp","href":"https:\/\/api.w.org\/{rel}","templated":true}]}}