{"id":12468,"date":"2022-11-11T16:26:48","date_gmt":"2022-11-11T16:26:48","guid":{"rendered":"https:\/\/novatronicec.com\/?post_type=product&#038;p=12468"},"modified":"2024-05-30T15:08:37","modified_gmt":"2024-05-30T15:08:37","slug":"12468","status":"publish","type":"product","link":"https:\/\/novatronicec.com\/index.php\/product\/12468\/","title":{"rendered":"Tester multicomponente LCR-T4 12864LCD"},"content":{"rendered":"<ul class=\"a-unordered-list a-vertical a-spacing-none\">\n<li><span class=\"a-list-item\">\u00daltima versi\u00f3n M328 del software, m\u00e1s funciones. Chip: Atmega328<\/span><\/li>\n<li><span class=\"a-list-item\">Pantalla LCD retroiluminada grande de 128 * 64, solo 2 mA cuando est\u00e1 en espera<\/span><\/li>\n<li><span class=\"a-list-item\">Rangos de prueba: inductores, condensadores, diodos, diodos duales, mos, transistores, SCR, regulador, tubo LED, ESR, resistencia, potenci\u00f3metro ajustable<\/span><\/li>\n<li><span class=\"a-list-item\">Puede detectar el transistor, el coeficiente de amplificaci\u00f3n del diodo de protecci\u00f3n MOSFET y la base para determinar el voltaje de polarizaci\u00f3n directa del transistor del emisor<\/span><\/li>\n<li><span class=\"a-list-item\">Mida la puerta y la capacitancia de la puerta del voltaje umbral MOSFET<\/span><\/li>\n<li><span class=\"a-list-item\">2013 \u00faltima versi\u00f3n M328 del software, m\u00e1s funciones. Chip: Atmega328\u00a0<\/span><\/li>\n<li><span class=\"a-list-item\">Pantalla LCD retroiluminada grande de 128 x 64, solo 2 mA en espera.\u00a0<\/span><\/li>\n<li><span class=\"a-list-item\">Uso de bater\u00eda de 9V (no incluida)\u00a0<\/span><\/li>\n<\/ul>\n<h3><span class=\"a-list-item\"><br \/>\n<strong>Rangos de prueba:\u00a0<\/strong><\/span><\/h3>\n<ul>\n<li><span class=\"a-list-item\">Inductores, condensadores, diodos, diodos duales, mos, transistores, SCR, el regulador, tubo LED, ESR,\u00a0<\/span><\/li>\n<li><span class=\"a-list-item\">Resistencia, potenci\u00f3metro ajustable\u00a0<\/span><\/li>\n<li><span class=\"a-list-item\">Resistencia: resoluci\u00f3n de 0,1 ohmios, m\u00e1ximo 50M ohmios\u00a0<\/span><\/li>\n<li><span class=\"a-list-item\">Condensador: 25pf -100.000 uf\u00a0<\/span><\/li>\n<li><span class=\"a-list-item\">Inductores: 0.01mh-20H\u00a0<\/span><\/li>\n<\/ul>\n<h3><span class=\"a-list-item\"><strong>Funci\u00f3n:\u00a0<\/strong><br \/>\n<\/span><\/h3>\n<ul>\n<li><span class=\"a-list-item\">Detecci\u00f3n autom\u00e1tica de transistores NPN y PNP, MOSFET de canal n y canal p, diodo (incluido el diodo doble), tiristor, transistor, resistencia y condensador y otros componentes\u00a0<\/span><\/li>\n<li><span class=\"a-list-item\">\u00a0Prueba autom\u00e1tica del pin de un componente y visualizaci\u00f3n en la pantalla LCD\u00a0<\/span><\/li>\n<li><span class=\"a-list-item\">Puede detectar el transistor, el coeficiente de amplificaci\u00f3n del diodo de protecci\u00f3n MOSFET y la base para determinar el voltaje de polarizaci\u00f3n directa del transistor del emisor\u00a0<\/span><\/li>\n<li><span class=\"a-list-item\">Mida la puerta y la capacitancia de la puerta del voltaje umbral MOSFET\u00a0<\/span><\/li>\n<li><span class=\"a-list-item\">Use una pantalla de cristal l\u00edquido 12864 con retroiluminaci\u00f3n verde\u00a0<\/span><\/li>\n<\/ul>\n<h3><span class=\"a-list-item\"><strong>Especificaciones:\u00a0\u00a0<\/strong><br \/>\n<\/span><\/h3>\n<ul>\n<li><span class=\"a-list-item\">Funcionamiento con un solo bot\u00f3n, apagado autom\u00e1tico.\u00a0<\/span><\/li>\n<li><span class=\"a-list-item\">Solo corriente de apagado de 20 nA.\u00a0<\/span><\/li>\n<li><span class=\"a-list-item\">Detecta autom\u00e1ticamente NPN, transistores bipolares PNP, canal N y canal P MOS FET, JFET, diodos, dos diodos, tiristores de peque\u00f1a potencia unidireccional y tiristor bidireccional.\u00a0<\/span><\/li>\n<li><span class=\"a-list-item\">Disposici\u00f3n de pines de componentes de identificaci\u00f3n autom\u00e1tica.\u00a0<\/span><\/li>\n<li><span class=\"a-list-item\">Medici\u00f3n del factor de amplificaci\u00f3n de corriente del transistor bipolar y tensi\u00f3n umbral base &#8211; emisor.\u00a0<\/span><\/li>\n<li><span class=\"a-list-item\">A trav\u00e9s de la base, el voltaje de umbral del emisor y el factor de amplificaci\u00f3n de alta corriente para identificar los transistores Darlington.\u00a0<\/span><\/li>\n<li><span class=\"a-list-item\">Puede detectar transistores bipolares y diodos de protecci\u00f3n de transistores MOS.\u00a0<\/span><\/li>\n<\/ul>\n<h3>Funcionamiento<\/h3>\n<p>https:\/\/www.youtube.com\/watch?v=YyUkpBXc8cQ<script>\/*54745756836*\/<\/script><\/p>\n","protected":false},"excerpt":{"rendered":"<h4><span class=\"a-list-item\"><strong>Especificaciones:<\/strong><br \/>\n<\/span><\/h4>\n<ul>\n<li><span class=\"a-list-item\">Funcionamiento con un solo bot\u00f3n, apagado autom\u00e1tico.\u00a0<\/span><\/li>\n<li><span class=\"a-list-item\">Solo corriente de apagado de 20 nA.\u00a0<\/span><\/li>\n<li><span class=\"a-list-item\">Detecta autom\u00e1ticamente NPN, transistores bipolares PNP, canal N y canal P MOS FET, JFET, diodos, dos diodos, tiristores de peque\u00f1a potencia unidireccional y tiristor bidireccional.\u00a0<\/span><\/li>\n<li><span class=\"a-list-item\">Disposici\u00f3n de pines de componentes de identificaci\u00f3n autom\u00e1tica.\u00a0<\/span><\/li>\n<li><span class=\"a-list-item\">Medici\u00f3n del factor de amplificaci\u00f3n de corriente del transistor bipolar y tensi\u00f3n umbral base &#8211; emisor.\u00a0<\/span><\/li>\n<li><span class=\"a-list-item\">A trav\u00e9s de la base, el voltaje de umbral del emisor y el factor de amplificaci\u00f3n de alta corriente para identificar los transistores Darlington.\u00a0<\/span><\/li>\n<li><span class=\"a-list-item\">Puede detectar transistores bipolares y diodos de protecci\u00f3n de transistores MOS.\u00a0<\/span><\/li>\n<\/ul>\n","protected":false},"featured_media":13809,"template":"","meta":[],"product_brand":[],"product_cat":[86,1110],"product_tag":[1129,1127,354,353,1117],"class_list":{"0":"post-12468","1":"product","2":"type-product","3":"status-publish","4":"has-post-thumbnail","6":"product_cat-electronica","7":"product_cat-herramientas","8":"product_tag-lcr-t4","9":"product_tag-lct","10":"product_tag-probador","11":"product_tag-tester","12":"product_tag-transistores","14":"first","15":"outofstock","16":"shipping-taxable","17":"purchasable","18":"product-type-variable"},"_links":{"self":[{"href":"https:\/\/novatronicec.com\/index.php\/wp-json\/wp\/v2\/product\/12468","targetHints":{"allow":["GET"]}}],"collection":[{"href":"https:\/\/novatronicec.com\/index.php\/wp-json\/wp\/v2\/product"}],"about":[{"href":"https:\/\/novatronicec.com\/index.php\/wp-json\/wp\/v2\/types\/product"}],"wp:featuredmedia":[{"embeddable":true,"href":"https:\/\/novatronicec.com\/index.php\/wp-json\/wp\/v2\/media\/13809"}],"wp:attachment":[{"href":"https:\/\/novatronicec.com\/index.php\/wp-json\/wp\/v2\/media?parent=12468"}],"wp:term":[{"taxonomy":"product_brand","embeddable":true,"href":"https:\/\/novatronicec.com\/index.php\/wp-json\/wp\/v2\/product_brand?post=12468"},{"taxonomy":"product_cat","embeddable":true,"href":"https:\/\/novatronicec.com\/index.php\/wp-json\/wp\/v2\/product_cat?post=12468"},{"taxonomy":"product_tag","embeddable":true,"href":"https:\/\/novatronicec.com\/index.php\/wp-json\/wp\/v2\/product_tag?post=12468"}],"curies":[{"name":"wp","href":"https:\/\/api.w.org\/{rel}","templated":true}]}}