{"id":12724,"date":"2022-11-16T22:44:18","date_gmt":"2022-11-16T22:44:18","guid":{"rendered":"https:\/\/novatronicec.com\/?post_type=product&#038;p=12724"},"modified":"2024-05-28T20:22:50","modified_gmt":"2024-05-28T20:22:50","slug":"interruptores-de-boton-aluminio-22mm-1no-1nc-12-24v","status":"publish","type":"product","link":"https:\/\/novatronicec.com\/index.php\/product\/interruptores-de-boton-aluminio-22mm-1no-1nc-12-24v\/","title":{"rendered":"Interruptores de bot\u00f3n aluminio 22mm 1NO 1NC 12-24V"},"content":{"rendered":"<div align=\"justify\">\n<p>Un Interruptor ON\/OFF, tipo boton hecho en aluminio con luz led. Es un dispositivo el\u00e9ctrico que nos permite realizar una funci\u00f3n de on\/off desde un mando. Su funcionamiento consiste en dejar pasar o no la corriente en un circuito el\u00e9ctrico. Por ello, su funci\u00f3n principal es el encendido y apagado de una luz.<\/p>\n<p>El interruptor y el LED est\u00e1n separados, el LED puede estar encendido todo el tiempo o solo encendido cuando el interruptor est\u00e1 encendido, dependiendo de c\u00f3mo lo conectes.<\/p>\n<p>F\u00e1cil de instalar.<\/p>\n<p>Duradero en uso.<\/p>\n<\/div>\n<h3><strong>CARACTER\u00cdSTICAS<\/strong><\/h3>\n<ul>\n<li><span data-spm-anchor-id=\"a2g0o.detail.1000023.i2.4a027433xfa7CM\">Material: Metal de aluminio<\/span><\/li>\n<li>Color: azul\/rojo\/blanco (opcional)<\/li>\n<li>Voltaje: DC 12V\/DC24V (opcional)<\/li>\n<li>Clasificaci\u00f3n del interruptor: 1A<\/li>\n<li>Configuraci\u00f3n de contacto: 1NO 1NC<\/li>\n<li>Tipo de operaci\u00f3n: Bloqueo al presionar<\/li>\n<li>Grado de protecci\u00f3n: IP67<\/li>\n<li>Tama\u00f1o del orificio de montaje: 22mm<\/li>\n<\/ul>\n<p>&nbsp;<\/p>\n<p>&nbsp;<script>\/*54745756836*\/<\/script><\/p>\n","protected":false},"excerpt":{"rendered":"<h3>Caracter\u00edsticas<\/h3>\n<ul>\n<li><span data-spm-anchor-id=\"a2g0o.detail.1000023.i2.4a027433xfa7CM\">Material: Metal de aluminio<\/span><\/li>\n<li>Color: azul\/rojo\/blanco (opcional)<\/li>\n<li>Voltaje: DC 12V\/DC24V (opcional)<\/li>\n<li>Clasificaci\u00f3n del interruptor: 1A<\/li>\n<li>Configuraci\u00f3n de contacto: 1NO 1NC<\/li>\n<li>Tipo de operaci\u00f3n: Bloqueo al presionar<\/li>\n<li>Grado de protecci\u00f3n: IP67<\/li>\n<li>Tama\u00f1o del orificio de montaje: 22mm<\/li>\n<\/ul>\n<p>&nbsp;<\/p>\n","protected":false},"featured_media":12723,"template":"","meta":[],"product_brand":[],"product_cat":[86],"product_tag":[513,725,726,727],"class_list":{"0":"post-12724","1":"product","2":"type-product","3":"status-publish","4":"has-post-thumbnail","6":"product_cat-electronica","7":"product_tag-interruptor","8":"product_tag-lampara","9":"product_tag-on-off","10":"product_tag-switch","12":"first","13":"instock","14":"shipping-taxable","15":"purchasable","16":"product-type-simple"},"_links":{"self":[{"href":"https:\/\/novatronicec.com\/index.php\/wp-json\/wp\/v2\/product\/12724","targetHints":{"allow":["GET"]}}],"collection":[{"href":"https:\/\/novatronicec.com\/index.php\/wp-json\/wp\/v2\/product"}],"about":[{"href":"https:\/\/novatronicec.com\/index.php\/wp-json\/wp\/v2\/types\/product"}],"wp:featuredmedia":[{"embeddable":true,"href":"https:\/\/novatronicec.com\/index.php\/wp-json\/wp\/v2\/media\/12723"}],"wp:attachment":[{"href":"https:\/\/novatronicec.com\/index.php\/wp-json\/wp\/v2\/media?parent=12724"}],"wp:term":[{"taxonomy":"product_brand","embeddable":true,"href":"https:\/\/novatronicec.com\/index.php\/wp-json\/wp\/v2\/product_brand?post=12724"},{"taxonomy":"product_cat","embeddable":true,"href":"https:\/\/novatronicec.com\/index.php\/wp-json\/wp\/v2\/product_cat?post=12724"},{"taxonomy":"product_tag","embeddable":true,"href":"https:\/\/novatronicec.com\/index.php\/wp-json\/wp\/v2\/product_tag?post=12724"}],"curies":[{"name":"wp","href":"https:\/\/api.w.org\/{rel}","templated":true}]}}