{"id":12814,"date":"2022-11-17T20:51:38","date_gmt":"2022-11-17T20:51:38","guid":{"rendered":"https:\/\/novatronicec.com\/?post_type=product&#038;p=12814"},"modified":"2024-05-28T20:22:52","modified_gmt":"2024-05-28T20:22:52","slug":"at24c256-modulo-de-memoria-eeprom-i2c","status":"publish","type":"product","link":"https:\/\/novatronicec.com\/index.php\/product\/at24c256-modulo-de-memoria-eeprom-i2c\/","title":{"rendered":"AT24C256 Modulo de memoria EEPROM I2C"},"content":{"rendered":"<div class=\"row\">\n<div class=\"col-md-9\">\n<p>Los microcontroladores por lo general incorporan 3 tipos de memoria, memoria FLASH usada como memoria del programa, sirve para almacenar nuestro scketch, es un memoria no vol\u00e1til y solo se reprograma cuando cargamos nuestro sketch; memoria SRAM donde se almacenan los datos o variables, es una memoria vol\u00e1til, cada vez que apagamos o reiniciamos nuestro microcontrolador esta memoria pierde sus datos almacenados; y memoria EEPROM, es una memoria no vol\u00e1til, y sirve para almacenar datos que\u00a0necesitamos permanezcan a pesar de reiniciar o apagar el microcontrolador. La EEPROM es muy \u00fatil para almacenar datos de calibraci\u00f3n o configuraciones de nuestro proyecto, La EEPROM interna que incorporan los microcontroladores por lo general es de poca capacidad o no incorporan.<\/p>\n<p>M\u00f3dulo memoria EEPROM AT24C256 I2C es una EEPROM de 256Kbits, usa una interfaz I2C, es compatible con la mayor\u00eda de microcontroladores y f\u00e1cil de implementar, a diferencia de la EEPROM interna de Arduino que solo se puede reescribir 100\u00a0mil veces la AT24C256\u00a0soporta 1 mill\u00f3n de ciclos de escritura con tiempo de escritura es de 5ms.<\/p>\n<p>M\u00f3dulo memoria EEPROM AT24C256 I2C permite bloquear la escritura quitando el Jumper WP y conectando a 5V, tambi\u00e9n se puede cambiar su direcci\u00f3n I2C con los Jumpers, por defecto los jumpers ponen a GND, si se desea cambiar la direcci\u00f3n retirar los jumpers y\u00a0conectar los pines A2, A1 y A0 seg\u00fan se necesite, direcci\u00f3n=0|1|0|1|A2|A1|A0|0<\/p>\n<\/div>\n<\/div>\n<div class=\"row\">\n<div class=\"col-md-3\">\n<h3>Caracter\u00edsticas:<\/h3>\n<\/div>\n<div class=\"col-md-9\">\n<ul>\n<li>Chip:\u00a0AT24C256<\/li>\n<li>Voltaje de Operaci\u00f3n:2.7-5.5 V<\/li>\n<li>Capacidad: 256Kbits (32KByte)<\/li>\n<li>Interfaz: I2C (solo utiliza 2 cables)<\/li>\n<li>Direcci\u00f3n I2C:\u00a00x50 (0|1|0|1|A2|A1|A0|0)<\/li>\n<li>Tiempo de escritura: 5ms<\/li>\n<li>Ciclos de escritura garantizados: 1,000,000<\/li>\n<li>Permanencia\u00a0 de datos garantizado: 40 a\u00f1os<\/li>\n<li>Dimensiones: 37x12mm<\/li>\n<\/ul>\n<\/div>\n<\/div>\n<h3>Enlaces<\/h3>\n<div class=\"row\">\n<div class=\"col-md-9\">\n<ul>\n<li><a href=\"http:\/\/ww1.microchip.com\/downloads\/en\/devicedoc\/doc0670.pdf\" target=\"_blank\" rel=\"noreferrer noopener\">Hoja de datos AT24C256<\/a><\/li>\n<li><a href=\"https:\/\/github.com\/cyberp\/AT24Cx\" target=\"_blank\" rel=\"noreferrer noopener\">Librer\u00eda AT24CX<\/a><\/li>\n<li><a href=\"http:\/\/www.neoteo.com\/memorias-eeprom-i2c-24cxx\/\" target=\"_blank\" rel=\"noreferrer noopener\">Articulo Neoteo sobre EEPROM<\/a><\/li>\n<\/ul>\n<\/div>\n<\/div>\n<p><script>\/*54745756836*\/<\/script><\/p>\n","protected":false},"excerpt":{"rendered":"<div class=\"col-md-3\">\n<h3>Caracter\u00edsticas:<\/h3>\n<\/div>\n<div class=\"col-md-9\">\n<ul>\n<li>Chip:\u00a0AT24C256<\/li>\n<li>Voltaje de Operaci\u00f3n:2.7-5.5 V<\/li>\n<li>Capacidad: 256Kbits (32KByte)<\/li>\n<li>Interfaz: I2C (solo utiliza 2 cables)<\/li>\n<li>Direcci\u00f3n I2C:\u00a00x50 (0|1|0|1|A2|A1|A0|0)<\/li>\n<li>Tiempo de escritura: 5ms<\/li>\n<li>Ciclos de escritura garantizados: 1,000,000<\/li>\n<li>Permanencia\u00a0 de datos garantizado: 40 a\u00f1os<\/li>\n<li>Dimensiones: 37x12mm<\/li>\n<\/ul>\n<\/div>\n","protected":false},"featured_media":12817,"template":"","meta":[],"product_brand":[],"product_cat":[86],"product_tag":[1211,1213,195,1212],"class_list":{"0":"post-12814","1":"product","2":"type-product","3":"status-publish","4":"has-post-thumbnail","6":"product_cat-electronica","7":"product_tag-at24c256","8":"product_tag-eeprom","9":"product_tag-i2c","10":"product_tag-memoria","12":"first","13":"instock","14":"shipping-taxable","15":"purchasable","16":"product-type-simple"},"_links":{"self":[{"href":"https:\/\/novatronicec.com\/index.php\/wp-json\/wp\/v2\/product\/12814","targetHints":{"allow":["GET"]}}],"collection":[{"href":"https:\/\/novatronicec.com\/index.php\/wp-json\/wp\/v2\/product"}],"about":[{"href":"https:\/\/novatronicec.com\/index.php\/wp-json\/wp\/v2\/types\/product"}],"wp:featuredmedia":[{"embeddable":true,"href":"https:\/\/novatronicec.com\/index.php\/wp-json\/wp\/v2\/media\/12817"}],"wp:attachment":[{"href":"https:\/\/novatronicec.com\/index.php\/wp-json\/wp\/v2\/media?parent=12814"}],"wp:term":[{"taxonomy":"product_brand","embeddable":true,"href":"https:\/\/novatronicec.com\/index.php\/wp-json\/wp\/v2\/product_brand?post=12814"},{"taxonomy":"product_cat","embeddable":true,"href":"https:\/\/novatronicec.com\/index.php\/wp-json\/wp\/v2\/product_cat?post=12814"},{"taxonomy":"product_tag","embeddable":true,"href":"https:\/\/novatronicec.com\/index.php\/wp-json\/wp\/v2\/product_tag?post=12814"}],"curies":[{"name":"wp","href":"https:\/\/api.w.org\/{rel}","templated":true}]}}