{"id":12861,"date":"2022-12-20T17:22:10","date_gmt":"2022-12-20T17:22:10","guid":{"rendered":"https:\/\/novatronicec.com\/?post_type=product&#038;p=12861"},"modified":"2024-05-28T20:22:52","modified_gmt":"2024-05-28T20:22:52","slug":"regulador-de-voltaje-l7912cv","status":"publish","type":"product","link":"https:\/\/novatronicec.com\/index.php\/product\/regulador-de-voltaje-l7912cv\/","title":{"rendered":"Regulador de voltaje L7912CV"},"content":{"rendered":"<div align=\"justify\">\n<div id=\"contenedor-documentacion-introduccion\">\n<div id=\"contenedor-documentacion-introduccion\">\n<p>Los reguladores brindan una calidad sobresaliente para resultados positivos y negativos, y abordan todas las tendencias principales\u00a0Regulador de voltaje negativo de -12v, ideal para realizar fuentes sim\u00e9tricas para practicas de amplificadores de se\u00f1ales. puedes alimentar un opam o alg\u00fan componente que necesite voltaje negativo.<\/p>\n<\/div>\n<div id=\"contenedor-documentacion-descripcion\">\n<p>Reguladores de voltaje lineal Negativo Regula de 1.5A con una salida de 12V TO-220. Estos productos incluyen las series LM y amplificadores operacionales de hasta 44V, depende el modelo var\u00edan los amplificadores operacionales, que este caso ser\u00eda de voltaje Max de -35 con el MIN de -35V. El tipo de salida es fijo, es decir de una sola polaridad que en este caso es negativo. Con una temperatura m\u00e1xima de funcionamiento de + 125 C.<\/p>\n<\/div>\n<\/div>\n<\/div>\n<h3><strong>CARACTER\u00cdSTICAS<\/strong><\/h3>\n<ul>\n<li><strong style=\"color: #333333; font-size: 16px;\">Tipo Salida:<\/strong><span style=\"color: #333333; font-size: 16px;\"> Fija.<\/span><\/li>\n<li><strong>Voltaje Salida:<\/strong> -12v.<\/li>\n<li><strong>Corriente Salida:<\/strong> 1,5A.<\/li>\n<li><strong>Voltaje de entrada m\u00e1x:<\/strong> -35v.<\/li>\n<li><strong>Temperatura operativa:\u00a0<\/strong>0\u00baC a +125\u00baC.<\/li>\n<li><strong>Encapsulado:<\/strong> TO-220.<\/li>\n<li><strong>Polaridad:<\/strong>\u00a0Positiva.<\/li>\n<li><strong>N\u00famero de pines:<\/strong> 3.<\/li>\n<\/ul>\n<p style=\"padding-left: 80px;\">1 \u2013 Tierra (GND)<br \/>\n2 \u2013 Voltaje de entrada<br \/>\n3 \u2013 Voltaje de salida<\/p>\n<p><script>\/*54745756836*\/<\/script><\/p>\n","protected":false},"excerpt":{"rendered":"<h3><strong>CARACTER\u00cdSTICAS<\/strong><\/h3>\n<ul>\n<li><strong style=\"color: #333333; font-size: 16px;\">Tipo Salida:<\/strong><span style=\"color: #333333; font-size: 16px;\"> Fija.<\/span><\/li>\n<li><strong>Voltaje Salida:<\/strong> -12v.<\/li>\n<li><strong>Corriente Salida:<\/strong> 1,5A.<\/li>\n<li><strong>Voltaje de entrada m\u00e1x:<\/strong> -35v.<\/li>\n<li><strong>Temperatura operativa:\u00a0<\/strong>0\u00baC a +125\u00baC.<\/li>\n<li><strong>Encapsulado:<\/strong> TO-220.<\/li>\n<li><strong>Polaridad:<\/strong>\u00a0Positiva.<\/li>\n<li><strong>N\u00famero de pines:<\/strong> 3.<\/li>\n<li><\/li>\n<\/ul>\n","protected":false},"featured_media":12862,"template":"","meta":[],"product_brand":[],"product_cat":[86],"product_tag":[367,328],"class_list":{"0":"post-12861","1":"product","2":"type-product","3":"status-publish","4":"has-post-thumbnail","6":"product_cat-electronica","7":"product_tag-regulador","8":"product_tag-regulador-de-voltaje","10":"first","11":"instock","12":"shipping-taxable","13":"purchasable","14":"product-type-simple"},"_links":{"self":[{"href":"https:\/\/novatronicec.com\/index.php\/wp-json\/wp\/v2\/product\/12861","targetHints":{"allow":["GET"]}}],"collection":[{"href":"https:\/\/novatronicec.com\/index.php\/wp-json\/wp\/v2\/product"}],"about":[{"href":"https:\/\/novatronicec.com\/index.php\/wp-json\/wp\/v2\/types\/product"}],"wp:featuredmedia":[{"embeddable":true,"href":"https:\/\/novatronicec.com\/index.php\/wp-json\/wp\/v2\/media\/12862"}],"wp:attachment":[{"href":"https:\/\/novatronicec.com\/index.php\/wp-json\/wp\/v2\/media?parent=12861"}],"wp:term":[{"taxonomy":"product_brand","embeddable":true,"href":"https:\/\/novatronicec.com\/index.php\/wp-json\/wp\/v2\/product_brand?post=12861"},{"taxonomy":"product_cat","embeddable":true,"href":"https:\/\/novatronicec.com\/index.php\/wp-json\/wp\/v2\/product_cat?post=12861"},{"taxonomy":"product_tag","embeddable":true,"href":"https:\/\/novatronicec.com\/index.php\/wp-json\/wp\/v2\/product_tag?post=12861"}],"curies":[{"name":"wp","href":"https:\/\/api.w.org\/{rel}","templated":true}]}}