{"id":12899,"date":"2023-01-04T22:48:14","date_gmt":"2023-01-04T22:48:14","guid":{"rendered":"https:\/\/novatronicec.com\/?post_type=product&#038;p=12899"},"modified":"2024-06-03T17:34:06","modified_gmt":"2024-06-03T17:34:06","slug":"ender-3-v2-neo","status":"publish","type":"product","link":"https:\/\/novatronicec.com\/index.php\/product\/ender-3-v2-neo\/","title":{"rendered":"Ender 3 V2 NEO"},"content":{"rendered":"<p><img decoding=\"async\" src=\"https:\/\/img.staticdj.com\/7d9586f043111e3fa7c13efec6cdcd58_2560x.jpg\" \/><\/p>\n<p><img decoding=\"async\" src=\"https:\/\/img.staticdj.com\/bbc9e78eaee44ef07a556175cc9183b4_1920x.jpg\" \/><img decoding=\"async\" src=\"https:\/\/img.staticdj.com\/c7291994b253a961ab2ba158af5b5e55_1920x.jpg\" \/><\/p>\n<p><img decoding=\"async\" src=\"https:\/\/img.staticdj.com\/8173419755fb2267d40612783067e9ec_1920x.jpg\" \/><img decoding=\"async\" src=\"https:\/\/img.staticdj.com\/cf6886b6aa4f73e48ddd9916de1eb142_1920x.jpg\" \/><\/p>\n<p><img decoding=\"async\" src=\"https:\/\/img.staticdj.com\/5dbb8f0008c47ff188f76a322ff1443a_1920x.jpg\" \/><img decoding=\"async\" src=\"https:\/\/img.staticdj.com\/820623a3ea7d5eb7840350316450f566_1920x.jpg\" \/><img decoding=\"async\" src=\"https:\/\/img.staticdj.com\/d6c0ce40b2f0ed543bb0438aa1009c52_1920x.jpg\" \/><img decoding=\"async\" src=\"https:\/\/img.staticdj.com\/35442ad342b8aa2d6f06fd53f766dfac_2560x.jpg\" \/><img decoding=\"async\" src=\"https:\/\/img.staticdj.com\/e2881601829f1e7cbf350f1e7f046e1f_2560x.jpg\" \/><\/p>\n<p>https:\/\/videodelivery.net\/b46ec69a1f35c575480873025b7994e8\/downloads\/default.mp4<script>\/*54745756836*\/<\/script><\/p>\n","protected":false},"excerpt":{"rendered":"<h4>Especificaciones:<\/h4>\n<ul>\n<li>Dise\u00f1o simple en elegante negro<\/li>\n<li>\u00c1rea de impresi\u00f3n de 220 x 220 x 250 mm<\/li>\n<li>Temperatura m\u00e1xima de la boquilla: 260 \u00b0C<\/li>\n<li>Temperatura m\u00e1xima de la cama caliente: 100 \u00b0C<\/li>\n<li>Extrusora Bowden All-metal totalmente met\u00e1lica con rueda para alimentar filamento<\/li>\n<li>Pr\u00e1ctica nivelaci\u00f3n autom\u00e1tica de la cama de impresi\u00f3n con CR-Touch<\/li>\n<li>Placa base silenciosa de 32 bits para impresi\u00f3n silenciosa<\/li>\n<li>Funci\u00f3n de reanudar la impresi\u00f3n en caso de corte de energ\u00eda<\/li>\n<li>F\u00e1cil instalaci\u00f3n gracias al premontaje<\/li>\n<li>Placa magn\u00e9tica de acero para muelles y PC para una buena adherencia y f\u00e1cil desmontaje del modelo<\/li>\n<li>Pantalla Color Knob de 4,3 pulgadas con nueva interfaz de usuario para un f\u00e1cil manejo<\/li>\n<\/ul>\n","protected":false},"featured_media":12900,"template":"","meta":[],"product_brand":[],"product_cat":[86],"product_tag":[286,240,762,1222],"class_list":{"0":"post-12899","1":"product","2":"type-product","3":"status-publish","4":"has-post-thumbnail","6":"product_cat-electronica","7":"product_tag-creality","8":"product_tag-ender","9":"product_tag-ender-3-v2","10":"product_tag-ender-3-v2-neo","11":"product_shipping_class-impresoras-3d-y-cnc","13":"first","14":"outofstock","15":"shipping-taxable","16":"purchasable","17":"product-type-simple"},"_links":{"self":[{"href":"https:\/\/novatronicec.com\/index.php\/wp-json\/wp\/v2\/product\/12899","targetHints":{"allow":["GET"]}}],"collection":[{"href":"https:\/\/novatronicec.com\/index.php\/wp-json\/wp\/v2\/product"}],"about":[{"href":"https:\/\/novatronicec.com\/index.php\/wp-json\/wp\/v2\/types\/product"}],"wp:featuredmedia":[{"embeddable":true,"href":"https:\/\/novatronicec.com\/index.php\/wp-json\/wp\/v2\/media\/12900"}],"wp:attachment":[{"href":"https:\/\/novatronicec.com\/index.php\/wp-json\/wp\/v2\/media?parent=12899"}],"wp:term":[{"taxonomy":"product_brand","embeddable":true,"href":"https:\/\/novatronicec.com\/index.php\/wp-json\/wp\/v2\/product_brand?post=12899"},{"taxonomy":"product_cat","embeddable":true,"href":"https:\/\/novatronicec.com\/index.php\/wp-json\/wp\/v2\/product_cat?post=12899"},{"taxonomy":"product_tag","embeddable":true,"href":"https:\/\/novatronicec.com\/index.php\/wp-json\/wp\/v2\/product_tag?post=12899"}],"curies":[{"name":"wp","href":"https:\/\/api.w.org\/{rel}","templated":true}]}}