{"id":13023,"date":"2023-01-23T17:04:16","date_gmt":"2023-01-23T17:04:16","guid":{"rendered":"https:\/\/novatronicec.com\/?post_type=product&#038;p=13023"},"modified":"2025-10-03T15:11:05","modified_gmt":"2025-10-03T15:11:05","slug":"filamento-pla-sunlu-1kg","status":"publish","type":"product","link":"https:\/\/novatronicec.com\/index.php\/product\/filamento-pla-sunlu-1kg\/","title":{"rendered":"Filamento PLA+ Sunlu 1Kg"},"content":{"rendered":"<div class=\"text-title\" data-id=\"left-title\"><b style=\"color: #1b1919; font-size: 24px;\">CARACTER\u00cdSTICAS<\/b><\/div>\n<ul>\n<li>Marca: SUNLU<\/li>\n<li>Peso neto: 1kg<\/li>\n<li>Temperatura de impresi\u00f3n: 200\u00b0C &#8211; 230\u00b0C (392\u00b0F~ 446\u00b0F)<\/li>\n<li>Temperatura de la cama caliente: 50\u00b0C &#8211; 60\u00b0C (122\u00b0F~ 140\u00b0F)<\/li>\n<li>Velocidad de impresi\u00f3n: 30-90 mm\/s<\/li>\n<li>Embalaje incluido: 1 \u00d7 carrete de filamentos PLA<\/li>\n<\/ul>\n<table style=\"height: 903px;\" width=\"977\">\n<tbody>\n<tr>\n<td width=\"189\"><img decoding=\"async\" src=\"https:\/\/cdn.shopify.com\/s\/files\/1\/0152\/6507\/1190\/files\/3_6735b5e8-e325-43fb-986f-a8ce8b5baadb_540x.jpg?v=1661592558\" \/><\/p>\n<h3 class=\"h4 mg__0\">Material Biodegradable<\/h3>\n<div class=\"rte-setting mt__7\">\n<p>El filamento SUNLU PLA est\u00e1 hecho de material PLA premium (\u00e1cido polil\u00e1ctico), que cuenta con una biodegradaci\u00f3n completa y una temperatura de fusi\u00f3n m\u00e1s baja, incluso no necesita una cama caliente, sin olor durante la impresi\u00f3n.<\/p>\n<\/div>\n<\/td>\n<td width=\"189\"><img decoding=\"async\" src=\"https:\/\/cdn.shopify.com\/s\/files\/1\/0152\/6507\/1190\/files\/e53f0b0e3fefc95b8f254815859317ac_540x.gif?v=1662609204\" \/><\/p>\n<h3 class=\"h4 mg__0\">Colores ricos<\/h3>\n<div class=\"rte-setting mt__7\">\n<p>La creatividad no debe estar limitada por el color.\u00a0SUNLU PLA tiene una gran variedad de colores.\u00a0Todos los colores tienen alta pureza y alta saturaci\u00f3n.\u00a0Solo para traerte una experiencia de color puro.<\/p>\n<\/div>\n<\/td>\n<td width=\"189\"><img decoding=\"async\" src=\"https:\/\/cdn.shopify.com\/s\/files\/1\/0152\/6507\/1190\/files\/4_ab636f35-7d92-4beb-b90e-c4baead417c6_540x.jpg?v=1661592666\" \/><\/p>\n<h3 class=\"h4 mg__0\">Control de calidad estricto<\/h3>\n<div class=\"rte-setting mt__7\">\n<p>El error de filamento de 1,75 mm es +0,02 filamento.\u00a0Cuidadosamente arreglado 100% libre de enredos<\/p>\n<\/div>\n<\/td>\n<\/tr>\n<tr>\n<td width=\"189\"><img decoding=\"async\" src=\"https:\/\/cdn.shopify.com\/s\/files\/1\/0152\/6507\/1190\/files\/5_d0fd8408-31f0-4104-8d3a-63dce19f2293_540x.jpg?v=1661592683\" \/><\/p>\n<h3 class=\"h4 mg__0\">Envasado al vac\u00edo<\/h3>\n<div class=\"rte-setting mt__7\">\n<p>Mantenemos el filamento seco mediante un empaque herm\u00e9tico para que cada rollo de<br \/>\nfilamento llegue a las manos del usuario en perfectas condiciones,<br \/>\n\u00a1la calidad del filamento SUNLU es constante!<\/p>\n<\/div>\n<\/td>\n<td width=\"189\"><img decoding=\"async\" src=\"https:\/\/cdn.shopify.com\/s\/files\/1\/0152\/6507\/1190\/files\/d67c894b9aec126d72155f2a8748d681_540x.gif?v=1662609153\" \/><\/p>\n<h3 class=\"h4 mg__0\">Impresi\u00f3n suave<\/h3>\n<div class=\"rte-setting mt__7\">\n<p>SUNLU PLA\/PLA+ imprime sin problemas, con alta pureza, baja contracci\u00f3n y excelente adhesi\u00f3n de capa para las necesidades de su proyecto de impresi\u00f3n de piezas funcionales de mayor tenacidad.<\/p>\n<\/div>\n<\/td>\n<td width=\"189\"><img decoding=\"async\" src=\"https:\/\/cdn.shopify.com\/s\/files\/1\/0152\/6507\/1190\/files\/800x_540x.jpg?v=1661849223\" \/><\/p>\n<h3 class=\"h4 mg__0\">Compatible con tu vida<\/h3>\n<div class=\"rte-setting mt__7\">\n<p>Usa SUNLU PLA y PLA plus filamento en tu vida.\u00a0Para crear trabajos de impresi\u00f3n de artistas, bricolaje e industria.<\/p>\n<\/div>\n<\/td>\n<\/tr>\n<\/tbody>\n<\/table>\n<p>&nbsp;<\/p>\n<h3>\u00a0Descargas:<\/h3>\n<ul>\n<li>\u00a0<a href=\"https:\/\/cdn.shopifycdn.net\/s\/files\/1\/0152\/6507\/1190\/files\/02_SUNLU_PLA_PLUS_filament-SDS.pdf?v=1693154664\"><strong>SUNLU PLA Plus MSDS<\/strong><\/a><\/li>\n<li><a href=\"https:\/\/cdn.shopifycdn.net\/s\/files\/1\/0152\/6507\/1190\/files\/PLA_PLUS_Data_Sheet.pdf?v=1693154665\"><strong>SUNLU PLA Plus Data Sheet<\/strong><\/a><\/li>\n<\/ul>\n","protected":false},"excerpt":{"rendered":"<h2>Caracter\u00edsticas<\/h2>\n<ul>\n<li>Marca: SUNLU<\/li>\n<li>Peso neto: 1kg<\/li>\n<li>Temperatura de impresi\u00f3n: 200\u00b0C &#8211; 230\u00b0C (392\u00b0F~ 446\u00b0F)<\/li>\n<li>Temperatura de la cama caliente: 50\u00b0C &#8211; 60\u00b0C (122\u00b0F~ 140\u00b0F)<\/li>\n<li>Velocidad de impresi\u00f3n: 30-90 mm\/s<\/li>\n<li>Embalaje incluido: 1 \u00d7 carrete de filamentos PLA<\/li>\n<\/ul>\n","protected":false},"featured_media":13031,"template":"","meta":[],"product_brand":[],"product_cat":[87,76],"product_tag":[811,804,812,865,801,800,816,803,875,377,802],"class_list":{"0":"post-13023","1":"product","2":"type-product","3":"status-publish","4":"has-post-thumbnail","6":"product_cat-filamentos","7":"product_cat-insumos-para-impresion-3d","8":"product_tag-azul","9":"product_tag-black","10":"product_tag-blue","11":"product_tag-flexible","12":"product_tag-impresion-3d","13":"product_tag-material-de-impresion","14":"product_tag-naranja","15":"product_tag-negro","16":"product_tag-petg","17":"product_tag-red","18":"product_tag-rojo","20":"first","21":"instock","22":"shipping-taxable","23":"purchasable","24":"product-type-variable"},"_links":{"self":[{"href":"https:\/\/novatronicec.com\/index.php\/wp-json\/wp\/v2\/product\/13023","targetHints":{"allow":["GET"]}}],"collection":[{"href":"https:\/\/novatronicec.com\/index.php\/wp-json\/wp\/v2\/product"}],"about":[{"href":"https:\/\/novatronicec.com\/index.php\/wp-json\/wp\/v2\/types\/product"}],"wp:featuredmedia":[{"embeddable":true,"href":"https:\/\/novatronicec.com\/index.php\/wp-json\/wp\/v2\/media\/13031"}],"wp:attachment":[{"href":"https:\/\/novatronicec.com\/index.php\/wp-json\/wp\/v2\/media?parent=13023"}],"wp:term":[{"taxonomy":"product_brand","embeddable":true,"href":"https:\/\/novatronicec.com\/index.php\/wp-json\/wp\/v2\/product_brand?post=13023"},{"taxonomy":"product_cat","embeddable":true,"href":"https:\/\/novatronicec.com\/index.php\/wp-json\/wp\/v2\/product_cat?post=13023"},{"taxonomy":"product_tag","embeddable":true,"href":"https:\/\/novatronicec.com\/index.php\/wp-json\/wp\/v2\/product_tag?post=13023"}],"curies":[{"name":"wp","href":"https:\/\/api.w.org\/{rel}","templated":true}]}}