{"id":13176,"date":"2023-02-03T16:46:36","date_gmt":"2023-02-03T16:46:36","guid":{"rendered":"https:\/\/novatronicec.com\/?post_type=product&#038;p=13176"},"modified":"2026-02-03T14:28:30","modified_gmt":"2026-02-03T14:28:30","slug":"rueda-solarbotics-rw2-prisionero-externo","status":"publish","type":"product","link":"https:\/\/novatronicec.com\/index.php\/product\/rueda-solarbotics-rw2-prisionero-externo\/","title":{"rendered":"Rueda Solarbotics RW2 Prisionero externo"},"content":{"rendered":"<p>El Solarbotics RW2 es una rueda de goma de 1,1 pulgadas de di\u00e1metro para\u00a0ejes de salida de 3 mm de di\u00e1metro.\u00a0Estas ruedas se\u00a0<strong>venden individualmente<\/strong>\u00a0, NO en pares.<\/p>\n<p>La rueda de caucho Solarbotics RW2 tiene un cubo de aluminio anodizado negro con un neum\u00e1tico de caucho de silicona generosamente grueso para una tracci\u00f3n m\u00e1xima (ideal para robots minisumo o robots de seguimiento de l\u00ednea r\u00e1pidos que necesitan tracci\u00f3n al doblar esquinas).<\/p>\n<p>El neum\u00e1tico de caucho tiene un di\u00e1metro de 1,1 pulgadas (28 mm) y un ancho de 0,67 pulgadas (17 mm), y tiene una dureza de 20D.\u00a0El cubo de aluminio est\u00e1 perforado para un eje de 3 mm.\u00a0Asegure la rueda al eje del motor con el tornillo de fijaci\u00f3n hexagonal 4-40 incluido (requiere una\u00a0llave hexagonal de 0,050 pulgadas\u00a0).\u00a0El conjunto de ruedas pesa 12 gramos.<\/p>\n<p>Esta rueda de alta tracci\u00f3n funciona con nuestros\u00a0motorreductores de eje de 3 mm.<\/p>\n<h4>Piezas incluidas<\/h4>\n<ul>\n<li>Un centro<\/li>\n<li>Un neum\u00e1tico<\/li>\n<li>Un tornillo de ajuste<\/li>\n<\/ul>\n<p><script>\/*54745756836*\/<\/script><\/p>\n","protected":false},"excerpt":{"rendered":"<h2>Caracter\u00edsticas y especificaciones<\/h2>\n<ul>\n<li>Diametro: 28mm<\/li>\n<li>Ancho:17mm<\/li>\n<li>Dureza: 20D<\/li>\n<li>Agujero del eje: 3mm<\/li>\n<li>Material: Aluminio ionizado y silicona<\/li>\n<li>Peso: 12g<\/li>\n<\/ul>\n","protected":false},"featured_media":13183,"template":"","meta":[],"product_brand":[],"product_cat":[68,69],"product_tag":[1270,1044,136,103,392,212,207,219,1035,221],"class_list":{"0":"post-13176","1":"product","2":"type-product","3":"status-publish","4":"has-post-thumbnail","6":"product_cat-llantas","7":"product_cat-robotica","8":"product_tag-minisumo","9":"product_tag-pololu","10":"product_tag-robot","11":"product_tag-robotica","12":"product_tag-rueda","13":"product_tag-seguidor-de-linea","14":"product_tag-sensor","15":"product_tag-sharp","16":"product_tag-silicona","17":"product_tag-sumo","19":"first","20":"outofstock","21":"shipping-taxable","22":"purchasable","23":"product-type-simple"},"_links":{"self":[{"href":"https:\/\/novatronicec.com\/index.php\/wp-json\/wp\/v2\/product\/13176","targetHints":{"allow":["GET"]}}],"collection":[{"href":"https:\/\/novatronicec.com\/index.php\/wp-json\/wp\/v2\/product"}],"about":[{"href":"https:\/\/novatronicec.com\/index.php\/wp-json\/wp\/v2\/types\/product"}],"wp:featuredmedia":[{"embeddable":true,"href":"https:\/\/novatronicec.com\/index.php\/wp-json\/wp\/v2\/media\/13183"}],"wp:attachment":[{"href":"https:\/\/novatronicec.com\/index.php\/wp-json\/wp\/v2\/media?parent=13176"}],"wp:term":[{"taxonomy":"product_brand","embeddable":true,"href":"https:\/\/novatronicec.com\/index.php\/wp-json\/wp\/v2\/product_brand?post=13176"},{"taxonomy":"product_cat","embeddable":true,"href":"https:\/\/novatronicec.com\/index.php\/wp-json\/wp\/v2\/product_cat?post=13176"},{"taxonomy":"product_tag","embeddable":true,"href":"https:\/\/novatronicec.com\/index.php\/wp-json\/wp\/v2\/product_tag?post=13176"}],"curies":[{"name":"wp","href":"https:\/\/api.w.org\/{rel}","templated":true}]}}