{"id":13194,"date":"2023-02-03T17:02:04","date_gmt":"2023-02-03T17:02:04","guid":{"rendered":"https:\/\/novatronicec.com\/?post_type=product&#038;p=13194"},"modified":"2024-09-20T22:14:06","modified_gmt":"2024-09-20T22:14:06","slug":"rueda-loca-plastica-pololu","status":"publish","type":"product","link":"https:\/\/novatronicec.com\/index.php\/product\/rueda-loca-plastica-pololu\/","title":{"rendered":"Rueda loca Plastica Pololu 3\/8\u2033"},"content":{"rendered":"<p>Este juego de ruedas giratorias incluye una carcasa ABS negra, una bola de pl\u00e1stico de 3\/8\u2033 de di\u00e1metro, dos espaciadores (1\/16\u2033 y 1\/8\u2033 de grosor) y dos tornillos\u00a0y\u00a0tuercas\u00a0M2 de 7\/16\u2033\u00a0.\u00a0La altura total de la rueda de la bola, 0,4\u2033, se puede aumentar a aproximadamente 0,6\u2033 utilizando los espaciadores incluidos.\u00a0Los dos tornillos M2 incluidos se pueden usar para montar la rueda giratoria en su chasis, o puede usar sus propios tornillos M2 si su aplicaci\u00f3n requiere una longitud diferente.<\/p>\n<p>Tenga en cuenta que nuestras ruedas giratorias est\u00e1n dise\u00f1adas para robots peque\u00f1os;\u00a0no est\u00e1n destinados a soportar m\u00e1s de unas pocas libras.\u00a0Con m\u00e1s peso que esto, la fricci\u00f3n entre la bola y la carcasa generalmente evitar\u00e1 que ruede bien.<\/p>\n<h3>Descargas:<\/h3>\n<ul>\n<li><a href=\"https:\/\/www.pololu.com\/file\/0J1636\/pololu-ball-caster-with-0-375in-ball.pdf\">Diagrama de dimensiones<\/a><\/li>\n<\/ul>\n<p><script>\/*54745756836*\/<\/script><\/p>\n","protected":false},"excerpt":{"rendered":"<h2>Caracter\u00edsticas y especificaciones<\/h2>\n<ul>\n<li>Diametro: 3\/8&#8243;<\/li>\n<li>Altura de la bola: 0,4\u2033<\/li>\n<li>Espaciadores: 1\/16\u2033 y 1\/8\u2033<\/li>\n<li>Material: ABS y plastico<\/li>\n<\/ul>\n","protected":false},"featured_media":13196,"template":"","meta":[],"product_brand":[],"product_cat":[68,69],"product_tag":[1270,1044,136,103,392,212,207,219,1035,221],"class_list":{"0":"post-13194","1":"product","2":"type-product","3":"status-publish","4":"has-post-thumbnail","6":"product_cat-llantas","7":"product_cat-robotica","8":"product_tag-minisumo","9":"product_tag-pololu","10":"product_tag-robot","11":"product_tag-robotica","12":"product_tag-rueda","13":"product_tag-seguidor-de-linea","14":"product_tag-sensor","15":"product_tag-sharp","16":"product_tag-silicona","17":"product_tag-sumo","19":"first","20":"outofstock","21":"shipping-taxable","22":"purchasable","23":"product-type-simple"},"_links":{"self":[{"href":"https:\/\/novatronicec.com\/index.php\/wp-json\/wp\/v2\/product\/13194","targetHints":{"allow":["GET"]}}],"collection":[{"href":"https:\/\/novatronicec.com\/index.php\/wp-json\/wp\/v2\/product"}],"about":[{"href":"https:\/\/novatronicec.com\/index.php\/wp-json\/wp\/v2\/types\/product"}],"wp:featuredmedia":[{"embeddable":true,"href":"https:\/\/novatronicec.com\/index.php\/wp-json\/wp\/v2\/media\/13196"}],"wp:attachment":[{"href":"https:\/\/novatronicec.com\/index.php\/wp-json\/wp\/v2\/media?parent=13194"}],"wp:term":[{"taxonomy":"product_brand","embeddable":true,"href":"https:\/\/novatronicec.com\/index.php\/wp-json\/wp\/v2\/product_brand?post=13194"},{"taxonomy":"product_cat","embeddable":true,"href":"https:\/\/novatronicec.com\/index.php\/wp-json\/wp\/v2\/product_cat?post=13194"},{"taxonomy":"product_tag","embeddable":true,"href":"https:\/\/novatronicec.com\/index.php\/wp-json\/wp\/v2\/product_tag?post=13194"}],"curies":[{"name":"wp","href":"https:\/\/api.w.org\/{rel}","templated":true}]}}