{"id":13330,"date":"2023-03-31T23:10:25","date_gmt":"2023-03-31T23:10:25","guid":{"rendered":"https:\/\/novatronicec.com\/?post_type=product&#038;p=13330"},"modified":"2024-05-28T20:22:55","modified_gmt":"2024-05-28T20:22:55","slug":"modulo-mini-l293d-4ch","status":"publish","type":"product","link":"https:\/\/novatronicec.com\/index.php\/product\/modulo-mini-l293d-4ch\/","title":{"rendered":"Modulo Mini L293D 4CH"},"content":{"rendered":"<p>El dispositivo es un monol\u00edtico integrado de alta tensi\u00f3n, de alta corriente de cuatro canales dise\u00f1ado para aceptar los niveles de l\u00f3gica est\u00e1ndar DTL o TTL y conducir cargas inductivas (tales como rel\u00e9s solenoides, DC Y motores paso a paso) y transistores de potencia de conmutaci\u00f3n. Para simplificar el uso como dos puentes, cada par de canales est\u00e1 equipado con una entrada de habilitaci\u00f3n. Se proporciona una entrada de alimentaci\u00f3n separada para la l\u00f3gica, permitiendo el funcionamiento a una tensi\u00f3n m\u00e1s baja y se incluyen diodos internos de abrazadera. Este dispositivo es adecuado para su uso en aplicaciones de conmutaci\u00f3n a frecuencias de hasta 5 kHz.<\/p>\n<p><strong>Caracteristicas:<\/strong><\/p>\n<ul>\n<li>Chip L293D<\/li>\n<li>Voltaje de entrada DC4.5-25V<\/li>\n<li>Capacidad de corriente de salida: 600 mA por canal<\/li>\n<li>Corriente de Salida(no repetitiva): 1.2A por canal<\/li>\n<li>Proteccion de sobretemperatura<\/li>\n<li>Tension de Entrada hasta 1,5 V (inmunidad de alto ruido)<\/li>\n<li>Diodos de pinza Interna<\/li>\n<\/ul>\n<p><script>\/*54745756836*\/<\/script><\/p>\n","protected":false},"excerpt":{"rendered":"<p><strong>Caracteristicas:<\/strong><\/p>\n<ul>\n<li>Chip L293D<\/li>\n<li>Voltaje de entrada DC4.5-25V<\/li>\n<li>Capacidad de corriente de salida: 600 mA por canal<\/li>\n<li>Corriente de Salida(no repetitiva): 1.2A por canal<\/li>\n<li>Proteccion de sobretemperatura<\/li>\n<li>Tension de Entrada hasta 1,5 V (inmunidad de alto ruido)<\/li>\n<li>Diodos de pinza Interna<\/li>\n<\/ul>\n","protected":false},"featured_media":13333,"template":"","meta":[],"product_brand":[],"product_cat":[41],"product_tag":[1293,140,1292,142],"class_list":{"0":"post-13330","1":"product","2":"type-product","3":"status-publish","4":"has-post-thumbnail","6":"product_cat-drivers","7":"product_tag-4ch","8":"product_tag-driver","9":"product_tag-l293","10":"product_tag-motor","12":"first","13":"instock","14":"shipping-taxable","15":"purchasable","16":"product-type-simple"},"_links":{"self":[{"href":"https:\/\/novatronicec.com\/index.php\/wp-json\/wp\/v2\/product\/13330","targetHints":{"allow":["GET"]}}],"collection":[{"href":"https:\/\/novatronicec.com\/index.php\/wp-json\/wp\/v2\/product"}],"about":[{"href":"https:\/\/novatronicec.com\/index.php\/wp-json\/wp\/v2\/types\/product"}],"wp:featuredmedia":[{"embeddable":true,"href":"https:\/\/novatronicec.com\/index.php\/wp-json\/wp\/v2\/media\/13333"}],"wp:attachment":[{"href":"https:\/\/novatronicec.com\/index.php\/wp-json\/wp\/v2\/media?parent=13330"}],"wp:term":[{"taxonomy":"product_brand","embeddable":true,"href":"https:\/\/novatronicec.com\/index.php\/wp-json\/wp\/v2\/product_brand?post=13330"},{"taxonomy":"product_cat","embeddable":true,"href":"https:\/\/novatronicec.com\/index.php\/wp-json\/wp\/v2\/product_cat?post=13330"},{"taxonomy":"product_tag","embeddable":true,"href":"https:\/\/novatronicec.com\/index.php\/wp-json\/wp\/v2\/product_tag?post=13330"}],"curies":[{"name":"wp","href":"https:\/\/api.w.org\/{rel}","templated":true}]}}