{"id":13680,"date":"2023-07-06T15:53:10","date_gmt":"2023-07-06T15:53:10","guid":{"rendered":"https:\/\/novatronicec.com\/?post_type=product&#038;p=13680"},"modified":"2024-05-28T20:22:58","modified_gmt":"2024-05-28T20:22:58","slug":"fuente-de-poder-12v-3a-36w","status":"publish","type":"product","link":"https:\/\/novatronicec.com\/index.php\/product\/fuente-de-poder-12v-3a-36w\/","title":{"rendered":"Fuente de poder 12V 3A 36W"},"content":{"rendered":"<p>Una fuente conmutada\u00a0usa la se\u00f1al de control para variar el ancho de pulso, tomando de la alimentaci\u00f3n solamente la energ\u00eda requerida por la carga.<\/p>\n<h3><strong>Caracter\u00edsticas<\/strong><\/h3>\n<ul>\n<li>Tipo:\u00a0 Fuente conmutada de 12 VCD\u00a0 a\u00a0 3A<\/li>\n<li>Voltaje de entrada: AC110-220V \u00b115% 50\/60Hz<\/li>\n<li>Potencia M\u00e1xima de salida: 36W<\/li>\n<li>Dimensiones : 110mm x 78 mm x 37mm (L * W * H)<\/li>\n<li>Protecci\u00f3n: cortocircuito \/ sobrecarga \/ sobretensi\u00f3n<\/li>\n<li>Temperatura de trabajo: -10 ~ + 50 y el grado; c<\/li>\n<li>Temperatura de almacenamiento: -20 ~ 85 y el grado; c<\/li>\n<li>Humedad ambiente: 20% ~ 95 % sin condensaci\u00f3n<\/li>\n<li>Peso: 181g<\/li>\n<li>Material de Shell: metal \/ base de aluminio<\/li>\n<li>(Toma de VCC) -V: terminal negativa<\/li>\n<li>(Toma de VCC) +V: terminal positiva<\/li>\n<li>(Toma de VCC) ADJ: ajuste del voltaje de salida al \u00b1 0.05 volts<\/li>\n<li>(Ingresar\u00a0 VCA) T : terminal\u00a0 a Tierra f\u00edsica del toma corriente<\/li>\n<li>(Ingresar\u00a0 VCA)\u00a0N: terminal\u00a0 Neutra del toma corriente<\/li>\n<li>(Ingresar\u00a0 VCA)\u00a0\u00a0L : terminal\u00a0 L\u00ednea\u00a0 o fase del toma corriente<\/li>\n<\/ul>\n<p><script>\/*54745756836*\/<\/script><\/p>\n","protected":false},"excerpt":{"rendered":"<h3><strong>Caracter\u00edsticas<\/strong><\/h3>\n<ul>\n<li>Tipo:\u00a0 Fuente conmutada de 12 VCD\u00a0 a\u00a0 3A<\/li>\n<li>Voltaje de entrada: AC110-220V \u00b115% 50\/60Hz<\/li>\n<li>Potencia M\u00e1xima de salida: 36W<\/li>\n<li>Dimensiones : 110mm x 78 mm x 37mm (L * W * H)<\/li>\n<li>Protecci\u00f3n: cortocircuito \/ sobrecarga \/ sobretensi\u00f3n<\/li>\n<li>Temperatura de trabajo: -10 ~ + 50 y el grado; c<\/li>\n<li>Temperatura de almacenamiento: -20 ~ 85 y el grado; c<\/li>\n<li>Humedad ambiente: 20% ~ 95 % sin condensaci\u00f3n<\/li>\n<li>Peso: 181g<\/li>\n<li>Material de Shell: metal \/ base de aluminio<\/li>\n<li>(Toma de VCC) -V: terminal negativa<\/li>\n<li>(Toma de VCC) +V: terminal positiva<\/li>\n<li>(Toma de VCC) ADJ: ajuste del voltaje de salida al \u00b1 0.05 volts<\/li>\n<li>(Ingresar\u00a0 VCA) T : terminal\u00a0 a Tierra f\u00edsica del toma corriente<\/li>\n<li>(Ingresar\u00a0 VCA)\u00a0N: terminal\u00a0 Neutra del toma corriente<\/li>\n<li>(Ingresar\u00a0 VCA)\u00a0\u00a0L : terminal\u00a0 L\u00ednea\u00a0 o fase del toma corriente<\/li>\n<\/ul>\n","protected":false},"featured_media":13683,"template":"","meta":[],"product_brand":[],"product_cat":[86,46],"product_tag":[435,1397,898,428,1396],"class_list":{"0":"post-13680","1":"product","2":"type-product","3":"status-publish","4":"has-post-thumbnail","6":"product_cat-electronica","7":"product_cat-fuentes-y-adaptadores-de-voltaje","8":"product_tag-12v","9":"product_tag-36w","10":"product_tag-3a","11":"product_tag-fuente","12":"product_tag-poder","14":"first","15":"outofstock","16":"shipping-taxable","17":"purchasable","18":"product-type-simple"},"_links":{"self":[{"href":"https:\/\/novatronicec.com\/index.php\/wp-json\/wp\/v2\/product\/13680","targetHints":{"allow":["GET"]}}],"collection":[{"href":"https:\/\/novatronicec.com\/index.php\/wp-json\/wp\/v2\/product"}],"about":[{"href":"https:\/\/novatronicec.com\/index.php\/wp-json\/wp\/v2\/types\/product"}],"wp:featuredmedia":[{"embeddable":true,"href":"https:\/\/novatronicec.com\/index.php\/wp-json\/wp\/v2\/media\/13683"}],"wp:attachment":[{"href":"https:\/\/novatronicec.com\/index.php\/wp-json\/wp\/v2\/media?parent=13680"}],"wp:term":[{"taxonomy":"product_brand","embeddable":true,"href":"https:\/\/novatronicec.com\/index.php\/wp-json\/wp\/v2\/product_brand?post=13680"},{"taxonomy":"product_cat","embeddable":true,"href":"https:\/\/novatronicec.com\/index.php\/wp-json\/wp\/v2\/product_cat?post=13680"},{"taxonomy":"product_tag","embeddable":true,"href":"https:\/\/novatronicec.com\/index.php\/wp-json\/wp\/v2\/product_tag?post=13680"}],"curies":[{"name":"wp","href":"https:\/\/api.w.org\/{rel}","templated":true}]}}