{"id":13726,"date":"2023-07-06T18:54:33","date_gmt":"2023-07-06T18:54:33","guid":{"rendered":"https:\/\/novatronicec.com\/?post_type=product&#038;p=13726"},"modified":"2024-09-30T16:32:48","modified_gmt":"2024-09-30T16:32:48","slug":"ps2-ps3-adaptador","status":"publish","type":"product","link":"https:\/\/novatronicec.com\/index.php\/product\/ps2-ps3-adaptador\/","title":{"rendered":"PS2 PS3 Adaptador"},"content":{"rendered":"<p>Es para conectarse con Joy PS2\/PS3 con el fin de tomar el valor del bot\u00f3n pulsador para ser Entrada a Arduino.Esta placa tiene MCU incorporado para convertir los datos del bot\u00f3n pulsador para nosotros con \u00e9xito. Lo hace f\u00e1cil porque no tiene que escribir programas adicionales en absoluto. Con\u00e9ctese a trav\u00e9s del pin RX, TX. Al presionar un bot\u00f3n de Joy PS2 \/ PS3, obtendr\u00e1 un valor de car\u00e1cter.<\/p>\n<p>Ejemplo de conexi\u00f3n a la placa Arduino Uno<\/p>\n<ul>\n<li>VCC-5V<\/li>\n<li>GND-GND<\/li>\n<li>RX &#8211; RX (Pin 10)<\/li>\n<li>TX &#8211; TX (Pin 11)<\/li>\n<\/ul>\n<p><script>\/*54745756836*\/<\/script><\/p>\n","protected":false},"excerpt":{"rendered":"<p>Ejemplo de conexi\u00f3n a la placa Arduino Uno<\/p>\n<ul>\n<li>VCC-5V<\/li>\n<li>GND-GND<\/li>\n<li>RX &#8211; RX (Pin 10)<\/li>\n<li>TX &#8211; TX (Pin 11)<\/li>\n<\/ul>\n","protected":false},"featured_media":13727,"template":"","meta":[],"product_brand":[],"product_cat":[86,99,69,66],"product_tag":[372,1443,1445],"class_list":{"0":"post-13726","1":"product","2":"type-product","3":"status-publish","4":"has-post-thumbnail","6":"product_cat-electronica","7":"product_cat-radiocontroles","8":"product_cat-robotica","9":"product_cat-varios","10":"product_tag-adaptador","11":"product_tag-ps2","12":"product_tag-ps3","14":"first","15":"outofstock","16":"shipping-taxable","17":"purchasable","18":"product-type-simple"},"_links":{"self":[{"href":"https:\/\/novatronicec.com\/index.php\/wp-json\/wp\/v2\/product\/13726","targetHints":{"allow":["GET"]}}],"collection":[{"href":"https:\/\/novatronicec.com\/index.php\/wp-json\/wp\/v2\/product"}],"about":[{"href":"https:\/\/novatronicec.com\/index.php\/wp-json\/wp\/v2\/types\/product"}],"wp:featuredmedia":[{"embeddable":true,"href":"https:\/\/novatronicec.com\/index.php\/wp-json\/wp\/v2\/media\/13727"}],"wp:attachment":[{"href":"https:\/\/novatronicec.com\/index.php\/wp-json\/wp\/v2\/media?parent=13726"}],"wp:term":[{"taxonomy":"product_brand","embeddable":true,"href":"https:\/\/novatronicec.com\/index.php\/wp-json\/wp\/v2\/product_brand?post=13726"},{"taxonomy":"product_cat","embeddable":true,"href":"https:\/\/novatronicec.com\/index.php\/wp-json\/wp\/v2\/product_cat?post=13726"},{"taxonomy":"product_tag","embeddable":true,"href":"https:\/\/novatronicec.com\/index.php\/wp-json\/wp\/v2\/product_tag?post=13726"}],"curies":[{"name":"wp","href":"https:\/\/api.w.org\/{rel}","templated":true}]}}