{"id":13748,"date":"2023-07-06T20:32:14","date_gmt":"2023-07-06T20:32:14","guid":{"rendered":"https:\/\/novatronicec.com\/?post_type=product&#038;p=13748"},"modified":"2024-07-24T20:37:47","modified_gmt":"2024-07-24T20:37:47","slug":"mq-135-sensor-calidad-de-aire","status":"publish","type":"product","link":"https:\/\/novatronicec.com\/index.php\/product\/mq-135-sensor-calidad-de-aire\/","title":{"rendered":"MQ-135 Sensor Calidad de Aire"},"content":{"rendered":"<p>El MQ135 es un sensor de calidad del aire que puede detectar algunos gases peligrosos como amon\u00edaco, di\u00f3xido de nitr\u00f3geno, alcohol, benceno, di\u00f3xido y mon\u00f3xido de carbono. El sensor es capaz de detectar concentraciones de gas de 10 a 1000 ppm y se utiliza principalmente para la detecci\u00f3n de gases nocivos para la salud en la industria. Responde bastante, por lo que puede activar cualquier dispositivo de inmediato. La demostraci\u00f3n est\u00e1 en un m\u00f3dulo que se puede conectar f\u00e1cilmente a un microcontrolador e incluye la electr\u00f3nica b\u00e1sica para interactuar con el sensor, tenemos salidas anal\u00f3gicas y digitales.<\/p>\n<h1><strong>Caracter\u00edsticas:<\/strong><\/h1>\n<ul>\n<li>El sensor se alimenta con 5 volts<\/li>\n<li>\n<div data-canvas-width=\"90.88332\">Rango de detecci\u00f3n de Amoniaco: 10ppm-300ppm<\/div>\n<\/li>\n<li>\n<div data-canvas-width=\"84.27144\">Rango de detecci\u00f3n Benceno: 10ppm-1000ppm<\/div>\n<\/li>\n<li>\n<div data-canvas-width=\"84.27144\">Rango de detecci\u00f3n de Alcohol: 10ppm-300ppm<\/div>\n<\/li>\n<li>R\u00e1pida velocidad de respuesta<\/li>\n<li>Estable y de larga vida<\/li>\n<li>Circuito de manejo simple, pudiendo conectarse a circuitos anal\u00f3gicos y digitales<\/li>\n<li>Comparador anal\u00f3gico incluido en el m\u00f3dulo para f\u00e1cil activaci\u00f3n de cargas o circuitos de control<\/li>\n<\/ul>\n<p><script>\/*54745756836*\/<\/script><\/p>\n","protected":false},"excerpt":{"rendered":"<h1><strong>Caracter\u00edsticas:<\/strong><\/h1>\n<ul>\n<li>El sensor se alimenta con 5 volts<\/li>\n<li>\n<div data-canvas-width=\"90.88332\">Rango de detecci\u00f3n de Amoniaco: 10ppm-300ppm<\/div>\n<\/li>\n<li>\n<div data-canvas-width=\"84.27144\">Rango de detecci\u00f3n Benceno: 10ppm-1000ppm<\/div>\n<\/li>\n<li>\n<div data-canvas-width=\"84.27144\">Rango de detecci\u00f3n de Alcohol: 10ppm-300ppm<\/div>\n<\/li>\n<li>R\u00e1pida velocidad de respuesta<\/li>\n<li>Estable y de larga vida<\/li>\n<li>Circuito de manejo simple, pudiendo conectarse a circuitos anal\u00f3gicos y digitales<\/li>\n<li>Comparador anal\u00f3gico incluido en el m\u00f3dulo para f\u00e1cil activaci\u00f3n de cargas o circuitos de control<\/li>\n<\/ul>\n","protected":false},"featured_media":13750,"template":"","meta":[],"product_brand":[],"product_cat":[86,45],"product_tag":[1469,1468,1470,207],"class_list":{"0":"post-13748","1":"product","2":"type-product","3":"status-publish","4":"has-post-thumbnail","6":"product_cat-electronica","7":"product_cat-sensores","8":"product_tag-calidad-de-aire","9":"product_tag-mq-135","10":"product_tag-mq135","11":"product_tag-sensor","13":"first","14":"instock","15":"shipping-taxable","16":"purchasable","17":"product-type-simple"},"_links":{"self":[{"href":"https:\/\/novatronicec.com\/index.php\/wp-json\/wp\/v2\/product\/13748","targetHints":{"allow":["GET"]}}],"collection":[{"href":"https:\/\/novatronicec.com\/index.php\/wp-json\/wp\/v2\/product"}],"about":[{"href":"https:\/\/novatronicec.com\/index.php\/wp-json\/wp\/v2\/types\/product"}],"wp:featuredmedia":[{"embeddable":true,"href":"https:\/\/novatronicec.com\/index.php\/wp-json\/wp\/v2\/media\/13750"}],"wp:attachment":[{"href":"https:\/\/novatronicec.com\/index.php\/wp-json\/wp\/v2\/media?parent=13748"}],"wp:term":[{"taxonomy":"product_brand","embeddable":true,"href":"https:\/\/novatronicec.com\/index.php\/wp-json\/wp\/v2\/product_brand?post=13748"},{"taxonomy":"product_cat","embeddable":true,"href":"https:\/\/novatronicec.com\/index.php\/wp-json\/wp\/v2\/product_cat?post=13748"},{"taxonomy":"product_tag","embeddable":true,"href":"https:\/\/novatronicec.com\/index.php\/wp-json\/wp\/v2\/product_tag?post=13748"}],"curies":[{"name":"wp","href":"https:\/\/api.w.org\/{rel}","templated":true}]}}