{"id":14635,"date":"2023-12-26T21:32:02","date_gmt":"2023-12-26T21:32:02","guid":{"rendered":"https:\/\/novatronicec.com\/?post_type=product&#038;p=14635"},"modified":"2025-12-22T15:43:15","modified_gmt":"2025-12-22T15:43:15","slug":"pasta-para-soldar-proskit-50g","status":"publish","type":"product","link":"https:\/\/novatronicec.com\/index.php\/product\/pasta-para-soldar-proskit-50g\/","title":{"rendered":"PASTA PARA SOLDAR PROSKIT 50g"},"content":{"rendered":"<div class=\"title--wrap--wDzGayX description--title--ZsqjrTd\">\n<div class=\"title--text--Lx66GPw\">\n<h3 class=\"title--title--RN9Pt03\">Descripci\u00f3n<\/h3>\n<\/div>\n<\/div>\n<div>\n<div class=\"extend--content--DlnAngg\">\n<div id=\"product-description\" class=\"description--product-description--nxRv0lW\" data-spm=\"1000023\" data-pl=\"product-description\">\n<div class=\"description--origin-part--SsZJoGC\">\n<div class=\"detailmodule_html\">\n<div class=\"detail-desc-decorate-richtext\">\n<div class=\"detailmodule_text\">\n<p class=\"detail-desc-decorate-content\" data-spm-anchor-id=\"a2g0o.detail.1000023.i0.7fb35BuW5BuWKg\">Nuestra pasta de soldadura se compone de fundente activado en polvo met\u00e1lico y agentes de mezcla.<br \/>\nEl \u00e1rea y el grosor a soldar se pueden controlar f\u00e1cilmente.<br \/>\nNo aparece ning\u00fan punto en un \u00e1rea sin soldadura.<br \/>\nLa pasta tiene una buena difusi\u00f3n y no corrosi\u00f3n.<\/p>\n<\/div>\n<div class=\"detailmodule_text\">\n<h3 class=\"detail-desc-decorate-content\">Caracter\u00edsticas:<\/h3>\n<p class=\"detail-desc-decorate-content\">1. Pasta de soldadura sin \u00e1cido.<br \/>\n2. Uso para soldar y desoldar, superficie de soldadura lisa.<br \/>\n3.No aparece ning\u00fan punto en el \u00e1rea sin soldadura.<br \/>\n4. Excelente capacidad de soldadura-adherencia.<br \/>\n5. no usar Flujo de refinaci\u00f3n agria, semi-s\u00f3lido f\u00e1cil de descargar.<\/p>\n<h3 class=\"detail-desc-decorate-content\">Descripciones:<\/h3>\n<p class=\"detail-desc-decorate-content\">1. No limpio y sin plomo para la protecci\u00f3n del medio ambiente.<br \/>\n2. La pasta tiene una buena difusi\u00f3n y no corrosi\u00f3n.<br \/>\n3. Gran embalaje de 50g, los ingenieros de mantenimiento son un suplemento indispensable.<\/p>\n<p class=\"detail-desc-decorate-content\">Modelo: 8S005<br \/>\nColor de la botella: verde<br \/>\nTama\u00f1o de la Caja: 66x66x11mm<br \/>\nPeso neto: 50g<\/p>\n<p>Nota:<br \/>\nEste producto tiene un fuerte efecto de limpieza y una ligera conductividad. Si se usa despu\u00e9s de limpiar la placa de circuito, limpie con alcohol antes de encender para evitar cortocircuitos.<\/p>\n<p>Informaci\u00f3n del paquete:<br \/>\nTama\u00f1o del paquete: 145x105x20mm\/5,71&#215;4,13 x pulgadas<br \/>\nPeso del paquete: 62g\/2,18 oz<\/p>\n<\/div>\n<\/div>\n<\/div>\n<\/div>\n<\/div>\n<\/div>\n<\/div>\n","protected":false},"excerpt":{"rendered":"<h3>Especificaciones<\/h3>\n<p>Pro&#8217;sKit-pasta de soldadura sin \u00e1cido 8S005 50g, pasta de aceite para soldar, fundente para soldar y desoldar, piezas de herramientas de soldadura<\/p>\n","protected":false},"featured_media":14636,"template":"","meta":[],"product_brand":[],"product_cat":[86,1110,66],"product_tag":[1058,1589,1059,1588],"class_list":{"0":"post-14635","1":"product","2":"type-product","3":"status-publish","4":"has-post-thumbnail","6":"product_cat-electronica","7":"product_cat-herramientas","8":"product_cat-varios","9":"product_tag-desoldar","10":"product_tag-pasta","11":"product_tag-proskit","12":"product_tag-soldar","14":"first","15":"outofstock","16":"shipping-taxable","17":"purchasable","18":"product-type-simple"},"_links":{"self":[{"href":"https:\/\/novatronicec.com\/index.php\/wp-json\/wp\/v2\/product\/14635","targetHints":{"allow":["GET"]}}],"collection":[{"href":"https:\/\/novatronicec.com\/index.php\/wp-json\/wp\/v2\/product"}],"about":[{"href":"https:\/\/novatronicec.com\/index.php\/wp-json\/wp\/v2\/types\/product"}],"wp:featuredmedia":[{"embeddable":true,"href":"https:\/\/novatronicec.com\/index.php\/wp-json\/wp\/v2\/media\/14636"}],"wp:attachment":[{"href":"https:\/\/novatronicec.com\/index.php\/wp-json\/wp\/v2\/media?parent=14635"}],"wp:term":[{"taxonomy":"product_brand","embeddable":true,"href":"https:\/\/novatronicec.com\/index.php\/wp-json\/wp\/v2\/product_brand?post=14635"},{"taxonomy":"product_cat","embeddable":true,"href":"https:\/\/novatronicec.com\/index.php\/wp-json\/wp\/v2\/product_cat?post=14635"},{"taxonomy":"product_tag","embeddable":true,"href":"https:\/\/novatronicec.com\/index.php\/wp-json\/wp\/v2\/product_tag?post=14635"}],"curies":[{"name":"wp","href":"https:\/\/api.w.org\/{rel}","templated":true}]}}