{"id":15047,"date":"2024-06-25T16:16:18","date_gmt":"2024-06-25T16:16:18","guid":{"rendered":"https:\/\/novatronicec.com\/?post_type=product&#038;p=15047"},"modified":"2024-07-25T16:08:13","modified_gmt":"2024-07-25T16:08:13","slug":"hc-sr04-sensor-ultrasonico-compatible-con-modulo-rus-04-con-distancia-de-luz-rgb-para-evitar-obstaculos","status":"publish","type":"product","link":"https:\/\/novatronicec.com\/index.php\/product\/hc-sr04-sensor-ultrasonico-compatible-con-modulo-rus-04-con-distancia-de-luz-rgb-para-evitar-obstaculos\/","title":{"rendered":"HC-SR04 Sensor ultras\u00f3nico compatible con m\u00f3dulo RUS-04 con distancia de luz RGB para evitar obst\u00e1culos"},"content":{"rendered":"<h3 class=\"a-spacing-mini\">HCSR04 con RGB<\/h3>\n<p>Con 6 LED RGB Neopixel incorporados, el HCSR04 acaba de mejorar. A\u00f1ade un toque agradable a tus aplicaciones rob\u00f3ticas con estos potentes LED que son compatibles con varias bibliotecas Neopixel en Arduino IDE, MicroPython y otros idiomas.<\/p>\n<ul class=\"a-unordered-list a-vertical a-spacing-mini\">\n<li class=\"a-spacing-mini\"><span class=\"a-list-item\">M\u00f3dulo RGB con 6 LED para mostrar colores. Se puede utilizar como indicador visual de distancia<\/span><\/li>\n<li class=\"a-spacing-mini\"><span class=\"a-list-item\">M\u00f3dulo ultras\u00f3nico HC-SR04 que es popular y f\u00e1cil de usar para calcular la distancia.<\/span><\/li>\n<li class=\"a-spacing-mini\"><span class=\"a-list-item\">Fuente de alimentaci\u00f3n: 5 V CC<\/span><\/li>\n<li class=\"a-spacing-mini\"><span class=\"a-list-item\">Compatible con una variedad de dispositivos y microcontroladores como Raspberry Pi (incluyendo Pico y Pico W), Arduino y mucho m\u00e1s.<\/span><\/li>\n<li class=\"a-spacing-mini\"><span class=\"a-list-item\">Funciona mejor entre 0.8\u00a0in y 157.5\u00a0in de rango<\/span><\/li>\n<\/ul>\n","protected":false},"excerpt":{"rendered":"<h3 class=\"a-size-extra-large a-spacing-base a-text-center\">Especificaciones:<\/h3>\n<div class=\"a-row\">\n<div class=\"a-column a-span12 aplus-tech-spec-hide-loading\">\n<table class=\"a-bordered a-horizontal-stripes aplus-tech-spec-table\">\n<tbody>\n<tr>\n<td class=\"a-text-bold\">Voltaje de entrada<\/td>\n<td>5 V<\/td>\n<\/tr>\n<tr>\n<td class=\"a-text-bold\">Distancia de rango<\/td>\n<td>0.8 in-157.5 in\/4 meses<\/td>\n<\/tr>\n<tr>\n<td class=\"a-text-bold\">\u00c1ngulo de medici\u00f3n<\/td>\n<td>15 grados<\/td>\n<\/tr>\n<tr>\n<td class=\"a-text-bold\">LED<\/td>\n<td>3 neop\u00edxeles por barril (6 en total)<\/td>\n<\/tr>\n<tr>\n<td class=\"a-text-bold\">Precisi\u00f3n<\/td>\n<td>0.118 in<\/td>\n<\/tr>\n<tr>\n<td class=\"a-text-bold\">Corriente de funcionamiento<\/td>\n<td>&lt;15 mA<\/td>\n<\/tr>\n<tr>\n<td class=\"a-text-bold\">Dimensi\u00f3n<\/td>\n<td>1.772 in x 0.787 in x 0.591 in<\/td>\n<\/tr>\n<\/tbody>\n<\/table>\n<\/div>\n<\/div>\n","protected":false},"featured_media":15049,"template":"","meta":[],"product_brand":[],"product_cat":[86],"product_tag":[],"class_list":{"0":"post-15047","1":"product","2":"type-product","3":"status-publish","4":"has-post-thumbnail","6":"product_cat-electronica","8":"first","9":"instock","10":"shipping-taxable","11":"purchasable","12":"product-type-simple"},"_links":{"self":[{"href":"https:\/\/novatronicec.com\/index.php\/wp-json\/wp\/v2\/product\/15047","targetHints":{"allow":["GET"]}}],"collection":[{"href":"https:\/\/novatronicec.com\/index.php\/wp-json\/wp\/v2\/product"}],"about":[{"href":"https:\/\/novatronicec.com\/index.php\/wp-json\/wp\/v2\/types\/product"}],"wp:featuredmedia":[{"embeddable":true,"href":"https:\/\/novatronicec.com\/index.php\/wp-json\/wp\/v2\/media\/15049"}],"wp:attachment":[{"href":"https:\/\/novatronicec.com\/index.php\/wp-json\/wp\/v2\/media?parent=15047"}],"wp:term":[{"taxonomy":"product_brand","embeddable":true,"href":"https:\/\/novatronicec.com\/index.php\/wp-json\/wp\/v2\/product_brand?post=15047"},{"taxonomy":"product_cat","embeddable":true,"href":"https:\/\/novatronicec.com\/index.php\/wp-json\/wp\/v2\/product_cat?post=15047"},{"taxonomy":"product_tag","embeddable":true,"href":"https:\/\/novatronicec.com\/index.php\/wp-json\/wp\/v2\/product_tag?post=15047"}],"curies":[{"name":"wp","href":"https:\/\/api.w.org\/{rel}","templated":true}]}}