{"id":15122,"date":"2024-06-25T15:51:33","date_gmt":"2024-06-25T15:51:33","guid":{"rendered":"https:\/\/novatronicec.com\/?post_type=product&#038;p=15122"},"modified":"2024-06-25T15:51:33","modified_gmt":"2024-06-25T15:51:33","slug":"probador-de-voltaje-digital-tl9417","status":"publish","type":"product","link":"https:\/\/novatronicec.com\/index.php\/product\/probador-de-voltaje-digital-tl9417\/","title":{"rendered":"PROBADOR DE VOLTAJE DIGITAL TL9417"},"content":{"rendered":"<h2>Descripci\u00f3n<\/h2>\n<p>El probador de voltaje digital multifuncional est\u00e1 dise\u00f1ado para medir directamente el voltaje CA\/CC que oscila entre 12 y 250 V y detectar indirectamente l\u00edneas nulas, l\u00edneas de fase y continuidad del voltaje CA\/CC. Adem\u00e1s, tambi\u00e9n se puede utilizar para probar la continuidad de elementos no conductores. La unidad, f\u00e1cil de usar, funciona con dos botones. Mango suave para un agarre c\u00f3modo y f\u00e1cil y fabricado con una carcasa de pl\u00e1stico de ingenier\u00eda ABS de alta calidad.<\/p>\n<p><strong><em>Instrucciones de la pantalla de lectura de voltaje:<\/em><\/strong><br \/>\n1. Pantalla 12, que indica voltaje entre 9 V-12 V<br \/>\n2. Pantalla 12-36, que indica voltaje entre 12 V-36 V<br \/>\n3. Pantalla 12-36-55, que indica voltaje entre 36 V-55 V<br \/>\n4. Pantalla 12-36 -110, indica voltaje entre 55 V-110 V<br \/>\n5. Pantalla 12-36-110-250, indica voltaje superior a 250 V<\/p>\n<h2><strong><br \/>\nEspecificaciones<br \/>\n<\/strong><\/h2>\n<p>\u2022 Descripci\u00f3n Probador de voltaje digital multifuncional<br \/>\n\u2022 Medida de aplicaci\u00f3n 12-250 V CA\/CC<br \/>\n\u2022 Tipo de producto El\u00e9ctrico L\u00e1piz detector de voltaje, herramienta de diagn\u00f3stico de voltaje,<br \/>\n\u2022 L\u00e1piz probador de voltaje digital port\u00e1til<br \/>\n\u2022 Voltaje: 12-250 V<br \/>\n\u2022 Tama\u00f1o de la punta (aprox.): 3 mm<br \/>\n\u2022 Color: amarillo<br \/>\n\u2022 Tama\u00f1o total (aprox.): 130 x 19 x 13 mm (largo x An x Al)<br \/>\n\u2022 Peso neto: 34 g<\/p>\n","protected":false},"excerpt":{"rendered":"<h2><strong>Especificaciones<br \/>\n<\/strong><\/h2>\n<p>\u2022 Descripci\u00f3n Probador de voltaje digital multifuncional<br \/>\n\u2022 Medida de aplicaci\u00f3n 12-250 V CA\/CC<br \/>\n\u2022 Tipo de producto El\u00e9ctrico L\u00e1piz detector de voltaje, herramienta de diagn\u00f3stico de voltaje,<br \/>\n\u2022 L\u00e1piz probador de voltaje digital port\u00e1til<br \/>\n\u2022 Voltaje: 12-250 V<br \/>\n\u2022 Tama\u00f1o de la punta (aprox.): 3 mm<br \/>\n\u2022 Color: amarillo<br \/>\n\u2022 Tama\u00f1o total (aprox.): 130 x 19 x 13 mm (largo x An x Al)<br \/>\n\u2022 Peso neto: 34 g<\/p>\n","protected":false},"featured_media":15123,"template":"","meta":[],"product_brand":[],"product_cat":[1110],"product_tag":[1062,356],"class_list":{"0":"post-15122","1":"product","2":"type-product","3":"status-publish","4":"has-post-thumbnail","6":"product_cat-herramientas","7":"product_tag-multimetro","8":"product_tag-voltimetro","10":"first","11":"instock","12":"shipping-taxable","13":"purchasable","14":"product-type-simple"},"_links":{"self":[{"href":"https:\/\/novatronicec.com\/index.php\/wp-json\/wp\/v2\/product\/15122","targetHints":{"allow":["GET"]}}],"collection":[{"href":"https:\/\/novatronicec.com\/index.php\/wp-json\/wp\/v2\/product"}],"about":[{"href":"https:\/\/novatronicec.com\/index.php\/wp-json\/wp\/v2\/types\/product"}],"wp:featuredmedia":[{"embeddable":true,"href":"https:\/\/novatronicec.com\/index.php\/wp-json\/wp\/v2\/media\/15123"}],"wp:attachment":[{"href":"https:\/\/novatronicec.com\/index.php\/wp-json\/wp\/v2\/media?parent=15122"}],"wp:term":[{"taxonomy":"product_brand","embeddable":true,"href":"https:\/\/novatronicec.com\/index.php\/wp-json\/wp\/v2\/product_brand?post=15122"},{"taxonomy":"product_cat","embeddable":true,"href":"https:\/\/novatronicec.com\/index.php\/wp-json\/wp\/v2\/product_cat?post=15122"},{"taxonomy":"product_tag","embeddable":true,"href":"https:\/\/novatronicec.com\/index.php\/wp-json\/wp\/v2\/product_tag?post=15122"}],"curies":[{"name":"wp","href":"https:\/\/api.w.org\/{rel}","templated":true}]}}