{"id":15259,"date":"2024-07-27T16:30:51","date_gmt":"2024-07-27T16:30:51","guid":{"rendered":"https:\/\/novatronicec.com\/?post_type=product&#038;p=15259"},"modified":"2024-07-27T16:30:52","modified_gmt":"2024-07-27T16:30:52","slug":"disco-piezoelectrico-27mm-con-cable","status":"publish","type":"product","link":"https:\/\/novatronicec.com\/index.php\/product\/disco-piezoelectrico-27mm-con-cable\/","title":{"rendered":"Disco Piezoel\u00e9ctrico 27mm con cable"},"content":{"rendered":"<h2>Descripci\u00f3n:<\/h2>\n<ul class=\"a-unordered-list a-vertical a-spacing-mini\">\n<li class=\"a-spacing-mini\"><span class=\"a-list-item\">Material de calidad: el disco piezoel\u00e9ctrico est\u00e1 hecho de material de lat\u00f3n de calidad, antienvejecimiento, con larga vida \u00fatil.<\/span><\/li>\n<li class=\"a-spacing-mini\"><span class=\"a-list-item\">Instalaci\u00f3n simple: Este elemento piezo sensor con procedimiento de instalaci\u00f3n simple, f\u00e1cil de usar. Peque\u00f1o, delgado y ligero.<\/span><\/li>\n<li class=\"a-spacing-mini\"><span class=\"a-list-item\">Alta sensibilidad: El tambor dispara el disco con alta sensibilidad, confiable y estable, impedancia resonante: 300\u03a9 m\u00e1s grande; Capacitancia est\u00e1tica: 50000PF +\/- 30%.<\/span><\/li>\n<\/ul>\n","protected":false},"excerpt":{"rendered":"<h2>Descripci\u00f3n:<\/h2>\n<p>Disco Piezo el\u00e9ctrico de 27mm de di\u00e1metro es un disco met\u00e1lico plano con cables utilizado como sensor para vibraciones u oscilaciones y como transductor como parlante o buzzer.<\/p>\n","protected":false},"featured_media":15261,"template":"","meta":[],"product_brand":[],"product_cat":[86,45],"product_tag":[],"class_list":{"0":"post-15259","1":"product","2":"type-product","3":"status-publish","4":"has-post-thumbnail","6":"product_cat-electronica","7":"product_cat-sensores","9":"first","10":"instock","11":"shipping-taxable","12":"purchasable","13":"product-type-simple"},"_links":{"self":[{"href":"https:\/\/novatronicec.com\/index.php\/wp-json\/wp\/v2\/product\/15259","targetHints":{"allow":["GET"]}}],"collection":[{"href":"https:\/\/novatronicec.com\/index.php\/wp-json\/wp\/v2\/product"}],"about":[{"href":"https:\/\/novatronicec.com\/index.php\/wp-json\/wp\/v2\/types\/product"}],"wp:featuredmedia":[{"embeddable":true,"href":"https:\/\/novatronicec.com\/index.php\/wp-json\/wp\/v2\/media\/15261"}],"wp:attachment":[{"href":"https:\/\/novatronicec.com\/index.php\/wp-json\/wp\/v2\/media?parent=15259"}],"wp:term":[{"taxonomy":"product_brand","embeddable":true,"href":"https:\/\/novatronicec.com\/index.php\/wp-json\/wp\/v2\/product_brand?post=15259"},{"taxonomy":"product_cat","embeddable":true,"href":"https:\/\/novatronicec.com\/index.php\/wp-json\/wp\/v2\/product_cat?post=15259"},{"taxonomy":"product_tag","embeddable":true,"href":"https:\/\/novatronicec.com\/index.php\/wp-json\/wp\/v2\/product_tag?post=15259"}],"curies":[{"name":"wp","href":"https:\/\/api.w.org\/{rel}","templated":true}]}}