{"id":15427,"date":"2024-08-02T15:02:12","date_gmt":"2024-08-02T15:02:12","guid":{"rendered":"https:\/\/novatronicec.com\/?post_type=product&#038;p=15427"},"modified":"2024-08-02T15:02:12","modified_gmt":"2024-08-02T15:02:12","slug":"74ls48-decodificador-7-segmentos-catodo-comun","status":"publish","type":"product","link":"https:\/\/novatronicec.com\/index.php\/product\/74ls48-decodificador-7-segmentos-catodo-comun\/","title":{"rendered":"74LS48 Decodificador 7 segmentos c\u00e1todo com\u00fan"},"content":{"rendered":"<h2>Descripci\u00f3n:<\/h2>\n<p>74LS48 Decodificador es un circuito integrado que convierte el c\u00f3digo binario de entrada en formato BCD a niveles l\u00f3gicos que permiten activar display\u00b4s de 7 segmentos de c\u00e1todo com\u00fan en donde la posici\u00f3n de cada barra forma el n\u00famero decodificado.<\/p>\n<p>Sirve para verificar la transformaci\u00f3n de BCD a 7 segmentos. A diferencia del circuito 74LS47 es que controla display\u00b4s de 7 segmentos de \u00e1nodo com\u00fan y el 74LS48 es para display\u00b4s de c\u00e1todo com\u00fan.<\/p>\n<h2>Caracter\u00edsticas:<\/h2>\n<ul>\n<li>Tipo: C\u00e1todo com\u00fan<\/li>\n<li>Numero de serie: 74LS48 o SN74LS48N<\/li>\n<li>Paquete: DIP16<\/li>\n<li>Estilo de montaje: Through Hole<\/li>\n<li>Color: Negro y Gris<\/li>\n<li>Dimensiones: 19.52mm x 6.36mm x 3.33mm<\/li>\n<li>Peso: 1g<\/li>\n<li>Voltaje de alimentaci\u00f3n: 4.75V(m\u00edn.) a 5.5V(m\u00e1x.)<\/li>\n<li>Rango corriente de salida baja (\u00aba\u00bb a \u00abg\u00bb): 6.4mA<\/li>\n<li>Rango corriente de salida baja BI\/ RBO: 1.6 a 3.2 mA<\/li>\n<li>Configuraci\u00f3n de salidas: 2K\u03a9 PULL-UP<\/li>\n<li>Temperatura de operaci\u00f3n m\u00ednima: 0\u00b0C<\/li>\n<li>Temperatura de operaci\u00f3n m\u00e1xima: 70\u00b0C<\/li>\n<\/ul>\n","protected":false},"excerpt":{"rendered":"<h3>Caracter\u00edsticas:<\/h3>\n<ul>\n<li>Tipo: C\u00e1todo com\u00fan<\/li>\n<li>Numero de serie: 74LS48 o SN74LS48N<\/li>\n<li>Paquete: DIP16<\/li>\n<li>Estilo de montaje: Through Hole<\/li>\n<li>Color: Negro y Gris<\/li>\n<li>Dimensiones: 19.52mm x 6.36mm x 3.33mm<\/li>\n<li>Peso: 1g<\/li>\n<li>Voltaje de alimentaci\u00f3n: 4.75V(m\u00edn.) a 5.5V(m\u00e1x.)<\/li>\n<li>Rango corriente de salida baja (\u00aba\u00bb a \u00abg\u00bb): 6.4mA<\/li>\n<li>Rango corriente de salida baja BI\/ RBO: 1.6 a 3.2 mA<\/li>\n<li>Configuraci\u00f3n de salidas: 2K\u03a9 PULL-UP<\/li>\n<li>Temperatura de operaci\u00f3n m\u00ednima: 0\u00b0C<\/li>\n<li>Temperatura de operaci\u00f3n m\u00e1xima: 70\u00b0C<\/li>\n<\/ul>\n","protected":false},"featured_media":15428,"template":"","meta":[],"product_brand":[],"product_cat":[1592,86],"product_tag":[1521,1712,1713,715,995],"class_list":{"0":"post-15427","1":"product","2":"type-product","3":"status-publish","4":"has-post-thumbnail","6":"product_cat-compuertas-logicas","7":"product_cat-electronica","8":"product_tag-7-segmentos","9":"product_tag-1712","10":"product_tag-74ls48","11":"product_tag-catodo-comun","12":"product_tag-display","14":"first","15":"instock","16":"shipping-taxable","17":"purchasable","18":"product-type-simple"},"_links":{"self":[{"href":"https:\/\/novatronicec.com\/index.php\/wp-json\/wp\/v2\/product\/15427","targetHints":{"allow":["GET"]}}],"collection":[{"href":"https:\/\/novatronicec.com\/index.php\/wp-json\/wp\/v2\/product"}],"about":[{"href":"https:\/\/novatronicec.com\/index.php\/wp-json\/wp\/v2\/types\/product"}],"wp:featuredmedia":[{"embeddable":true,"href":"https:\/\/novatronicec.com\/index.php\/wp-json\/wp\/v2\/media\/15428"}],"wp:attachment":[{"href":"https:\/\/novatronicec.com\/index.php\/wp-json\/wp\/v2\/media?parent=15427"}],"wp:term":[{"taxonomy":"product_brand","embeddable":true,"href":"https:\/\/novatronicec.com\/index.php\/wp-json\/wp\/v2\/product_brand?post=15427"},{"taxonomy":"product_cat","embeddable":true,"href":"https:\/\/novatronicec.com\/index.php\/wp-json\/wp\/v2\/product_cat?post=15427"},{"taxonomy":"product_tag","embeddable":true,"href":"https:\/\/novatronicec.com\/index.php\/wp-json\/wp\/v2\/product_tag?post=15427"}],"curies":[{"name":"wp","href":"https:\/\/api.w.org\/{rel}","templated":true}]}}