{"id":15563,"date":"2024-08-20T20:25:08","date_gmt":"2024-08-20T20:25:08","guid":{"rendered":"https:\/\/novatronicec.com\/?post_type=product&#038;p=15563"},"modified":"2024-08-20T20:25:08","modified_gmt":"2024-08-20T20:25:08","slug":"tinymixer-fingertech-2","status":"publish","type":"product","link":"https:\/\/novatronicec.com\/index.php\/product\/tinymixer-fingertech-2\/","title":{"rendered":"TinyMixer FingerTech"},"content":{"rendered":"<h2>Descripci\u00f3n:<\/h2>\n<p>\u00a1FingerTech tiny ESC incluye la mayor potencia en el paquete m\u00e1s peque\u00f1o! No sacrifiques espacio y peso en los voluminosos controladores de motor.<\/p>\n<p>\u2022 Controlador de motor cepillado bidireccional.<br \/>\n\u2022 Ultracompacto y ligero.<br \/>\n\u2022 Protecci\u00f3n contra subtensi\u00f3n, sobrecorriente, sobretensi\u00f3n.<br \/>\n\u2022 El BEC interno (circuito eliminador de bater\u00eda) proporciona 5V al receptor, \u00a1no se requiere bater\u00eda de receptor adicional!<br \/>\n\u2022 La funci\u00f3n de calibraci\u00f3n permite una conducci\u00f3n de precisi\u00f3n.<br \/>\n\u2022 LED de estado para ambas direcciones y calibraci\u00f3n.<\/p>\n<p>Estos controladores de velocidad se adaptan perfectamente a nuestra propia l\u00ednea de motores Gold Spark y Silver Spark, Copals, Sanyos, B16s, B62s, Kitbots 1000RPM, etc. Para los cortos tiempos de funcionamiento de los robots, tinyESCs puede ejecutar cualquier puesto de\u00a0hasta 5A.<\/p>\n<p><img decoding=\"async\" class=\"alignnone size-medium wp-image-2840\" src=\"https:\/\/grupoelectrostore.com\/wp-content\/uploads\/2020\/03\/tinyESCv2.5wiring_web_lg-300x208.png\" sizes=\"(max-width: 300px) 100vw, 300px\" srcset=\"https:\/\/grupoelectrostore.com\/wp-content\/uploads\/2020\/03\/tinyESCv2.5wiring_web_lg-300x208.png 300w, https:\/\/grupoelectrostore.com\/wp-content\/uploads\/2020\/03\/tinyESCv2.5wiring_web_lg-400x277.png 400w, https:\/\/grupoelectrostore.com\/wp-content\/uploads\/2020\/03\/tinyESCv2.5wiring_web_lg-220x154.png 220w, https:\/\/grupoelectrostore.com\/wp-content\/uploads\/2020\/03\/tinyESCv2.5wiring_web_lg-64x44.png 64w, https:\/\/grupoelectrostore.com\/wp-content\/uploads\/2020\/03\/tinyESCv2.5wiring_web_lg.png 650w\" alt=\"\" width=\"300\" height=\"208\" \/><\/p>\n<p>* El tinyESC incluye un circuito eliminador de bater\u00eda. Si no hay suministro de 5V en el robot, esto alimentar\u00e1 el receptor de radio de la bater\u00eda principal. Hay un diodo de bloqueo en v2.4 y superior, por lo que se pueden ejecutar m\u00faltiples BECESESC peque\u00f1os al mismo tiempo, junto con un BEC ESC no diminuto (como en un controlador de motor de arma).<br \/>\n* Si est\u00e1 controlando el tinyESC desde un dispositivo con alimentaci\u00f3n (como Arduino, etc.), ahora no tiene que preocuparse por da\u00f1ar el tinyESC debido a voltajes m\u00e1s altos.<br \/>\n* Incluye condensador de 0.01uF. La soldadura entre los cables del motor filtra el ruido del motor y los picos de voltaje. (No se requiere para los motores FingerTech Spark; son de alta calidad y no generan picos de voltaje peligrosos).<\/p>\n<h2>Caracter\u00edsticas:<\/h2>\n<p>Voltaje de la bater\u00eda: 6.5V \u2013 36V<br \/>\nCorriente del motor: 1.5A continua (para siempre). Para los robots, la corriente continua utilizable es 2.0A.<br \/>\nCorriente m\u00e1xima: 3A. Sin embargo, para los robots, los motores de parada 5A son manejados f\u00e1cilmente por tinyESCs.<br \/>\nSalida BEC: 5V, 100mA (puede ejecutar otros componentes electr\u00f3nicos como receptores y otros ESC, pero no motores o servos. Los receptores con telemetr\u00eda requieren un BEC m\u00e1s fuerte \/ separado).<br \/>\nLa corriente BEC se reduce para un voltaje por encima de 8 V.<br \/>\nFrecuencia: 1953Hz (v2.6 y superior), 976Hz (v2.5 y inferior).<br \/>\nEl motor se frena para detenerse en lugar de detenerse. \u00a1Esto proporciona un control preciso del motor, crucial para la conducci\u00f3n del robot!<\/p>\n<p>Motores que nuestros clientes utilizan regularmente en un solo tinyESC:<br \/>\n\u2013 2 chispas de oro \/ plata de 16 mm hasta 18.5V<br \/>\n\u2013 2 Maxons 13 mm hasta 18.5V<br \/>\n\u2013 3 BotBitz \/ Pololu \/ Sanyo 12mm<br \/>\n\u2013 1 Kitbots 1000RPM 25mm hasta 11.1V (necesita condensador)<br \/>\n\u2013 1 B16 de 22 mm hasta 11,1 V (p\u00e9rdida de 2,5 A)<br \/>\n\u2013 1 B62 22 mm hasta 11.1 V (p\u00e9rdida de 5 A)<br \/>\n\u2013 1 BotKits de 22 mm hasta 11,1 V (p\u00e9rdida de 5 A)<br \/>\n* Nota: M\u00faltiples motores en un solo tinyESC no se pueden controlar de forma independiente. Una unidad est\u00e1ndar requerir\u00eda 1 ESC por lado, manejando 1-3 motores cada uno.<\/p>\n<p>&nbsp;<\/p>\n<p>Actualmente hay dos formas conocidas de destruir un tinyESC. (\u00a1As\u00ed que ev\u00edtalos!)<\/p>\n<p>1) Aplicaci\u00f3n de voltaje de bater\u00eda a las salidas del motor.<br \/>\n2) Picos de voltaje de motores ruidosos (sin usar el condensador incluido). Los motores de alta eficiencia como la marca Maxon pueden crear picos de voltaje en la inversi\u00f3n, por lo que tambi\u00e9n se necesita el condensador.<br \/>\n-Los motores FingerTech Spark no son ruidosos y no necesitan el condensador.<\/p>\n","protected":false},"excerpt":{"rendered":"<h2>Caracter\u00edsticas:<\/h2>\n<p>Voltaje de la bater\u00eda: 6.5V \u2013 36V<br \/>\nCorriente del motor: 1.5A continua (para siempre). Para los robots, la corriente continua utilizable es 2.0A.<br \/>\nCorriente m\u00e1xima: 3A. Sin embargo, para los robots, los motores de parada 5A son manejados f\u00e1cilmente por tinyESCs<br \/>\nSalida BEC: 5V, 100mA (puede ejecutar otros componentes electr\u00f3nicos como receptores y otros ESC, pero no motores o servos.<br \/>\nLa corriente BEC se reduce para un voltaje por encima de 8 V.<br \/>\nFrecuencia: 1953Hz (v2.6 y superior), 976Hz (v2.5 y inferior).<\/p>\n","protected":false},"featured_media":15565,"template":"","meta":[],"product_brand":[],"product_cat":[41,86,43],"product_tag":[140,1299,1749,1750],"class_list":{"0":"post-15563","1":"product","2":"type-product","3":"status-publish","4":"has-post-thumbnail","6":"product_cat-drivers","7":"product_cat-electronica","8":"product_cat-motores-y-actuadores","9":"product_tag-driver","10":"product_tag-esc","11":"product_tag-fingertech","12":"product_tag-tinyesc","14":"first","15":"instock","16":"shipping-taxable","17":"purchasable","18":"product-type-simple"},"_links":{"self":[{"href":"https:\/\/novatronicec.com\/index.php\/wp-json\/wp\/v2\/product\/15563","targetHints":{"allow":["GET"]}}],"collection":[{"href":"https:\/\/novatronicec.com\/index.php\/wp-json\/wp\/v2\/product"}],"about":[{"href":"https:\/\/novatronicec.com\/index.php\/wp-json\/wp\/v2\/types\/product"}],"wp:featuredmedia":[{"embeddable":true,"href":"https:\/\/novatronicec.com\/index.php\/wp-json\/wp\/v2\/media\/15565"}],"wp:attachment":[{"href":"https:\/\/novatronicec.com\/index.php\/wp-json\/wp\/v2\/media?parent=15563"}],"wp:term":[{"taxonomy":"product_brand","embeddable":true,"href":"https:\/\/novatronicec.com\/index.php\/wp-json\/wp\/v2\/product_brand?post=15563"},{"taxonomy":"product_cat","embeddable":true,"href":"https:\/\/novatronicec.com\/index.php\/wp-json\/wp\/v2\/product_cat?post=15563"},{"taxonomy":"product_tag","embeddable":true,"href":"https:\/\/novatronicec.com\/index.php\/wp-json\/wp\/v2\/product_tag?post=15563"}],"curies":[{"name":"wp","href":"https:\/\/api.w.org\/{rel}","templated":true}]}}