{"id":15770,"date":"2024-11-11T15:42:53","date_gmt":"2024-11-11T15:42:53","guid":{"rendered":"https:\/\/novatronicec.com\/?post_type=product&#038;p=15770"},"modified":"2025-08-25T14:47:21","modified_gmt":"2025-08-25T14:47:21","slug":"bateria-recargable-xbalog-18650-3-7v-8800mah-li-ion","status":"publish","type":"product","link":"https:\/\/novatronicec.com\/index.php\/product\/bateria-recargable-xbalog-18650-3-7v-8800mah-li-ion\/","title":{"rendered":"Bater\u00eda Recargable X-BALOG 18650 3.7V 8800mAh Li-Ion"},"content":{"rendered":"<p>Son bater\u00edas de litio confiables y de alta calidad con qu\u00edmica avanzada. Las bater\u00edas se fabrican en Corea utilizando las tecnolog\u00edas y par\u00e1metros de calidad m\u00e1s modernos y se diferencian de otras por su gran capacidad y alto rendimiento. La alta capacidad real de estas bater\u00edas recargables (8800 mah) garantiza el funcionamiento m\u00e1s prolongado posible de los dispositivos electr\u00f3nicos. Las bater\u00edas son 100% originales.<\/p>\n<p>Dise\u00f1ado para su uso en dispositivos que requieren una salida de corriente significativa, es ampliamente utilizado en computadoras port\u00e1tiles, linternas potentes, pistolas de aturdimiento, herramientas el\u00e9ctricas, etc.<\/p>\n<p>Soporta hasta 5000 ciclos de carga\/descarga.<\/p>\n<h3>Caracter\u00edsticas<\/h3>\n<ul>\n<li>Pila Recargable<\/li>\n<li>Marca: X-balog<\/li>\n<li>Modelo 18650<\/li>\n<li>Capacidad: 8800 mAh<\/li>\n<li>Voltaje: 3.7 v<\/li>\n<li>Tipo: li-ion<\/li>\n<li>Medidas: 6,5 cm de altura x 1,8 cm di\u00e1metro<\/li>\n<li>500 ciclos de descarga y carga.<\/li>\n<li>Temperatura de funcionamiento durante la descarga: -20 a 60C<\/li>\n<\/ul>\n","protected":false},"excerpt":{"rendered":"<h3>Caracter\u00edsticas<\/h3>\n<ul>\n<li>Pila Recargable<\/li>\n<li>Marca: X-balog<\/li>\n<li>Modelo 18650<\/li>\n<li>Capacidad: 8800 mAh<\/li>\n<li>Voltaje: 3.7 v<\/li>\n<li>Tipo: li-ion<\/li>\n<li>Medidas: 6,5 cm de altura x 1,8 cm di\u00e1metro<\/li>\n<li>500 ciclos de descarga y carga.<\/li>\n<li>Temperatura de funcionamiento durante la descarga: -20 a 60C<\/li>\n<\/ul>\n","protected":false},"featured_media":15772,"template":"","meta":[],"product_brand":[],"product_cat":[128],"product_tag":[669,131,713,670],"class_list":{"0":"post-15770","1":"product","2":"type-product","3":"status-publish","4":"has-post-thumbnail","6":"product_cat-baterias","7":"product_tag-669","8":"product_tag-bateria","9":"product_tag-bateria-recargable","10":"product_tag-li-ion","12":"first","13":"instock","14":"shipping-taxable","15":"purchasable","16":"product-type-simple"},"_links":{"self":[{"href":"https:\/\/novatronicec.com\/index.php\/wp-json\/wp\/v2\/product\/15770","targetHints":{"allow":["GET"]}}],"collection":[{"href":"https:\/\/novatronicec.com\/index.php\/wp-json\/wp\/v2\/product"}],"about":[{"href":"https:\/\/novatronicec.com\/index.php\/wp-json\/wp\/v2\/types\/product"}],"wp:featuredmedia":[{"embeddable":true,"href":"https:\/\/novatronicec.com\/index.php\/wp-json\/wp\/v2\/media\/15772"}],"wp:attachment":[{"href":"https:\/\/novatronicec.com\/index.php\/wp-json\/wp\/v2\/media?parent=15770"}],"wp:term":[{"taxonomy":"product_brand","embeddable":true,"href":"https:\/\/novatronicec.com\/index.php\/wp-json\/wp\/v2\/product_brand?post=15770"},{"taxonomy":"product_cat","embeddable":true,"href":"https:\/\/novatronicec.com\/index.php\/wp-json\/wp\/v2\/product_cat?post=15770"},{"taxonomy":"product_tag","embeddable":true,"href":"https:\/\/novatronicec.com\/index.php\/wp-json\/wp\/v2\/product_tag?post=15770"}],"curies":[{"name":"wp","href":"https:\/\/api.w.org\/{rel}","templated":true}]}}