{"id":17671,"date":"2025-10-03T22:54:23","date_gmt":"2025-10-03T22:54:23","guid":{"rendered":"https:\/\/novatronicec.com\/?post_type=product&#038;p=17671"},"modified":"2025-10-03T22:54:26","modified_gmt":"2025-10-03T22:54:26","slug":"esc-5a-para-motor-brushed-dual-2s-3s","status":"publish","type":"product","link":"https:\/\/novatronicec.com\/index.php\/product\/esc-5a-para-motor-brushed-dual-2s-3s\/","title":{"rendered":"ESC 5A PARA MOTOR BRUSHED DUAL 2S-3S"},"content":{"rendered":"<h4>DESCRIPCI\u00d3N:<\/h4>\n<p>El ESC 5A Dual Brushed es un controlador electr\u00f3nico dise\u00f1ado para manejar hasta dos motores de escobillas (brushed) de manera simult\u00e1nea, ideal para proyectos de rob\u00f3tica, peque\u00f1os veh\u00edculos RC y sistemas mecatr\u00f3nicos. Gracias a su tama\u00f1o compacto y ligereza, es perfecto para aplicaciones donde el espacio y el peso son factores clave.<\/p>\n<h4>CARACTER\u00cdSTICAS:<\/h4>\n<ul>\n<li>Tipo: ESC dual para motores brushed<\/li>\n<li>Corriente continua: 5A por canal<\/li>\n<li>Bater\u00eda compatible: LiPo de 2S (7.4V) a 3S (11.1V)<\/li>\n<li>Canales: 2 salidas independientes para controlar dos motores a la vez<\/li>\n<li>Modo de control: Se\u00f1al estandar PWM, compatible con receptores RC, microcontroladores y placas como Arduino<\/li>\n<li>Por encima de 5A se quemar\u00e1 el ESC, se recomiendan motores brushed 130, 180.<\/li>\n<li>Protecci\u00f3n contra p\u00e9rdida de se\u00f1al del acelerador; protecci\u00f3n fuera de control;\u00a0protecci\u00f3n contra la sobretensi\u00f3n;\u00a0Protecci\u00f3n contra sobrecalentamiento (130 grados).<\/li>\n<li>Tama\u00f1o:42mm (L) * 26mm (W)<\/li>\n<li>Peso:17g.<\/li>\n<\/ul>\n","protected":false},"excerpt":{"rendered":"<h4>CARACTER\u00cdSTICAS:<\/h4>\n<ul>\n<li>Tipo: ESC dual para motores brushed<\/li>\n<li>Corriente continua: 5A por canal<\/li>\n<li>Bater\u00eda compatible: LiPo de 2S (7.4V) a 3S (11.1V)<\/li>\n<li>Canales: 2 salidas independientes para controlar dos motores a la vez<\/li>\n<li>Modo de control: Se\u00f1al estandar PWM, compatible con receptores RC, microcontroladores y placas como Arduino<\/li>\n<li>Por encima de 5A se quemar\u00e1 el ESC, se recomiendan motores brushed 130, 180.<\/li>\n<li>Protecci\u00f3n contra p\u00e9rdida de se\u00f1al del acelerador; protecci\u00f3n fuera de control;\u00a0protecci\u00f3n contra la sobretensi\u00f3n;\u00a0Protecci\u00f3n contra sobrecalentamiento (130 grados).<\/li>\n<li>Tama\u00f1o:42mm (L) * 26mm (W)<\/li>\n<li>Peso:17g.<\/li>\n<\/ul>\n","protected":false},"featured_media":17672,"template":"","meta":[],"product_brand":[],"product_cat":[98,86,43,69],"product_tag":[1934,1935,1299,535,136],"class_list":{"0":"post-17671","1":"product","2":"type-product","3":"status-publish","4":"has-post-thumbnail","6":"product_cat-drones-componentes","7":"product_cat-electronica","8":"product_cat-motores-y-actuadores","9":"product_cat-robotica","10":"product_tag-brushed","11":"product_tag-dual","12":"product_tag-esc","13":"product_tag-rc","14":"product_tag-robot","16":"first","17":"instock","18":"shipping-taxable","19":"purchasable","20":"product-type-simple"},"_links":{"self":[{"href":"https:\/\/novatronicec.com\/index.php\/wp-json\/wp\/v2\/product\/17671","targetHints":{"allow":["GET"]}}],"collection":[{"href":"https:\/\/novatronicec.com\/index.php\/wp-json\/wp\/v2\/product"}],"about":[{"href":"https:\/\/novatronicec.com\/index.php\/wp-json\/wp\/v2\/types\/product"}],"wp:featuredmedia":[{"embeddable":true,"href":"https:\/\/novatronicec.com\/index.php\/wp-json\/wp\/v2\/media\/17672"}],"wp:attachment":[{"href":"https:\/\/novatronicec.com\/index.php\/wp-json\/wp\/v2\/media?parent=17671"}],"wp:term":[{"taxonomy":"product_brand","embeddable":true,"href":"https:\/\/novatronicec.com\/index.php\/wp-json\/wp\/v2\/product_brand?post=17671"},{"taxonomy":"product_cat","embeddable":true,"href":"https:\/\/novatronicec.com\/index.php\/wp-json\/wp\/v2\/product_cat?post=17671"},{"taxonomy":"product_tag","embeddable":true,"href":"https:\/\/novatronicec.com\/index.php\/wp-json\/wp\/v2\/product_tag?post=17671"}],"curies":[{"name":"wp","href":"https:\/\/api.w.org\/{rel}","templated":true}]}}