{"id":17691,"date":"2025-10-07T19:52:34","date_gmt":"2025-10-07T19:52:34","guid":{"rendered":"https:\/\/novatronicec.com\/?post_type=product&#038;p=17691"},"modified":"2025-10-07T19:52:34","modified_gmt":"2025-10-07T19:52:34","slug":"transistor-bc547-npn","status":"publish","type":"product","link":"https:\/\/novatronicec.com\/index.php\/product\/transistor-bc547-npn\/","title":{"rendered":"Transistor BC547 NPN"},"content":{"rendered":"<h5>DESCRIPCI\u00d3N:<\/h5>\n<p>El BC547 es un Transistor de Uni\u00f3n Bipolar (BJT) de silicio, conocido por su fiabilidad, bajo coste y versatilidad. Ideal para estudiantes, aficionados y profesionales, este componente es la elecci\u00f3n perfecta para la amplificaci\u00f3n de se\u00f1ales d\u00e9biles y para operar como un interruptor controlado por microcontroladores (como Arduino). Su encapsulado TO-92 facilita el montaje en protoboards y placas de circuito impreso (PCB).<\/p>\n<p>Este transistor es capaz de disipar hasta 500mW, aun as\u00ed, puede controlar dispositivos que consuman hasta 100mA o que requieran tensiones de hasta 45VDC, siempre y cuando no se exija el dispositivo hasta o sobre su potencia de disipaci\u00f3n m\u00e1xima.<\/p>\n<p>Su juntura es NPN, con un factor de amplificaci\u00f3n\u00a0(hFE) que varia de acuerdo a la carga a utilizar, variando entre los 110 y los 800.<\/p>\n<h5>CARACTER\u00cdSTICAS:<\/h5>\n<ul>\n<li>Encapsulado: TO-92<\/li>\n<li>Polaridad: NPN<\/li>\n<li>Configuraci\u00f3n: Single<\/li>\n<li>M\u00e1xima Corriente de Colector DC: 100 mA<\/li>\n<li>Voltaje de Colector-Emisor (VCEO) M\u00e1ximo: 45 V<\/li>\n<li>Voltaje de Colector-Base (VCBO): 50 V<\/li>\n<li>Voltaje de Emisor-Base (VEBO): 6 V<\/li>\n<li>Voltaje de Saturaci\u00f3n Colector-Emisor: 250 mV<\/li>\n<li>Ganancia de corriente continua (h<sub>FE<\/sub>): 110 a 800<\/li>\n<li>Disipaci\u00f3n de Potencia (Pd): 500 mW<\/li>\n<li>Producto de Ganancia en Ancho de Banda (fT): 300 MHz<\/li>\n<li>Rango de Temperatura de Operaci\u00f3n: \u2013 65\u00b0C a +150\u00b0C<\/li>\n<\/ul>\n","protected":false},"excerpt":{"rendered":"<h5>CARACTER\u00cdSTICAS:<\/h5>\n<ul>\n<li>Encapsulado: TO-92<\/li>\n<li>Polaridad: NPN<\/li>\n<li>Configuraci\u00f3n: Single<\/li>\n<li>M\u00e1xima Corriente de Colector DC: 100 mA<\/li>\n<li>Voltaje de Colector-Emisor (VCEO) M\u00e1ximo: 45 V<\/li>\n<li>Voltaje de Colector-Base (VCBO): 50 V<\/li>\n<li>Voltaje de Emisor-Base (VEBO): 6 V<\/li>\n<li>Voltaje de Saturaci\u00f3n Colector-Emisor: 250 mV<\/li>\n<li>Ganancia de corriente continua (h<sub>FE<\/sub>): 110 a 800<\/li>\n<li>Disipaci\u00f3n de Potencia (Pd): 500 mW<\/li>\n<li>Producto de Ganancia en Ancho de Banda (fT): 300 MHz<\/li>\n<li>Rango de Temperatura de Operaci\u00f3n: \u2013 65\u00b0C a +150\u00b0C<\/li>\n<\/ul>\n","protected":false},"featured_media":17694,"template":"","meta":[],"product_brand":[],"product_cat":[86],"product_tag":[104,443,1939,442],"class_list":{"0":"post-17691","1":"product","2":"type-product","3":"status-publish","4":"has-post-thumbnail","6":"product_cat-electronica","7":"product_tag-electronica","8":"product_tag-npn","9":"product_tag-semiconductor","10":"product_tag-transistor","12":"first","13":"instock","14":"shipping-taxable","15":"purchasable","16":"product-type-simple"},"_links":{"self":[{"href":"https:\/\/novatronicec.com\/index.php\/wp-json\/wp\/v2\/product\/17691","targetHints":{"allow":["GET"]}}],"collection":[{"href":"https:\/\/novatronicec.com\/index.php\/wp-json\/wp\/v2\/product"}],"about":[{"href":"https:\/\/novatronicec.com\/index.php\/wp-json\/wp\/v2\/types\/product"}],"wp:featuredmedia":[{"embeddable":true,"href":"https:\/\/novatronicec.com\/index.php\/wp-json\/wp\/v2\/media\/17694"}],"wp:attachment":[{"href":"https:\/\/novatronicec.com\/index.php\/wp-json\/wp\/v2\/media?parent=17691"}],"wp:term":[{"taxonomy":"product_brand","embeddable":true,"href":"https:\/\/novatronicec.com\/index.php\/wp-json\/wp\/v2\/product_brand?post=17691"},{"taxonomy":"product_cat","embeddable":true,"href":"https:\/\/novatronicec.com\/index.php\/wp-json\/wp\/v2\/product_cat?post=17691"},{"taxonomy":"product_tag","embeddable":true,"href":"https:\/\/novatronicec.com\/index.php\/wp-json\/wp\/v2\/product_tag?post=17691"}],"curies":[{"name":"wp","href":"https:\/\/api.w.org\/{rel}","templated":true}]}}