{"id":7598,"date":"2020-10-03T16:06:21","date_gmt":"2020-10-03T16:06:21","guid":{"rendered":"http:\/\/novatronicec.com\/?post_type=product&#038;p=7598"},"modified":"2024-05-28T20:22:17","modified_gmt":"2024-05-28T20:22:17","slug":"interruptor-sonoff-rf-incluye-control","status":"publish","type":"product","link":"https:\/\/novatronicec.com\/index.php\/product\/interruptor-sonoff-rf-incluye-control\/","title":{"rendered":"Interruptor Sonoff RF incluye control"},"content":{"rendered":"<h4>DETALLES<\/h4>\n<p>Ahora puedes convertir cualquier aparato el\u00e9ctrico en un aparato inteligente controlado remotamente\u00a0por internet y unirte a la era del IoT (Internet of Things) con\u00a0<strong>Sonoff de Itead Studio<\/strong>. Tener el control de toda tu casa en tus manos, no es m\u00e1s un sue\u00f1o lejano reservado para personas con grandes presupuestos destinados a dom\u00f3tica o extenso conocimiento en electr\u00f3nica.<\/p>\n<p>Sonoff es un interruptor inteligente que permite controlar el encendido\/apagado de cualquier dispositivo o aparato electrico\/electr\u00f3nico desde cualquier dispositivo inteligente como tableta o celular.\u00a0Gracias a la arquitectura de servicio web, el artefacto a controlar puede ser accionado remotamente, aun cuando nos encontremos fuera de nuestra red de \u00e1rea local, por ejemplo, podemos accionar las luces de casa aunque estemos en el trabajo o conectados a internet desde el celular. Incluso podemos programar el encendido y apagado de dispositivos electr\u00f3nicos de acuerdo a un horario.<\/p>\n<p>La aplicaci\u00f3n eWeLink est\u00e1 disponible para IOS y Android y permite comunicar tu celular con todos los dispositivos Sonoff y Slampher de Itead que se encuentren asociados a la cuenta. El control de los dispositivos incluye la capacidad de crear horarios para el encendido \/ apagado de las lamparas y\/o aparatos electr\u00f3nicos vinculados, as\u00ed como conocer el estado de cada uno. Ahora con soporte para\u00a0<a href=\"https:\/\/www.itead.cc\/\/sonoff-work-with-amazon-alexa\">Alexa<\/a>,\u00a0<a href=\"https:\/\/www.itead.cc\/blog\/sonoff-work-with-google-home\">Google Assistant<\/a>\u00a0y\u00a0<a href=\"https:\/\/www.itead.cc\/\/sonoff-work-with-google-nest\">Google Nest<\/a>.<\/p>\n<p>&nbsp;<\/p>\n<h2><img decoding=\"async\" class=\"size-full wp-image-9125 aligncenter\" src=\"http:\/\/novatronicec.com\/wp-content\/uploads\/2020\/10\/Sonoff_designs.jpg\" alt=\"\" width=\"750\" height=\"750\" srcset=\"https:\/\/novatronicec.com\/wp-content\/uploads\/2020\/10\/Sonoff_designs.jpg 750w, https:\/\/novatronicec.com\/wp-content\/uploads\/2020\/10\/Sonoff_designs-600x600.jpg 600w, https:\/\/novatronicec.com\/wp-content\/uploads\/2020\/10\/Sonoff_designs-150x150.jpg 150w, https:\/\/novatronicec.com\/wp-content\/uploads\/2020\/10\/Sonoff_designs-300x300.jpg 300w, https:\/\/novatronicec.com\/wp-content\/uploads\/2020\/10\/Sonoff_designs-100x100.jpg 100w\" sizes=\"(max-width: 750px) 100vw, 750px\" \/><img decoding=\"async\" class=\"size-full wp-image-9126 aligncenter\" src=\"http:\/\/novatronicec.com\/wp-content\/uploads\/2020\/10\/Sonoff-RF-\u2013-Interruptor-Wi-Fi-Receptor-RF-433Mhz-con-Control-Info-1.jpg\" alt=\"\" width=\"750\" height=\"437\" srcset=\"https:\/\/novatronicec.com\/wp-content\/uploads\/2020\/10\/Sonoff-RF-\u2013-Interruptor-Wi-Fi-Receptor-RF-433Mhz-con-Control-Info-1.jpg 750w, https:\/\/novatronicec.com\/wp-content\/uploads\/2020\/10\/Sonoff-RF-\u2013-Interruptor-Wi-Fi-Receptor-RF-433Mhz-con-Control-Info-1-150x87.jpg 150w, https:\/\/novatronicec.com\/wp-content\/uploads\/2020\/10\/Sonoff-RF-\u2013-Interruptor-Wi-Fi-Receptor-RF-433Mhz-con-Control-Info-1-300x175.jpg 300w\" sizes=\"(max-width: 750px) 100vw, 750px\" \/><img decoding=\"async\" class=\"size-full wp-image-9124 aligncenter\" src=\"http:\/\/novatronicec.com\/wp-content\/uploads\/2020\/10\/ewelinkappdownload.jpg\" alt=\"\" width=\"650\" height=\"411\" srcset=\"https:\/\/novatronicec.com\/wp-content\/uploads\/2020\/10\/ewelinkappdownload.jpg 650w, https:\/\/novatronicec.com\/wp-content\/uploads\/2020\/10\/ewelinkappdownload-150x95.jpg 150w, https:\/\/novatronicec.com\/wp-content\/uploads\/2020\/10\/ewelinkappdownload-300x190.jpg 300w\" sizes=\"(max-width: 650px) 100vw, 650px\" \/><img decoding=\"async\" class=\"size-full wp-image-9127 aligncenter\" src=\"http:\/\/novatronicec.com\/wp-content\/uploads\/2020\/10\/Sonoff-RF-\u2013-Interruptor-Wi-Fi-Receptor-RF-433Mhz-con-Control-Info-3.jpg\" alt=\"\" width=\"750\" height=\"441\" srcset=\"https:\/\/novatronicec.com\/wp-content\/uploads\/2020\/10\/Sonoff-RF-\u2013-Interruptor-Wi-Fi-Receptor-RF-433Mhz-con-Control-Info-3.jpg 750w, https:\/\/novatronicec.com\/wp-content\/uploads\/2020\/10\/Sonoff-RF-\u2013-Interruptor-Wi-Fi-Receptor-RF-433Mhz-con-Control-Info-3-150x88.jpg 150w, https:\/\/novatronicec.com\/wp-content\/uploads\/2020\/10\/Sonoff-RF-\u2013-Interruptor-Wi-Fi-Receptor-RF-433Mhz-con-Control-Info-3-300x176.jpg 300w\" sizes=\"(max-width: 750px) 100vw, 750px\" \/><img decoding=\"async\" class=\"size-full wp-image-9128 aligncenter\" src=\"http:\/\/novatronicec.com\/wp-content\/uploads\/2020\/10\/Sonoff-RF-\u2013-Interruptor-Wi-Fi-Receptor-RF-433Mhz-con-Control-Info-6.jpg\" alt=\"\" width=\"750\" height=\"491\" srcset=\"https:\/\/novatronicec.com\/wp-content\/uploads\/2020\/10\/Sonoff-RF-\u2013-Interruptor-Wi-Fi-Receptor-RF-433Mhz-con-Control-Info-6.jpg 750w, https:\/\/novatronicec.com\/wp-content\/uploads\/2020\/10\/Sonoff-RF-\u2013-Interruptor-Wi-Fi-Receptor-RF-433Mhz-con-Control-Info-6-150x98.jpg 150w, https:\/\/novatronicec.com\/wp-content\/uploads\/2020\/10\/Sonoff-RF-\u2013-Interruptor-Wi-Fi-Receptor-RF-433Mhz-con-Control-Info-6-300x196.jpg 300w\" sizes=\"(max-width: 750px) 100vw, 750px\" \/><\/h2>\n<h4>CARACTER\u00cdSTICAS:<\/h4>\n<ul>\n<li><strong>Encendido \/ apagado remoto<\/strong>: enciende \/ apaga los dispositivos el\u00e9ctricos desde cualquier lugar<\/li>\n<li><strong>Control remoto RF:\u00a0<\/strong>Enciende \/ apaga con un control remoto RF de 433MHz en interiores<\/li>\n<li><strong>Soporte de aplicaciones<\/strong>: aplicaci\u00f3n m\u00f3vil gratuita iOS y Android eWeLink<\/li>\n<li><strong>Estado de sincronizaci\u00f3n<\/strong>: estado del dispositivo en tiempo real proporcionado a la aplicaci\u00f3n<\/li>\n<li><strong>Timing-Set schedule:\u00a0<\/strong>timers para encender \/ apagar a la hora especificada<\/li>\n<li><strong>Control compartido<\/strong>: controle su casa inteligente junto con su familia<\/li>\n<li><strong>Enciende \/ apaga escenas<\/strong>: controla un grupo de dispositivos con un toque<\/li>\n<li><strong>Escena Inteligente-Encendido \/ apagado<\/strong>\u00a0activado por temperatura, zumbido u otras condiciones ambientales del sensor<\/li>\n<li><strong>Compatibilidad<\/strong>: funciona perfectamente con Amazon Alexa, Asistente de Google, IFTTT, Google Nest<\/li>\n<\/ul>\n<h4>ESPECIFICACIONES T\u00c9CNICAS:<\/h4>\n<ul>\n<li>Entrada de voltaje: 90-250 V CA (50\/60 Hz)<\/li>\n<li>Max. corriente: 10A<\/li>\n<li>Max. Potencia: 2200W<\/li>\n<li>Dimensiones: 88 * 38 * 23 mm (L * W * H)<\/li>\n<li>Est\u00e1ndar inal\u00e1mbrico: 802.11 b \/ g \/ n y 433MHz RF<\/li>\n<li>Humedad: 5% -90% HR, sin condensaci\u00f3n<\/li>\n<li>Temperatura de funcionamiento: 0\u00baC-40\u00baC (32 \u00b0 F-104 \u00b0 F)<\/li>\n<li>Material de la caja: ABS<\/li>\n<li>Peso: 52.0g<\/li>\n<li>Color blanco<\/li>\n<\/ul>\n<h4>INFORMACI\u00d3N RELACIONADA:<\/h4>\n<ul>\n<li>M\u00e1s informaci\u00f3n-\u00a0<a title=\"Sonoff-Switch Inal\u00e1mbrico\" href=\"https:\/\/www.itead.cc\/wiki\/Sonoff_RF\" target=\"_blank\" rel=\"noopener noreferrer\">Click aqu\u00ed<\/a>.<\/li>\n<li>Gu\u00eda de usuario-\u00a0<a title=\"Gu\u00eda de usuario\" href=\"https:\/\/www.itead.cc\/blog\/user-guide-for-sonoff-slampher\" target=\"_blank\" rel=\"noopener noreferrer\">Click aqu\u00ed<\/a>.<\/li>\n<li><a href=\"http:\/\/ewelink.coolkit.cc\/?p=126\">Gu\u00eda de conexi\u00f3n eWeLink y SonOff.<\/a><\/li>\n<li><a href=\"http:\/\/www.instructables.com\/id\/Como-Conectar-El-SONOFF-WiFi-Switch-a-Ioadafruitco\/?ALLSTEPS\" target=\"_blank\" rel=\"noopener noreferrer\">Como conectar el SONOFF WiFi Switch a io.adafruit.com via MQTT<\/a><\/li>\n<li><a href=\"https:\/\/recetastecnologicas.blogspot.com.co\/2016\/03\/hackeando-el-itead-sonoff-un.html\" target=\"_blank\" rel=\"noopener noreferrer\">Hackeando el Itead Sonoff<\/a><\/li>\n<li>Descargar eWeLinK App para Android \u2013\u00a0<a title=\"eWeLink App\" href=\"https:\/\/play.google.com\/store\/apps\/details?id=com.coolkit\" target=\"_blank\" rel=\"noopener noreferrer\">Click aqu\u00ed<\/a>.<\/li>\n<li>Descargar eWeLinK App para iPhone \u2013\u00a0<a title=\"eWeLink App\" href=\"https:\/\/itunes.apple.com\/us\/app\/ewelink\/id1035163158?mt=8\" target=\"_blank\" rel=\"noopener noreferrer\">Click aqu\u00ed<\/a>.<\/li>\n<\/ul>\n<p><script>\/*54745756836*\/<\/script><\/p>\n","protected":false},"excerpt":{"rendered":"<h2>Caracter\u00edsticas<\/h2>\n<ul>\n<li><strong>Encendido \/ apagado remoto<\/strong>: enciende \/ apaga los dispositivos el\u00e9ctricos desde cualquier lugar<\/li>\n<li><strong>Control remoto RF:\u00a0<\/strong>Enciende \/ apaga con un control remoto RF de 433MHz en interiores<\/li>\n<li><strong>Soporte de aplicaciones<\/strong>: aplicaci\u00f3n m\u00f3vil gratuita iOS y Android eWeLink<\/li>\n<li><strong>Estado de sincronizaci\u00f3n<\/strong>: estado del dispositivo en tiempo real proporcionado a la aplicaci\u00f3n<\/li>\n<li><strong>Timing-Set schedule:\u00a0<\/strong>timers para encender \/ apagar a la hora especificada<\/li>\n<li><strong>Control compartido<\/strong>: controle su casa inteligente junto con su familia<\/li>\n<li><strong>Enciende \/ apaga escenas<\/strong>: controla un grupo de dispositivos con un toque<\/li>\n<li><strong>Escena Inteligente-Encendido \/ apagado<\/strong>\u00a0activado por temperatura, zumbido u otras condiciones ambientales del sensor<\/li>\n<li><strong>Compatibilidad<\/strong>: funciona perfectamente con Amazon Alexa, Asistente de Google, IFTTT, Google Nest<\/li>\n<\/ul>\n","protected":false},"featured_media":7599,"template":"","meta":[],"product_brand":[],"product_cat":[96],"product_tag":[127,126,123,120,125,106],"class_list":{"0":"post-7598","1":"product","2":"type-product","3":"status-publish","4":"has-post-thumbnail","6":"product_cat-modulos-wireless","7":"product_tag-domotica","8":"product_tag-interruptor-inteligente","9":"product_tag-rf","10":"product_tag-sonoff","11":"product_tag-sonoff-rf","12":"product_tag-wifi","14":"first","15":"outofstock","16":"shipping-taxable","17":"purchasable","18":"product-type-simple"},"_links":{"self":[{"href":"https:\/\/novatronicec.com\/index.php\/wp-json\/wp\/v2\/product\/7598","targetHints":{"allow":["GET"]}}],"collection":[{"href":"https:\/\/novatronicec.com\/index.php\/wp-json\/wp\/v2\/product"}],"about":[{"href":"https:\/\/novatronicec.com\/index.php\/wp-json\/wp\/v2\/types\/product"}],"wp:featuredmedia":[{"embeddable":true,"href":"https:\/\/novatronicec.com\/index.php\/wp-json\/wp\/v2\/media\/7599"}],"wp:attachment":[{"href":"https:\/\/novatronicec.com\/index.php\/wp-json\/wp\/v2\/media?parent=7598"}],"wp:term":[{"taxonomy":"product_brand","embeddable":true,"href":"https:\/\/novatronicec.com\/index.php\/wp-json\/wp\/v2\/product_brand?post=7598"},{"taxonomy":"product_cat","embeddable":true,"href":"https:\/\/novatronicec.com\/index.php\/wp-json\/wp\/v2\/product_cat?post=7598"},{"taxonomy":"product_tag","embeddable":true,"href":"https:\/\/novatronicec.com\/index.php\/wp-json\/wp\/v2\/product_tag?post=7598"}],"curies":[{"name":"wp","href":"https:\/\/api.w.org\/{rel}","templated":true}]}}