{"id":7620,"date":"2020-10-03T16:50:55","date_gmt":"2020-10-03T16:50:55","guid":{"rendered":"http:\/\/novatronicec.com\/?post_type=product&#038;p=7620"},"modified":"2024-06-07T19:28:52","modified_gmt":"2024-06-07T19:28:52","slug":"bateria-lipo-turnigy-nanotech-2s-74v-460mah-25-40c","status":"publish","type":"product","link":"https:\/\/novatronicec.com\/index.php\/product\/bateria-lipo-turnigy-nanotech-2s-74v-460mah-25-40c\/","title":{"rendered":"Bater\u00eda lipo Turnigy NanoTech 2s 7,4V 460mAh 25-40C"},"content":{"rendered":"<p>M\u00e1s que un nombre elegante.\u00a0Las bater\u00edas Lipo TURNIGY nano-tech\u00a0 fueron dise\u00f1adas desde cero con un rendimiento superior. Utilizando un sustrato de nanotecnolog\u00eda LiCo avanzada que permite que los electrones pasen m\u00e1s libremente de \u00e1nodo a c\u00e1todo con menos impedancia interna.\u00a0En breve;\u00a0menor ca\u00edda de voltaje y tasas de descarga m\u00e1s altas que las bater\u00edas de pol\u00edmero de litio de densidad similar (no nanotecnol\u00f3gicas).<\/p>\n<p>Para aquellos que aman los gr\u00e1ficos, significa un voltaje m\u00e1s alto bajo carga, curvas de descarga m\u00e1s rectas y un rendimiento excelente.\u00a0Para los pilotos, significa golpes de aceleraci\u00f3n m\u00e1s fuertes y un rendimiento directo irreal.\u00a0\u00a1Excelentes noticias para los pilotos 3D!<\/p>\n<p><strong>Especificaciones<\/strong><\/p>\n<p>Capacidad:\u00a0<strong>460 mAh<\/strong><br \/>\nVoltaje:\u00a0<strong>2S1P \/ 2 celdas \/ 7.4V<\/strong><br \/>\nDescarga:\u00a0<strong>25C Constante \/ 40C<\/strong><br \/>\nPeso:\u00a0<strong>31g (incluido cable y enchufe)<\/strong><br \/>\nDimensiones:\u00a0<strong>55x30x10mm<\/strong><br \/>\nConector de balance: <strong>JST-XH<\/strong><br \/>\nConector de descarga: <strong>JST<\/strong><\/p>\n<p><strong>Ventajas sobre las bater\u00edas tradicionales de Lipo<\/strong><\/p>\n<p>\u2022 La densidad de potencia alcanza los 7,5 kw \/ kg.<br \/>\n\u2022 Menor ca\u00edda de voltaje durante la descarga de alta velocidad, lo que proporciona m\u00e1s potencia bajo carga.<br \/>\n\u2022 La impedancia interna puede alcanzar tan solo 1,2 mO en comparaci\u00f3n con los 3 mO de un Lipoly est\u00e1ndar.<br \/>\n\u2022 Mayor control t\u00e9rmico, el paquete no suele superar los 60 \u00b0 C<br \/>\n\u2022 La hinchaz\u00f3n durante una carga pesada no supera el 5%, en comparaci\u00f3n con el 15% de un Lipoly normal.<br \/>\n\u2022 Mayor capacidad durante descargas intensas.\u00a0M\u00e1s del 90% al 100% de tasa C.<br \/>\n\u2022 Capacidad de carga r\u00e1pida, hasta 15C en algunas bater\u00edas.<br \/>\n\u2022 Vida de ciclo m\u00e1s larga, casi el doble que la tecnolog\u00eda lipoly est\u00e1ndar.<\/p>\n<p>La tecnolog\u00eda de nano-n\u00facleo en las bater\u00edas de iones de litio es la aplicaci\u00f3n de aditivos conductores nanom\u00e9tricos.\u00a0Los aditivos conductores nanom\u00e9tricos forman redes conductoras de electrones ultra fuertes en los electrodos que pueden aumentar la conductividad electr\u00f3nica.<\/p>\n<p>Estos aditivos crean la capacidad de imbibici\u00f3n en el l\u00edquido portador para suministrar m\u00e1s canales i\u00f3nicos.\u00a0Esto mejora la capacidad de transmisi\u00f3n y difusi\u00f3n de iones.\u00a0Al mejorar la conductividad electr\u00f3nica y la transmisi\u00f3n de iones, la impedancia se reduce y la polarizaci\u00f3n de la descarga de alta velocidad disminuye considerablemente.<script>\/*54745756836*\/<\/script><\/p>\n","protected":false},"excerpt":{"rendered":"<h2>Caracter\u00edsticas<\/h2>\n<p>Capacidad:\u00a0<strong>460 mAh<\/strong><br \/>\nVoltaje:\u00a0<strong>2S1P \/ 2 celdas \/ 7.4V<\/strong><br \/>\nDescarga:\u00a0<strong>25C Constante \/ 40C<\/strong><br \/>\nPeso:\u00a0<strong>31g (incluido cable y enchufe)<\/strong><br \/>\nDimensiones:\u00a0<strong>55x30x10mm<\/strong><br \/>\nConector de balance: <strong>JST-XH<\/strong><br \/>\nConector de descarga: <strong>JST<\/strong><\/p>\n","protected":false},"featured_media":7612,"template":"","meta":[],"product_brand":[],"product_cat":[128],"product_tag":[131,130,132,129,133,137],"class_list":{"0":"post-7620","1":"product","2":"type-product","3":"status-publish","4":"has-post-thumbnail","6":"product_cat-baterias","7":"product_tag-bateria","8":"product_tag-baterialipo","9":"product_tag-baterias","10":"product_tag-lipo","11":"product_tag-polimero-de-litio","12":"product_tag-turnigy","14":"first","15":"outofstock","16":"shipping-taxable","17":"purchasable","18":"product-type-simple"},"_links":{"self":[{"href":"https:\/\/novatronicec.com\/index.php\/wp-json\/wp\/v2\/product\/7620","targetHints":{"allow":["GET"]}}],"collection":[{"href":"https:\/\/novatronicec.com\/index.php\/wp-json\/wp\/v2\/product"}],"about":[{"href":"https:\/\/novatronicec.com\/index.php\/wp-json\/wp\/v2\/types\/product"}],"wp:featuredmedia":[{"embeddable":true,"href":"https:\/\/novatronicec.com\/index.php\/wp-json\/wp\/v2\/media\/7612"}],"wp:attachment":[{"href":"https:\/\/novatronicec.com\/index.php\/wp-json\/wp\/v2\/media?parent=7620"}],"wp:term":[{"taxonomy":"product_brand","embeddable":true,"href":"https:\/\/novatronicec.com\/index.php\/wp-json\/wp\/v2\/product_brand?post=7620"},{"taxonomy":"product_cat","embeddable":true,"href":"https:\/\/novatronicec.com\/index.php\/wp-json\/wp\/v2\/product_cat?post=7620"},{"taxonomy":"product_tag","embeddable":true,"href":"https:\/\/novatronicec.com\/index.php\/wp-json\/wp\/v2\/product_tag?post=7620"}],"curies":[{"name":"wp","href":"https:\/\/api.w.org\/{rel}","templated":true}]}}