{"id":7660,"date":"2020-10-03T17:01:54","date_gmt":"2020-10-03T17:01:54","guid":{"rendered":"http:\/\/novatronicec.com\/?post_type=product&#038;p=7660"},"modified":"2024-05-28T20:22:18","modified_gmt":"2024-05-28T20:22:18","slug":"mx1508-driver-dual-para-motor-dc","status":"publish","type":"product","link":"https:\/\/novatronicec.com\/index.php\/product\/mx1508-driver-dual-para-motor-dc\/","title":{"rendered":"Controlador Dual Puente H \u2013 MX1508"},"content":{"rendered":"<h4>DETALLES<\/h4>\n<p>El\u00a0MX1508\u00a0es un chip b\u00e1sico para controlar motores de 2 a 9.6V, se puede controlar independientemente el sentido de giro de cada uno de los dos motores. Puede suministrar continuamente 1.5A y picos de 2.0A.<\/p>\n<p>Su moderno dise\u00f1o de alta eficiencia basado en mosfets genera una m\u00ednima cantidad de calor adem\u00e1s de una menor ca\u00edda de voltaje a la salida de los motores, un inconveniente com\u00fan en los chips de dise\u00f1o antiguo como L293D y L298. Su peque\u00f1o tama\u00f1o y peso lo hacen ideal para dise\u00f1o de juguetes y rob\u00f3tica m\u00f3vil donde las dimensiones son una prioridad.<\/p>\n<p>Para controlar la velocidad por PWM se debe usar alguno de los pines de direcci\u00f3n como entrada PWM.<\/p>\n<h2><img decoding=\"async\" class=\"size-full wp-image-9141 aligncenter\" src=\"http:\/\/novatronicec.com\/wp-content\/uploads\/2020\/10\/MX1508.png\" alt=\"\" width=\"636\" height=\"421\" srcset=\"https:\/\/novatronicec.com\/wp-content\/uploads\/2020\/10\/MX1508.png 636w, https:\/\/novatronicec.com\/wp-content\/uploads\/2020\/10\/MX1508-150x99.png 150w, https:\/\/novatronicec.com\/wp-content\/uploads\/2020\/10\/MX1508-300x199.png 300w\" sizes=\"(max-width: 636px) 100vw, 636px\" \/><\/h2>\n<h4>CARACTER\u00cdSTICAS:<\/h4>\n<ul>\n<li>Controlador: MX1508<\/li>\n<li>Voltaje de entrada (motores): 2V-9.6V<\/li>\n<li>Voltaje de entrada (se\u00f1ales l\u00f3gicas): 1.8V-5V<\/li>\n<li>Corriente DC por canal: 1.5A<\/li>\n<li>Corriente pico m\u00e1xima: 2.0A<\/li>\n<li>Protecci\u00f3n contra sobre carga t\u00e9rmica<\/li>\n<li>Peso:\u00a0 5g<\/li>\n<li>Dimensiones:\u00a0 24.7*21*5mm<\/li>\n<li>Control de motores paso a paso\u00a0en modo unipolar o bipolar<\/li>\n<\/ul>\n<p><b>Nota: No cuenta con protecci\u00f3n contra inversi\u00f3n de voltaje de alimentaci\u00f3n y sobretensi\u00f3n.<\/b><script>\/*54745756836*\/<\/script><\/p>\n","protected":false},"excerpt":{"rendered":"<p>El\u00a0MX1508\u00a0es un chip b\u00e1sico para controlar motores de 2 a 9.6V, se puede controlar independientemente el sentido de giro de cada uno de los dos motores. Puede suministrar continuamente 1.5A y picos de 2.0A.<\/p>\n","protected":false},"featured_media":7650,"template":"","meta":[],"product_brand":[],"product_cat":[41,86,69],"product_tag":[140,273,141,151],"class_list":{"0":"post-7660","1":"product","2":"type-product","3":"status-publish","4":"has-post-thumbnail","6":"product_cat-drivers","7":"product_cat-electronica","8":"product_cat-robotica","9":"product_tag-driver","10":"product_tag-driver-dual","11":"product_tag-motor-dc","12":"product_tag-puente-h","14":"first","15":"instock","16":"shipping-taxable","17":"purchasable","18":"product-type-simple"},"_links":{"self":[{"href":"https:\/\/novatronicec.com\/index.php\/wp-json\/wp\/v2\/product\/7660","targetHints":{"allow":["GET"]}}],"collection":[{"href":"https:\/\/novatronicec.com\/index.php\/wp-json\/wp\/v2\/product"}],"about":[{"href":"https:\/\/novatronicec.com\/index.php\/wp-json\/wp\/v2\/types\/product"}],"wp:featuredmedia":[{"embeddable":true,"href":"https:\/\/novatronicec.com\/index.php\/wp-json\/wp\/v2\/media\/7650"}],"wp:attachment":[{"href":"https:\/\/novatronicec.com\/index.php\/wp-json\/wp\/v2\/media?parent=7660"}],"wp:term":[{"taxonomy":"product_brand","embeddable":true,"href":"https:\/\/novatronicec.com\/index.php\/wp-json\/wp\/v2\/product_brand?post=7660"},{"taxonomy":"product_cat","embeddable":true,"href":"https:\/\/novatronicec.com\/index.php\/wp-json\/wp\/v2\/product_cat?post=7660"},{"taxonomy":"product_tag","embeddable":true,"href":"https:\/\/novatronicec.com\/index.php\/wp-json\/wp\/v2\/product_tag?post=7660"}],"curies":[{"name":"wp","href":"https:\/\/api.w.org\/{rel}","templated":true}]}}