{"id":7735,"date":"2020-10-12T20:34:15","date_gmt":"2020-10-12T20:34:15","guid":{"rendered":"http:\/\/novatronicec.com\/?post_type=product&#038;p=7735"},"modified":"2025-07-16T22:00:12","modified_gmt":"2025-07-16T22:00:12","slug":"solenoide-jf0630b-10mm-6n-12v-dc-300ma","status":"publish","type":"product","link":"https:\/\/novatronicec.com\/index.php\/product\/solenoide-jf0630b-10mm-6n-12v-dc-300ma\/","title":{"rendered":"Solenoide JF0630B 6N 6V\/12V\/24V"},"content":{"rendered":"<p>El solenoide es un\u00a0elemento electro-mec\u00e1nico que consta de un electroim\u00e1n y un pist\u00f3n, es usado ampliamente como actuador en m\u00e1quinas dispensadoras, mecanismos de todo tipo y proyectos de automatizaci\u00f3n.<\/p>\n<h3><strong>Caracter\u00edsticas:<\/strong><\/h3>\n<ul>\n<li>Voltaje:\u00a0 6\/12\/24VDC<\/li>\n<li>Consumo: 1.5A<\/li>\n<li>Fuerza: 6N<\/li>\n<li>Desplazamiento: 10mm<\/li>\n<li>Tama\u00f1o del cuerpo: 36.5x20x26mm (pist\u00f3n 10mm)<\/li>\n<li>Longitud del cable: 20cm<\/li>\n<\/ul>\n<p>Nota: se recomienda no electrizar el solenoide por largos periodos\u00a0de tiempo para evitar aumentos en la temperatura del elemento.<script>\/*54745756836*\/<\/script><\/p>\n","protected":false},"excerpt":{"rendered":"<h3><strong>Caracter\u00edsticas:<\/strong><\/h3>\n<ul>\n<li>Voltaje:\u00a0 6\/12\/24VDC<\/li>\n<li>Consumo: 1.5A<\/li>\n<li>Fuerza: 6N<\/li>\n<li>Desplazamiento: 10mm<\/li>\n<li>Tama\u00f1o del cuerpo: 36.5x20x26mm (pist\u00f3n 10mm)<\/li>\n<li>Longitud del cable: 20cm<\/li>\n<\/ul>\n","protected":false},"featured_media":7736,"template":"","meta":[],"product_brand":[],"product_cat":[43,69],"product_tag":[],"class_list":{"0":"post-7735","1":"product","2":"type-product","3":"status-publish","4":"has-post-thumbnail","6":"product_cat-motores-y-actuadores","7":"product_cat-robotica","9":"first","10":"instock","11":"shipping-taxable","12":"purchasable","13":"product-type-variable"},"_links":{"self":[{"href":"https:\/\/novatronicec.com\/index.php\/wp-json\/wp\/v2\/product\/7735","targetHints":{"allow":["GET"]}}],"collection":[{"href":"https:\/\/novatronicec.com\/index.php\/wp-json\/wp\/v2\/product"}],"about":[{"href":"https:\/\/novatronicec.com\/index.php\/wp-json\/wp\/v2\/types\/product"}],"wp:featuredmedia":[{"embeddable":true,"href":"https:\/\/novatronicec.com\/index.php\/wp-json\/wp\/v2\/media\/7736"}],"wp:attachment":[{"href":"https:\/\/novatronicec.com\/index.php\/wp-json\/wp\/v2\/media?parent=7735"}],"wp:term":[{"taxonomy":"product_brand","embeddable":true,"href":"https:\/\/novatronicec.com\/index.php\/wp-json\/wp\/v2\/product_brand?post=7735"},{"taxonomy":"product_cat","embeddable":true,"href":"https:\/\/novatronicec.com\/index.php\/wp-json\/wp\/v2\/product_cat?post=7735"},{"taxonomy":"product_tag","embeddable":true,"href":"https:\/\/novatronicec.com\/index.php\/wp-json\/wp\/v2\/product_tag?post=7735"}],"curies":[{"name":"wp","href":"https:\/\/api.w.org\/{rel}","templated":true}]}}