{"id":7738,"date":"2020-10-12T20:42:16","date_gmt":"2020-10-12T20:42:16","guid":{"rendered":"http:\/\/novatronicec.com\/?post_type=product&#038;p=7738"},"modified":"2024-07-24T20:37:46","modified_gmt":"2024-07-24T20:37:46","slug":"lcd1602-con-i2c-backlight-azul","status":"publish","type":"product","link":"https:\/\/novatronicec.com\/index.php\/product\/lcd1602-con-i2c-backlight-azul\/","title":{"rendered":"LCD1602 IIC\/I2C Backlight azul"},"content":{"rendered":"<h4>DETALLES<\/h4>\n<p>Pantalla LCD de 2 l\u00edneas x 16 caracteres azules retroiluminados en azul. Incluye interface I2C lo que reduce el n\u00famero de pines a conectar al arduino a 2. Incluye potenci\u00f3metro para el ajuste de la retroiluminaci\u00f3n.<\/p>\n<h4><strong>CARACTER\u00cdSTICAS<\/strong><\/h4>\n<ul>\n<li>Alimentaci\u00f3n: 5V<\/li>\n<li>Interface: I2C (direcci\u00f3n 0x27)<\/li>\n<li>Pines: VCC, GND, SDA, SCL<\/li>\n<li>Backlight led azul.<\/li>\n<li>\u00c1ngulo de visi\u00f3n amplio y alto contraste.<\/li>\n<li>Puede mostrar 2 l\u00edneas x 16 caracteres.<\/li>\n<li>Consumo de corriente con luz de fondo total: 25 mA m\u00e1x<\/li>\n<li>Dimensi\u00f3n del m\u00f3dulo: 80mm x 35mm x 11mm.<\/li>\n<li>Tama\u00f1o de la zona de display: 64.5mm x 16mm<\/li>\n<\/ul>\n<h4><strong>DOCUMENTACI\u00d3N<\/strong><\/h4>\n<ul>\n<li><a href=\"https:\/\/github.com\/fdebrabander\/Arduino-LiquidCrystal-I2C-library\" target=\"_blank\" rel=\"noopener\">Librer\u00eda LiquidCrystal_I2C en Github<\/a><\/li>\n<\/ul>\n<p><script>\/*54745756836*\/<\/script><\/p>\n","protected":false},"excerpt":{"rendered":"<h3><strong>Caracter\u00edsticas:<\/strong><\/h3>\n<ul>\n<li>Alimentaci\u00f3n: 5V<\/li>\n<li>Interface: I2C (direcci\u00f3n 0x27)<\/li>\n<li>Pines: VCC, GND, SDA, SCL<\/li>\n<li>Backlight led azul.<\/li>\n<li>\u00c1ngulo de visi\u00f3n amplio y alto contraste.<\/li>\n<li>Puede mostrar 2 l\u00edneas x 16 caracteres.<\/li>\n<li>Consumo de corriente con luz de fondo total: 25 mA m\u00e1x<\/li>\n<li>Dimensi\u00f3n del m\u00f3dulo: 80mm x 35mm x 15mm.<\/li>\n<li>Tama\u00f1o de la zona de display: 64.5mm x 16mm<\/li>\n<\/ul>\n","protected":false},"featured_media":7739,"template":"","meta":[],"product_brand":[],"product_cat":[86,44,69],"product_tag":[186,185,88,197,195,196,170,174],"class_list":{"0":"post-7738","1":"product","2":"type-product","3":"status-publish","4":"has-post-thumbnail","6":"product_cat-electronica","7":"product_cat-pantallas-y-lcds","8":"product_cat-robotica","9":"product_tag-186","10":"product_tag-16x2","11":"product_tag-arduino","12":"product_tag-comunicacion-i2c","13":"product_tag-i2c","14":"product_tag-iic","15":"product_tag-lcd","16":"product_tag-pantalla","18":"first","19":"instock","20":"shipping-taxable","21":"purchasable","22":"product-type-simple"},"_links":{"self":[{"href":"https:\/\/novatronicec.com\/index.php\/wp-json\/wp\/v2\/product\/7738","targetHints":{"allow":["GET"]}}],"collection":[{"href":"https:\/\/novatronicec.com\/index.php\/wp-json\/wp\/v2\/product"}],"about":[{"href":"https:\/\/novatronicec.com\/index.php\/wp-json\/wp\/v2\/types\/product"}],"wp:featuredmedia":[{"embeddable":true,"href":"https:\/\/novatronicec.com\/index.php\/wp-json\/wp\/v2\/media\/7739"}],"wp:attachment":[{"href":"https:\/\/novatronicec.com\/index.php\/wp-json\/wp\/v2\/media?parent=7738"}],"wp:term":[{"taxonomy":"product_brand","embeddable":true,"href":"https:\/\/novatronicec.com\/index.php\/wp-json\/wp\/v2\/product_brand?post=7738"},{"taxonomy":"product_cat","embeddable":true,"href":"https:\/\/novatronicec.com\/index.php\/wp-json\/wp\/v2\/product_cat?post=7738"},{"taxonomy":"product_tag","embeddable":true,"href":"https:\/\/novatronicec.com\/index.php\/wp-json\/wp\/v2\/product_tag?post=7738"}],"curies":[{"name":"wp","href":"https:\/\/api.w.org\/{rel}","templated":true}]}}