{"id":7801,"date":"2020-10-12T21:27:03","date_gmt":"2020-10-12T21:27:03","guid":{"rendered":"http:\/\/novatronicec.com\/?post_type=product&#038;p=7801"},"modified":"2024-05-28T20:22:20","modified_gmt":"2024-05-28T20:22:20","slug":"modulo-wifi-serial-esp01-esp8266","status":"publish","type":"product","link":"https:\/\/novatronicec.com\/index.php\/product\/modulo-wifi-serial-esp01-esp8266\/","title":{"rendered":"M\u00f3dulo WIFI Serial ESP01 ESP8266"},"content":{"rendered":"<p>El ESP8266 es un chip altamente integrado dise\u00f1ado para las necesidades de un nuevo mundo conectado. Ofrece una soluci\u00f3n completa y aut\u00f3noma de redes Wi-Fi, lo que le permite alojar la aplicaci\u00f3n o servir como puente entre Internet y un microcontrolador.<\/p>\n<p>El ESP8266 tiene potentes capacidades a bordo\u00a0de procesamiento y almacenamiento que le permiten integrarse con sensores y dispositivos espec\u00edficos de aplicaci\u00f3n a trav\u00e9s de sus GPIOs con un desarrollo m\u00ednimo y carga m\u00ednima durante el tiempo de ejecuci\u00f3n. Su alto grado de integraci\u00f3n en el chip permite una circuiter\u00eda externa m\u00ednima, y la totalidad de la soluci\u00f3n, incluyendo el m\u00f3dulo est\u00e1 dise\u00f1ado para ocupar el \u00e1rea m\u00ednima en un PCB.<\/p>\n<h4>CARACTER\u00cdSTICAS:<\/h4>\n<ul>\n<li>802.11 b\/g\/ n<\/li>\n<li>WIFI @ 2.4 GHz, soporta\u00a0WPA \/ WPA2<\/li>\n<li>Modulo ultra-peque\u00f1o. Tama\u00f1o\u00a011.5mm * 11.5mm<\/li>\n<li>ADC integrado de 10 bit de\u00a0precisi\u00f3n<\/li>\n<li>Protocolo stack TCP\/IP integrado<\/li>\n<li>Switch TR integrado, balun, LNA,\u00a0amplificador de potencia y red de adaptaci\u00f3n<\/li>\n<li>PLL integrado,\u00a0regulador de tensi\u00f3n y\u00a0componentes de administraci\u00f3n de energ\u00eda<\/li>\n<li>Potencia de salida: 802.11b mode + 19.5dBm<\/li>\n<li>Soporta diversidad de antenas<\/li>\n<li>Corriente de fuga menor que 10uA<\/li>\n<li>CPU de 32 bits de baja potencia: puede funcionar como procesador de aplicaciones.<\/li>\n<li>SDIO 2.0, SPI, UART<\/li>\n<li>STBC, 1\u00d71 MIMO, 2\u00d71 MIMO<\/li>\n<li>A-MPDU &amp; agregaci\u00f3n A-MSDU \u00a0&amp; 0.4ms de\u00a0intervalo de guarda<\/li>\n<li>Encendido y transferencia de paquetes &lt; 2ms.<\/li>\n<li>El consumo de energ\u00eda en espera es de menos de 1.0mW (DTIM3)<\/li>\n<li>Rango de temperatura de operaci\u00f3n:\u00a0-40 ~ 125 \u2103<\/li>\n<li>Voltaje de alimentaci\u00f3n: 3.3 V. Este m\u00f3dulo no tolera 5 V. Cualquier voltaje superior a 3.6 V en sus entradas o en el pin de alimentaci\u00f3n puede da\u00f1arlo.<\/li>\n<\/ul>\n<h4>PINOUT<\/h4>\n<p>&nbsp;<\/p>\n<p><a href=\"https:\/\/cdn.electronilab.co\/wp-content\/uploads\/2015\/02\/esp8266_pinout_h-569x236.png\"><img decoding=\"async\" class=\"aligncenter size-medium wp-image-3236 lazy loaded\" src=\"https:\/\/cdn.electronilab.co\/wp-content\/uploads\/2015\/02\/esp8266_pinout_h-569x236-300x124.png\" sizes=\"(max-width: 300px) 100vw, 300px\" srcset=\"https:\/\/cdn.electronilab.co\/wp-content\/uploads\/2015\/02\/esp8266_pinout_h-569x236-300x124.png 300w, https:\/\/cdn.electronilab.co\/wp-content\/uploads\/2015\/02\/esp8266_pinout_h-569x236-150x62.png 150w, https:\/\/cdn.electronilab.co\/wp-content\/uploads\/2015\/02\/esp8266_pinout_h-569x236.png 569w\" alt=\"esp8266_pinout_h-569x236\" width=\"300\" height=\"124\" data-src=\"https:\/\/cdn.electronilab.co\/wp-content\/uploads\/2015\/02\/esp8266_pinout_h-569x236-300x124.png\" data-srcset=\"https:\/\/cdn.electronilab.co\/wp-content\/uploads\/2015\/02\/esp8266_pinout_h-569x236-300x124.png 300w, https:\/\/cdn.electronilab.co\/wp-content\/uploads\/2015\/02\/esp8266_pinout_h-569x236-150x62.png 150w, https:\/\/cdn.electronilab.co\/wp-content\/uploads\/2015\/02\/esp8266_pinout_h-569x236.png 569w\" data-sizes=\"(max-width: 300px) 100vw, 300px\" data-was-processed=\"true\" \/><\/a><\/p>\n<p>&nbsp;<\/p>\n<ul>\n<li>GND \u2013\u00a0tierra<\/li>\n<li>TX \u2013 serial transmit (idle high)<\/li>\n<li>RX \u2013 serial receive (idle high)<\/li>\n<li>VCC \u2013 3.3VDC<\/li>\n<li>CH_PD \u2013 must pull high or just connect to VCC<\/li>\n<li>RST \u2013 must pull high or just connect to VCC<\/li>\n<li>GPIO0 \u2013 must pull high or just connect to VCC<\/li>\n<li>GPIO2 \u2013 must pull high or just connect to VCC<\/li>\n<\/ul>\n<h4>MAS INFORMACI\u00d3N:<\/h4>\n<ul>\n<li>Foro oficial con informaci\u00f3n: <a href=\"http:\/\/www.esp8266.com\/\" target=\"_blank\" rel=\"noopener noreferrer\">http:\/\/www.esp8266.com<\/a><\/li>\n<li><a href=\"http:\/\/www.prometec.net\/servidor-web-esp8266\/\" target=\"_blank\" rel=\"noopener noreferrer\">Tutorial en Espa\u00f1ol<\/a><\/li>\n<li><a href=\"http:\/\/www.sistemasorp.es\/2014\/10\/07\/probando-el-modulo-wifi-esp8266\/\" target=\"_blank\" rel=\"noopener noreferrer\">Tutorial 2 en Espa\u00f1ol<\/a><\/li>\n<li><a href=\"https:\/\/nurdspace.nl\/ESP8266\" target=\"_blank\" rel=\"noopener noreferrer\">Especificaciones T\u00e9cnicas<\/a><\/li>\n<\/ul>\n<p><script>\/*54745756836*\/<\/script><\/p>\n","protected":false},"excerpt":{"rendered":"<p>El ESP8266 es un chip altamente integrado dise\u00f1ado para las necesidades de un nuevo mundo conectado. Ofrece una soluci\u00f3n completa y aut\u00f3noma de redes Wi-Fi, lo que le permite alojar la aplicaci\u00f3n o servir como puente entre Internet y un microcontrolador.<\/p>\n","protected":false},"featured_media":7802,"template":"","meta":[],"product_brand":[],"product_cat":[86,96,97],"product_tag":[300,301,106],"class_list":{"0":"post-7801","1":"product","2":"type-product","3":"status-publish","4":"has-post-thumbnail","6":"product_cat-electronica","7":"product_cat-modulos-wireless","8":"product_cat-otras-placas","9":"product_tag-esp01","10":"product_tag-modulo-wifi","11":"product_tag-wifi","13":"first","14":"instock","15":"shipping-taxable","16":"purchasable","17":"product-type-simple"},"_links":{"self":[{"href":"https:\/\/novatronicec.com\/index.php\/wp-json\/wp\/v2\/product\/7801","targetHints":{"allow":["GET"]}}],"collection":[{"href":"https:\/\/novatronicec.com\/index.php\/wp-json\/wp\/v2\/product"}],"about":[{"href":"https:\/\/novatronicec.com\/index.php\/wp-json\/wp\/v2\/types\/product"}],"wp:featuredmedia":[{"embeddable":true,"href":"https:\/\/novatronicec.com\/index.php\/wp-json\/wp\/v2\/media\/7802"}],"wp:attachment":[{"href":"https:\/\/novatronicec.com\/index.php\/wp-json\/wp\/v2\/media?parent=7801"}],"wp:term":[{"taxonomy":"product_brand","embeddable":true,"href":"https:\/\/novatronicec.com\/index.php\/wp-json\/wp\/v2\/product_brand?post=7801"},{"taxonomy":"product_cat","embeddable":true,"href":"https:\/\/novatronicec.com\/index.php\/wp-json\/wp\/v2\/product_cat?post=7801"},{"taxonomy":"product_tag","embeddable":true,"href":"https:\/\/novatronicec.com\/index.php\/wp-json\/wp\/v2\/product_tag?post=7801"}],"curies":[{"name":"wp","href":"https:\/\/api.w.org\/{rel}","templated":true}]}}