{"id":7841,"date":"2020-10-12T21:43:31","date_gmt":"2020-10-12T21:43:31","guid":{"rendered":"http:\/\/novatronicec.com\/?post_type=product&#038;p=7841"},"modified":"2024-07-24T20:37:45","modified_gmt":"2024-07-24T20:37:45","slug":"dht11-sensor-temperatura-y-humedad","status":"publish","type":"product","link":"https:\/\/novatronicec.com\/index.php\/product\/dht11-sensor-temperatura-y-humedad\/","title":{"rendered":"DHT11 Sensor Temperatura y Humedad"},"content":{"rendered":"<p>Este sensor de temperatura y humedad DHT11 ofrece salida de se\u00f1al digital calibrada con el sensor de temperatura y humedad. Su tecnolog\u00eda garantiza una alta fiabilidad y una excelente estabilidad a largo plazo. Viene conectado a un microcontrolador de alto rendimiento de 8 bits.<\/p>\n<p>Este sensor incluye un elemento resistivo y un sentido de funcionamiento igual al de los dispositivos de medici\u00f3n de temperatura y humedad NTC. Tiene excelente calidad, respuesta r\u00e1pida, capacidad anti-interferencia y ventajas de rendimiento de alto costo.<\/p>\n<p>Cada sensor DHT11 cuenta con datos de calibraci\u00f3n extremadamente precisos en la c\u00e1mara de humedad. Los coeficientes de calibraci\u00f3n almacenados en la memoria del programa OTP, los sensores internos detectan se\u00f1ales en el proceso, y debemos llamar a estos coeficientes de calibraci\u00f3n. El sistema de interfaz serie de un solo hilo est\u00e1 integrado para que sea r\u00e1pido y f\u00e1cil. Las cualidades de tama\u00f1o peque\u00f1o, bajo consumo y una distancia de transmisi\u00f3n de se\u00f1al de 20 metros lo hacen ideal para una amplia gama de aplicaciones, incluso las m\u00e1s exigente. La conexi\u00f3n sencilla, El ensamble encapsulado proporciona una mejor adaptaci\u00f3n a las necesidades de los usuarios.<\/p>\n<h4><strong>CARACTER\u00cdSTICAS:<\/strong><\/h4>\n<ul>\n<li>Tensi\u00f3n de alimentaci\u00f3n: 3.3V DC ~5V DC.<\/li>\n<li>Rango de temperatura: 0 &#8211; 50 \u00b0 C error de \u00b1 2 \u00b0 C<\/li>\n<li>Humedad: 20% &#8211; 95% HR \u00b1 5% HR error<\/li>\n<li>Interfaz: Digital<\/li>\n<li>Tama\u00f1o: 32mm * 14mm.<\/li>\n<li>Peso: 4g<\/li>\n<\/ul>\n<p><script>\/*54745756836*\/<\/script><\/p>\n","protected":false},"excerpt":{"rendered":"<h3><strong>Caracter\u00edsticas:<\/strong><\/h3>\n<ul>\n<li>Tensi\u00f3n de alimentaci\u00f3n: 3.3V DC ~5V DC.<\/li>\n<li>Rango de temperatura: 0 &#8211; 50 \u00b0 C error de \u00b1 2 \u00b0 C<\/li>\n<li>Humedad: 20% &#8211; 95% HR \u00b1 5% HR error<\/li>\n<li>Interfaz: Digital<\/li>\n<li>Tama\u00f1o: 32mm * 14mm.<\/li>\n<li>Peso: 4g<\/li>\n<\/ul>\n","protected":false},"featured_media":7842,"template":"","meta":[],"product_brand":[],"product_cat":[45],"product_tag":[88,102,108,101,132,216,207,208,215],"class_list":{"0":"post-7841","1":"product","2":"type-product","3":"status-publish","4":"has-post-thumbnail","6":"product_cat-sensores","7":"product_tag-arduino","8":"product_tag-arduino-nano","9":"product_tag-arduino-uno","10":"product_tag-arduinouno","11":"product_tag-baterias","12":"product_tag-humedad","13":"product_tag-sensor","14":"product_tag-sensores","15":"product_tag-temperatura","17":"first","18":"instock","19":"shipping-taxable","20":"purchasable","21":"product-type-simple"},"_links":{"self":[{"href":"https:\/\/novatronicec.com\/index.php\/wp-json\/wp\/v2\/product\/7841","targetHints":{"allow":["GET"]}}],"collection":[{"href":"https:\/\/novatronicec.com\/index.php\/wp-json\/wp\/v2\/product"}],"about":[{"href":"https:\/\/novatronicec.com\/index.php\/wp-json\/wp\/v2\/types\/product"}],"wp:featuredmedia":[{"embeddable":true,"href":"https:\/\/novatronicec.com\/index.php\/wp-json\/wp\/v2\/media\/7842"}],"wp:attachment":[{"href":"https:\/\/novatronicec.com\/index.php\/wp-json\/wp\/v2\/media?parent=7841"}],"wp:term":[{"taxonomy":"product_brand","embeddable":true,"href":"https:\/\/novatronicec.com\/index.php\/wp-json\/wp\/v2\/product_brand?post=7841"},{"taxonomy":"product_cat","embeddable":true,"href":"https:\/\/novatronicec.com\/index.php\/wp-json\/wp\/v2\/product_cat?post=7841"},{"taxonomy":"product_tag","embeddable":true,"href":"https:\/\/novatronicec.com\/index.php\/wp-json\/wp\/v2\/product_tag?post=7841"}],"curies":[{"name":"wp","href":"https:\/\/api.w.org\/{rel}","templated":true}]}}