{"id":7864,"date":"2020-10-12T21:58:07","date_gmt":"2020-10-12T21:58:07","guid":{"rendered":"http:\/\/novatronicec.com\/?post_type=product&#038;p=7864"},"modified":"2026-04-25T16:37:11","modified_gmt":"2026-04-25T16:37:11","slug":"regulador-de-voltaje-ams1117-3-3-800ma-dc-5v-a-3-3v-stepdown","status":"publish","type":"product","link":"https:\/\/novatronicec.com\/index.php\/product\/regulador-de-voltaje-ams1117-3-3-800ma-dc-5v-a-3-3v-stepdown\/","title":{"rendered":"Regulador de voltaje AMS1117 3.3 800MA DC 5V a 3.3V (StepDown)"},"content":{"rendered":"<div class=\"wpb-content-wrapper\"><p>[vc_row][vc_column][vc_column_text css=\u00bb\u00bb woodmart_inline=\u00bbno\u00bb text_larger=\u00bbno\u00bb]<\/p>\n<h2>Descripci\u00f3n<\/h2>\n<p>El regulador AMS1117 3.3 Mini es un dispositivo compacto y eficiente que proporciona una salida de voltaje estabilizada de 3.3 voltios a partir de una entrada m\u00e1s alta. Dise\u00f1ado para garantizar un suministro de energ\u00eda constante en aplicaciones electr\u00f3nicas, este regulador es ideal para proyectos DIY, placas de desarrollo y otros dispositivos que requieren una fuente de alimentaci\u00f3n fiable. Su tama\u00f1o reducido y espaciado est\u00e1ndar de 2.54 mm lo hace ideal para utilizar en prototipos sobre protoboards o tarjetas PCB. Facilita su integraci\u00f3n en espacios limitados, ofreciendo una soluci\u00f3n pr\u00e1ctica para mantener la integridad del voltaje en una variedad de aplicaciones. El m\u00f3dulo incluye un LED para indicar el correcto funcionamiento.<\/p>\n<p><strong>Caracter\u00edsticas:<\/strong><\/p>\n<ul>\n<li>Voltaje de entrada: 4.8 \u2013 10.3 V<\/li>\n<li>Voltaje de salida: 3.3 V<\/li>\n<li>Corriente de salida: 1 A<\/li>\n<\/ul>\n<p>[\/vc_column_text][\/vc_column][\/vc_row]<\/p>\n<\/div>","protected":false},"excerpt":{"rendered":"<h4><strong>Caracter\u00edsticas:<\/strong><\/h4>\n<ul>\n<li>Voltaje de entrada: 4.8 \u2013 10.3 V<\/li>\n<li>Voltaje de salida: 3.3 V<\/li>\n<li>Corriente de salida: 1 A<\/li>\n<\/ul>\n","protected":false},"featured_media":7867,"template":"","meta":[],"product_brand":[],"product_cat":[86,95],"product_tag":[],"class_list":{"0":"post-7864","1":"product","2":"type-product","3":"status-publish","4":"has-post-thumbnail","6":"product_cat-electronica","7":"product_cat-modulos-y-shields","9":"first","10":"instock","11":"shipping-taxable","12":"purchasable","13":"product-type-simple"},"_links":{"self":[{"href":"https:\/\/novatronicec.com\/index.php\/wp-json\/wp\/v2\/product\/7864","targetHints":{"allow":["GET"]}}],"collection":[{"href":"https:\/\/novatronicec.com\/index.php\/wp-json\/wp\/v2\/product"}],"about":[{"href":"https:\/\/novatronicec.com\/index.php\/wp-json\/wp\/v2\/types\/product"}],"wp:featuredmedia":[{"embeddable":true,"href":"https:\/\/novatronicec.com\/index.php\/wp-json\/wp\/v2\/media\/7867"}],"wp:attachment":[{"href":"https:\/\/novatronicec.com\/index.php\/wp-json\/wp\/v2\/media?parent=7864"}],"wp:term":[{"taxonomy":"product_brand","embeddable":true,"href":"https:\/\/novatronicec.com\/index.php\/wp-json\/wp\/v2\/product_brand?post=7864"},{"taxonomy":"product_cat","embeddable":true,"href":"https:\/\/novatronicec.com\/index.php\/wp-json\/wp\/v2\/product_cat?post=7864"},{"taxonomy":"product_tag","embeddable":true,"href":"https:\/\/novatronicec.com\/index.php\/wp-json\/wp\/v2\/product_tag?post=7864"}],"curies":[{"name":"wp","href":"https:\/\/api.w.org\/{rel}","templated":true}]}}