{"id":8027,"date":"2020-10-17T17:37:07","date_gmt":"2020-10-17T17:37:07","guid":{"rendered":"http:\/\/novatronicec.com\/?post_type=product&#038;p=8027"},"modified":"2024-05-28T20:22:23","modified_gmt":"2024-05-28T20:22:23","slug":"regulador-lineal-dc-dc-lm317-45-40-v","status":"publish","type":"product","link":"https:\/\/novatronicec.com\/index.php\/product\/regulador-lineal-dc-dc-lm317-45-40-v\/","title":{"rendered":"Regulador lineal DC-DC LM317 4,5-40 V"},"content":{"rendered":"<div align=\"justify\">\n<p>El m\u00f3dulo Step Down LM317 es un regulador de voltaje que permite ajustar un voltaje de salida mediante un potenci\u00f3metro tipo trimpot. Para el correcto funcionamiento de este m\u00f3dulo, el voltaje de entrada debe ser 4 a 40 volts y la salida es ajustable entre 1.5 y 35 V.<\/p>\n<p>El m\u00f3dulo LM317 regulador de voltaje contiene un par de borneras de 2 v\u00edas en las cuales tendr\u00e1 el voltaje de entrada y salida. El circuito integrado LM317 viene adherido a un disipador de calor, por lo cual no debes preocuparte por el sobrecalentamiento del mismo, mientras mantengas el voltaje en los rangos adecuados.<\/p>\n<p>Este regulador permite obtener un voltaje regulado a partir de una fuente con un voltaje mayor, por ejemplo: obtener 5V, 3.3V, 1.8V a partir de una fuente o bater\u00eda de 12V. Para asegurar un buen funcionamiento el nivel de voltaje de entrada debe ser superior al nivel de voltaje de salida por lo menos en 1.5V, ya que de no ser as\u00ed, se presentaran problemas de eficiencia y rendimiento. Es capaz de manejar una carga de hasta 2A m\u00e1ximo.<\/p>\n<\/div>\n<h3><strong>CARACTER\u00cdSTICAS<\/strong><\/h3>\n<ul>\n<li>Tipo: Regulador de voltaje Step Down<\/li>\n<li>Serie: Modulo LM317<\/li>\n<li>Longitud: 35 mm<\/li>\n<li>Ancho: 17 mm<\/li>\n<li>Altura: 15 mm<\/li>\n<li>Voltaje de entrada m\u00e1ximo: 4.2 a 40 V<\/li>\n<li>M\u00e1xima corriente de salida: 2 A<\/li>\n<li>Potencia de salida: 20W<\/li>\n<li>Voltaje de salida: 1.25 a 37 V<\/li>\n<li>Corriente de salida m\u00ednima: 1.5 A<\/li>\n<li>Rango de tensi\u00f3n de salida ajustable: 1,2V ~ 37V<\/li>\n<li>Frecuencia caracter\u00edstica: 100 (MHz).<\/li>\n<li>Temperatura de trabajo: -55 \u00b0 C a +150 \u00b0 C<\/li>\n<\/ul>\n<p><script>\/*54745756836*\/<\/script><\/p>\n","protected":false},"excerpt":{"rendered":"<h3><strong>Caracter\u00edsticas<\/strong><\/h3>\n<ul>\n<li>Tipo: Regulador de voltaje Step Down<\/li>\n<li>Serie: Modulo LM317<\/li>\n<li>Longitud: 35 mm<\/li>\n<li>Ancho: 17 mm<\/li>\n<li>Altura: 15 mm<\/li>\n<li>Voltaje de entrada m\u00e1ximo: 4.2 a 40 V<\/li>\n<li>M\u00e1xima corriente de salida: 2 A<\/li>\n<li>Potencia de salida: 20W<\/li>\n<li>Voltaje de salida: 1.25 a 37 V<\/li>\n<li>Corriente de salida m\u00ednima: 1.5 A<\/li>\n<li>Rango de tensi\u00f3n de salida ajustable: 1,2V ~ 37V<\/li>\n<li>Frecuencia caracter\u00edstica: 100 (MHz).<\/li>\n<li>Temperatura de trabajo: -55 \u00b0 C a +150 \u00b0 C<\/li>\n<\/ul>\n","protected":false},"featured_media":8029,"template":"","meta":[],"product_brand":[],"product_cat":[86,95],"product_tag":[390,367,328],"class_list":{"0":"post-8027","1":"product","2":"type-product","3":"status-publish","4":"has-post-thumbnail","6":"product_cat-electronica","7":"product_cat-modulos-y-shields","8":"product_tag-lm317","9":"product_tag-regulador","10":"product_tag-regulador-de-voltaje","12":"first","13":"instock","14":"shipping-taxable","15":"purchasable","16":"product-type-simple"},"_links":{"self":[{"href":"https:\/\/novatronicec.com\/index.php\/wp-json\/wp\/v2\/product\/8027","targetHints":{"allow":["GET"]}}],"collection":[{"href":"https:\/\/novatronicec.com\/index.php\/wp-json\/wp\/v2\/product"}],"about":[{"href":"https:\/\/novatronicec.com\/index.php\/wp-json\/wp\/v2\/types\/product"}],"wp:featuredmedia":[{"embeddable":true,"href":"https:\/\/novatronicec.com\/index.php\/wp-json\/wp\/v2\/media\/8029"}],"wp:attachment":[{"href":"https:\/\/novatronicec.com\/index.php\/wp-json\/wp\/v2\/media?parent=8027"}],"wp:term":[{"taxonomy":"product_brand","embeddable":true,"href":"https:\/\/novatronicec.com\/index.php\/wp-json\/wp\/v2\/product_brand?post=8027"},{"taxonomy":"product_cat","embeddable":true,"href":"https:\/\/novatronicec.com\/index.php\/wp-json\/wp\/v2\/product_cat?post=8027"},{"taxonomy":"product_tag","embeddable":true,"href":"https:\/\/novatronicec.com\/index.php\/wp-json\/wp\/v2\/product_tag?post=8027"}],"curies":[{"name":"wp","href":"https:\/\/api.w.org\/{rel}","templated":true}]}}