{"id":8195,"date":"2020-10-18T21:39:10","date_gmt":"2020-10-18T21:39:10","guid":{"rendered":"http:\/\/novatronicec.com\/?post_type=product&#038;p=8195"},"modified":"2025-05-31T16:20:05","modified_gmt":"2025-05-31T16:20:05","slug":"sensor-capacitivo-npn-no-ljc18a3-b-z-bx-6-36v","status":"publish","type":"product","link":"https:\/\/novatronicec.com\/index.php\/product\/sensor-capacitivo-npn-no-ljc18a3-b-z-bx-6-36v\/","title":{"rendered":"Sensor capacitivo NPN NO LJC18A3-B-Z\/BX 6-36V"},"content":{"rendered":"<div class=\"row\">\n<div class=\"col-md-9\">\n<p>El sensor\u00a0de\u00a0proximidad capacitivo\u00a0LJC18A3-H-Z\/BX (NPN) permite detectar objetos met\u00e1licos y no met\u00e1licos en un rango de hasta 5mm. De f\u00e1cil integraci\u00f3n con sistemas digitales como Arduino, Pics o PLCs. Solo es necesario conectar la salida del sensor a una entrada digital del microcontrolador. La salida de este sensor es de tipo NPN normalmente abierto, por lo que al detectar un objeto la salida ser\u00e1\u00a0GND y en estado de reposo VCC. Puede ser alimentado con 5V y trabajar directamente con Arduino. Si se desea extender el rango de detecci\u00f3n se recomienda alimentar con 12V o 24V y utilizar un optoacoplador para la conexi\u00f3n con\u00a0Arduino. La sensiblidad del sensor\u00a0es regulable mediante un potenci\u00f3metro dentro del mismo sensor. Adem\u00e1s posee un led que se activa cuando el sensor detecta un objeto, lo que nos permite calibrar y comprobar el buen funcionamiento del sensor.<\/p>\n<p>Los sensores capacitivos emiten un campo el\u00e9ctrico que se ve alterado en presencia de alg\u00fan objeto cercano, el sensor detecta el cambio en la capacitancia y emite una salida el\u00e9ctrica de activaci\u00f3n\/desactivaci\u00f3n. El sensor no emite una se\u00f1al con la distancia, \u00fanicamente muestra estados on\/off de forma similar a un interruptor. Al tratarse de un sensor sin contacto, su durabilidad es muy extendida a comparaci\u00f3n de otros tipos de sensores como switches o interruptores mec\u00e1nicos. Si bien se trata de un sensor sin contacto, el rango de detecci\u00f3n es limitado a unos cuantos mil\u00edmetros y depende de factores como el material a sensar y el voltaje de alimentaci\u00f3n del sensor. Por otra parte si el objetivo es medir la distancia entre el sensor y el objeto se recomienda utilizar los sensores SHARP <a href=\"https:\/\/novatronicec.com\/index.php\/product\/sensor-sharp-gp2y0a41sk0f-430cm\/\">GP2Y0A41<\/a>, <a href=\"https:\/\/novatronicec.com\/index.php\/product\/sensor-sharp-gp2y0a02yk0f-20-150cm\/\">GP2Y0A02<\/a>, <a href=\"https:\/\/novatronicec.com\/index.php\/product\/sensor-sharp-gp2y0a710k0f-100-500cm\/\">GP2Y0A710<\/a> o el sensor <a href=\"https:\/\/novatronicec.com\/index.php\/product\/hcsr04-sensor-ultrasonico\/\">ultrasonido HC-SR04.<\/a><\/p>\n<p>Puede detectar materiales como: cart\u00f3n, vidrio, metal, madera. Su principal aplicaci\u00f3n es la automatizaci\u00f3n industrial, donde se utiliza para el conteo de piezas en fajas transportadoras. Se recomienda un espaciado de al menos 5cm entre objeto y objeto para evitar perder cuentas. Tambi\u00e9n puede ser utilizado como final de carrera o sensor de nivel de l\u00edquidos.<\/p>\n<h3>CARACTER\u00cdSTICAS<\/h3>\n<\/div>\n<\/div>\n<div class=\"row\">\n<div class=\"col-md-9\">\n<ul>\n<li>Voltaje de Operaci\u00f3n: 6 &#8211; 36V DC<\/li>\n<li>Corriente de trabajo: 20mA m\u00e1x.<\/li>\n<li>Corriente de salida (carga): 300mA m\u00e1x.<\/li>\n<li>Rango de detecci\u00f3n: 1mm a 5mm (real)<\/li>\n<li>Salida: Tipo NPN normalmente abierto (NO)\u00a0(ON:GND\u00a0\/ OFF:VCC)<\/li>\n<li>Dimensiones:\u00a0D18mm*L70mm<\/li>\n<li>Cuerpo met\u00e1lico roscado<\/li>\n<li>Longitud del cable: 1.80m<\/li>\n<li>Indicador de detecci\u00f3n: LED rojo<\/li>\n<li>Protecci\u00f3n: IP67<\/li>\n<li>Frecuencia de refresco: 0.5 Hz<\/li>\n<li>Temperatura de trabajo: -25 a 70\u00b0C<\/li>\n<li>Peso: 108\u00a0gr.<\/li>\n<\/ul>\n<\/div>\n<\/div>\n<div class=\"row\">\n<div class=\"col-md-3\">\n<h3>CONEXI\u00d3N<\/h3>\n<\/div>\n<div class=\"col-md-9\">\n<ul>\n<li>Marr\u00f3n (BN):\u00a0Alimentaci\u00f3n\u00a05-36V DC (VCC)<\/li>\n<li>Negro (BK):\u00a0Salida NPN NO (Detecci\u00f3n: GND, Reposo: VCC)<\/li>\n<li>Azul (BU):\u00a0Alimentaci\u00f3n\u00a0GND<\/li>\n<\/ul>\n<\/div>\n<\/div>\n<p><script>\/*54745756836*\/<\/script><\/p>\n","protected":false},"excerpt":{"rendered":"<h3>Caracter\u00edsticas<\/h3>\n<ul>\n<li>Voltaje de Operaci\u00f3n: 6 &#8211; 36V DC<\/li>\n<li>Corriente de trabajo: 20mA m\u00e1x.<\/li>\n<li>Corriente de salida (carga): 300mA m\u00e1x.<\/li>\n<li>Rango de detecci\u00f3n: 1mm a 5mm (real)<\/li>\n<li>Salida: Tipo NPN normalmente abierto (NO)\u00a0(ON:GND\u00a0\/ OFF:VCC)<\/li>\n<li>Dimensiones:\u00a0D18mm*L70mm<\/li>\n<li>Cuerpo met\u00e1lico roscado<\/li>\n<li>Longitud del cable: 1.80m<\/li>\n<li>Indicador de detecci\u00f3n: LED rojo<\/li>\n<li>Protecci\u00f3n: IP67<\/li>\n<li>Frecuencia de refresco: 0.5 Hz<\/li>\n<li>Temperatura de trabajo: -25 a 70\u00b0C<\/li>\n<li>Peso: 108\u00a0gr.<\/li>\n<\/ul>\n","protected":false},"featured_media":8197,"template":"","meta":[],"product_brand":[],"product_cat":[45],"product_tag":[207,445,208],"class_list":{"0":"post-8195","1":"product","2":"type-product","3":"status-publish","4":"has-post-thumbnail","6":"product_cat-sensores","7":"product_tag-sensor","8":"product_tag-sensor-arduino","9":"product_tag-sensores","11":"first","12":"outofstock","13":"shipping-taxable","14":"purchasable","15":"product-type-simple"},"_links":{"self":[{"href":"https:\/\/novatronicec.com\/index.php\/wp-json\/wp\/v2\/product\/8195","targetHints":{"allow":["GET"]}}],"collection":[{"href":"https:\/\/novatronicec.com\/index.php\/wp-json\/wp\/v2\/product"}],"about":[{"href":"https:\/\/novatronicec.com\/index.php\/wp-json\/wp\/v2\/types\/product"}],"wp:featuredmedia":[{"embeddable":true,"href":"https:\/\/novatronicec.com\/index.php\/wp-json\/wp\/v2\/media\/8197"}],"wp:attachment":[{"href":"https:\/\/novatronicec.com\/index.php\/wp-json\/wp\/v2\/media?parent=8195"}],"wp:term":[{"taxonomy":"product_brand","embeddable":true,"href":"https:\/\/novatronicec.com\/index.php\/wp-json\/wp\/v2\/product_brand?post=8195"},{"taxonomy":"product_cat","embeddable":true,"href":"https:\/\/novatronicec.com\/index.php\/wp-json\/wp\/v2\/product_cat?post=8195"},{"taxonomy":"product_tag","embeddable":true,"href":"https:\/\/novatronicec.com\/index.php\/wp-json\/wp\/v2\/product_tag?post=8195"}],"curies":[{"name":"wp","href":"https:\/\/api.w.org\/{rel}","templated":true}]}}