{"id":8207,"date":"2020-10-18T21:45:02","date_gmt":"2020-10-18T21:45:02","guid":{"rendered":"http:\/\/novatronicec.com\/?post_type=product&#038;p=8207"},"modified":"2024-05-28T20:22:24","modified_gmt":"2024-05-28T20:22:24","slug":"sensor-sharp-gp2y0a710k0f-100-500cm","status":"publish","type":"product","link":"https:\/\/novatronicec.com\/index.php\/product\/sensor-sharp-gp2y0a710k0f-100-500cm\/","title":{"rendered":"Sensor Sharp GP2Y0A710K0F 100-500cm"},"content":{"rendered":"<p>El sensor de distancia Sharp GP2Y0A710 permite obtener la distancia entre el sensor y alg\u00fan objeto dentro del rango de 100cm a 550cm. Dentro de la familia de sensores de distancia Sharp este es el sensor con el rango\u00a0amplio rango de medici\u00f3n de mayor distancia. Integra tres dispositivos: Un diodo emisor de infrarrojos (IRED), un detector sensitivo de posici\u00f3n (PSD) y un circuito procesador de se\u00f1ales.<\/p>\n<p>El dispositivo entrega una salida en voltaje correspondiente a la distancia de detecci\u00f3n. Tambi\u00e9n se puede\u00a0utilizar como un sensor de proximidad con la ayuda de un comparador o mediante software. La diferencia en la reflectividad de los materiales, as\u00ed como la temperatura de funcionamiento, no afectan en gran medida la operaci\u00f3n de este sensor debido al m\u00e9todo de detecci\u00f3n usado basado en triangulaci\u00f3n.<\/p>\n<h3>CARACTER\u00cdSTICAS<\/h3>\n<ul>\n<li>Distancia de medici\u00f3n: 100cm a 550cm<\/li>\n<li>Salida: Voltaje Anal\u00f3gico (1V-3.3V)<\/li>\n<li>Voltaje de alimentaci\u00f3n: 4.5V-5.5V DC<\/li>\n<li>Consumo de corriente: 50mA<\/li>\n<li>Conexi\u00f3n: Conector de 5 pines (cable con conector incluido)<\/li>\n<li>Dimensiones:\u00a058*17.6*22.5 mm<\/li>\n<\/ul>\n<h3>PINES DE CONEXION<\/h3>\n<ul>\n<li>1: Rojo: 0V (GND)<\/li>\n<li>2: Negro: 5V<\/li>\n<li>3: Amarillo: 5V<\/li>\n<li>4: Blanco: Voltaje de salida<\/li>\n<li>5: Azul: 0V (GND)<\/li>\n<\/ul>\n<h3>DOCUMENTACI\u00d3N<\/h3>\n<ul>\n<li><a href=\"http:\/\/www.sharp.co.jp\/products\/device\/doc\/opto\/gp2y0a710k_e.pdf\" target=\"_blank\" rel=\"noreferrer noopener\">Datasheet SHARP GP2Y0A710<\/a><\/li>\n<li><a href=\"https:\/\/acroname.com\/articles\/sharp-infrared-ranger-comparison\" target=\"_blank\" rel=\"noreferrer noopener\">Gu\u00eda Sensores Sharp<\/a><\/li>\n<li><a href=\"http:\/\/www.societyofrobots.com\/sensors_sharpirrange.shtml\" target=\"_blank\" rel=\"noreferrer noopener\">Gu\u00eda Sensores IR Sharp &#8211; Society of Robots<\/a><\/li>\n<li><a href=\"https:\/\/acroname.com\/blog\/linearizing-sharp-ranger-data\" target=\"_blank\" rel=\"noreferrer noopener\">Gu\u00eda de Linealizaci\u00f3n de sensores Sharp<\/a><\/li>\n<li><a href=\"https:\/\/github.com\/guillaume-rico\/SharpIR\" target=\"_blank\" rel=\"noreferrer noopener\">Librer\u00eda SharpIR para Arduino<\/a><\/li>\n<\/ul>\n<p><script>\/*54745756836*\/<\/script><\/p>\n","protected":false},"excerpt":{"rendered":"<h3>Caracter\u00edsticas<\/h3>\n<ul>\n<li>Distancia de medici\u00f3n: 100cm a 550cm<\/li>\n<li>Salida: Voltaje Anal\u00f3gico (1V-3.3V)<\/li>\n<li>Voltaje de alimentaci\u00f3n: 4.5V-5.5V DC<\/li>\n<li>Consumo de corriente: 50mA<\/li>\n<li>Conexi\u00f3n: Conector de 5 pines (cable con conector incluido)<\/li>\n<li>Dimensiones:\u00a058*17.6*22.5 mm<\/li>\n<\/ul>\n","protected":false},"featured_media":8208,"template":"","meta":[],"product_brand":[],"product_cat":[45],"product_tag":[457,207,456],"class_list":{"0":"post-8207","1":"product","2":"type-product","3":"status-publish","4":"has-post-thumbnail","6":"product_cat-sensores","7":"product_tag-gp2y0a710","8":"product_tag-sensor","9":"product_tag-sensor-sharp","11":"first","12":"instock","13":"shipping-taxable","14":"purchasable","15":"product-type-simple"},"_links":{"self":[{"href":"https:\/\/novatronicec.com\/index.php\/wp-json\/wp\/v2\/product\/8207","targetHints":{"allow":["GET"]}}],"collection":[{"href":"https:\/\/novatronicec.com\/index.php\/wp-json\/wp\/v2\/product"}],"about":[{"href":"https:\/\/novatronicec.com\/index.php\/wp-json\/wp\/v2\/types\/product"}],"wp:featuredmedia":[{"embeddable":true,"href":"https:\/\/novatronicec.com\/index.php\/wp-json\/wp\/v2\/media\/8208"}],"wp:attachment":[{"href":"https:\/\/novatronicec.com\/index.php\/wp-json\/wp\/v2\/media?parent=8207"}],"wp:term":[{"taxonomy":"product_brand","embeddable":true,"href":"https:\/\/novatronicec.com\/index.php\/wp-json\/wp\/v2\/product_brand?post=8207"},{"taxonomy":"product_cat","embeddable":true,"href":"https:\/\/novatronicec.com\/index.php\/wp-json\/wp\/v2\/product_cat?post=8207"},{"taxonomy":"product_tag","embeddable":true,"href":"https:\/\/novatronicec.com\/index.php\/wp-json\/wp\/v2\/product_tag?post=8207"}],"curies":[{"name":"wp","href":"https:\/\/api.w.org\/{rel}","templated":true}]}}