{"id":8803,"date":"2020-12-01T21:25:37","date_gmt":"2020-12-01T21:25:37","guid":{"rendered":"http:\/\/novatronicec.com\/?post_type=product&#038;p=8803"},"modified":"2022-04-02T16:30:22","modified_gmt":"2022-04-02T16:30:22","slug":"ventilador-dc-5010-12v-50x50x10mm","status":"publish","type":"product","link":"https:\/\/novatronicec.com\/index.php\/product\/ventilador-dc-5010-12v-50x50x10mm\/","title":{"rendered":"Ventilador DC 5010 12V 50x50x10mm"},"content":{"rendered":"<p>Ventilador de\u00a012v\u00a0con unas dimensiones de\u00a050mm x 50mm x 10mm. Todos los aparatos electr\u00f3nicos mientras est\u00e1n en funcionamiento suelen calentarse, puesto que consumen energ\u00eda. As\u00ed que es necesario que cuenten con alg\u00fan dispositivo que evite el calentamiento excesivo para que \u00e9stos no fallen. Es importante conservarlo limpio para asegurar su m\u00e1xima capacidad de enfriamiento, pues este puede llegar a acumular mucho polvo impidiendo la correcta circulaci\u00f3n del aire.<\/p>\n<p>Este ventilador se puede usar tanto para nuestros nuevos proyectos como para sustituir otro ventilador averiado, por lo tanto, si nota que un ventilador ha sufrido deterioro por el paso del tiempo o produce un ruido excesivo, ser\u00e1 necesario cambiarlo, ya que el calentamiento excesivo en nuestro proyecto o equipo el\u00e9ctrico puede provocar que falle.<\/p>\n<h3>Caracter\u00edsticas<\/h3>\n<ul>\n<li>Voltaje: 12v.<\/li>\n<li>N\u00famero de aspas:\u00a09.<\/li>\n<li>Consumo:\u00a00,13A \u00b110%.<\/li>\n<li>Velocidad:\u00a05500rpm \u00b110%.<\/li>\n<li>Sonoridad:\u00a026dB \u00b110%.<\/li>\n<li>Longitud de cable:\u00a030cm.<\/li>\n<li>Vida \u00fatil:\u00a035.000 horas.<\/li>\n<\/ul>\n<p><script>\/*54745756836*\/<\/script><\/p>\n","protected":false},"excerpt":{"rendered":"<h3>Caracter\u00edsticas<\/h3>\n<ul>\n<li>Voltaje: 12v.<\/li>\n<li>N\u00famero de aspas:\u00a09.<\/li>\n<li>Consumo:\u00a00,13A \u00b110%.<\/li>\n<li>Velocidad:\u00a05500rpm \u00b110%.<\/li>\n<li>Sonoridad:\u00a026dB \u00b110%.<\/li>\n<li>Longitud de cable:\u00a030cm.<\/li>\n<li>Vida \u00fatil:\u00a035.000 horas.<\/li>\n<\/ul>\n","protected":false},"featured_media":8804,"template":"","meta":[],"product_brand":[],"product_cat":[241],"product_tag":[],"class_list":{"0":"post-8803","1":"product","2":"type-product","3":"status-publish","4":"has-post-thumbnail","6":"product_cat-repuestos","8":"first","9":"instock","10":"shipping-taxable","11":"purchasable","12":"product-type-simple"},"_links":{"self":[{"href":"https:\/\/novatronicec.com\/index.php\/wp-json\/wp\/v2\/product\/8803","targetHints":{"allow":["GET"]}}],"collection":[{"href":"https:\/\/novatronicec.com\/index.php\/wp-json\/wp\/v2\/product"}],"about":[{"href":"https:\/\/novatronicec.com\/index.php\/wp-json\/wp\/v2\/types\/product"}],"wp:featuredmedia":[{"embeddable":true,"href":"https:\/\/novatronicec.com\/index.php\/wp-json\/wp\/v2\/media\/8804"}],"wp:attachment":[{"href":"https:\/\/novatronicec.com\/index.php\/wp-json\/wp\/v2\/media?parent=8803"}],"wp:term":[{"taxonomy":"product_brand","embeddable":true,"href":"https:\/\/novatronicec.com\/index.php\/wp-json\/wp\/v2\/product_brand?post=8803"},{"taxonomy":"product_cat","embeddable":true,"href":"https:\/\/novatronicec.com\/index.php\/wp-json\/wp\/v2\/product_cat?post=8803"},{"taxonomy":"product_tag","embeddable":true,"href":"https:\/\/novatronicec.com\/index.php\/wp-json\/wp\/v2\/product_tag?post=8803"}],"curies":[{"name":"wp","href":"https:\/\/api.w.org\/{rel}","templated":true}]}}