{"id":8825,"date":"2020-12-01T22:01:09","date_gmt":"2020-12-01T22:01:09","guid":{"rendered":"http:\/\/novatronicec.com\/?post_type=product&#038;p=8825"},"modified":"2024-05-28T20:22:29","modified_gmt":"2024-05-28T20:22:29","slug":"interruptor-de-dos-posiciones-6a-250v2pin-rojo-tamano-12x18mm","status":"publish","type":"product","link":"https:\/\/novatronicec.com\/index.php\/product\/interruptor-de-dos-posiciones-6a-250v2pin-rojo-tamano-12x18mm\/","title":{"rendered":"Interruptor KCD1-101 dos posiciones Size 6A\/250V2pin (Rojo) 12 x 18 mm"},"content":{"rendered":"<p>Este es un interruptor el\u00e9ctrico que permite desviar o interrumpir el curso de una corriente el\u00e9ctrica mediante dos contactos de metal inoxidable, maneja una tensi\u00f3n de 125 VAC a 250 VAC.<\/p>\n<h3>Caracter\u00edsticas<\/h3>\n<ul>\n<li>Tipo de contacto: SPST<\/li>\n<li>Terminales: 2 pines<\/li>\n<li>Posici\u00f3n: encendido \/ apagado<\/li>\n<li>Tensi\u00f3n nominal: 125VAC 6A \/ 250VAC 3A<\/li>\n<li>Tama\u00f1o total: 18mm x 12mm x 20 mm<\/li>\n<li>Color: Rojo<\/li>\n<li>Peso total: 6 g<\/li>\n<\/ul>\n<p><script>\/*54745756836*\/<\/script><\/p>\n","protected":false},"excerpt":{"rendered":"<h3>Caracter\u00edsticas<\/h3>\n<ul>\n<li>Tipo de contacto: SPST<\/li>\n<li>Terminales: 2 pines<\/li>\n<li>Posici\u00f3n: encendido \/ apagado<\/li>\n<li>Tensi\u00f3n nominal: 125VAC 6A \/ 250VAC 3A<\/li>\n<li>Tama\u00f1o total: 18mm x 12mm x 20 mm<\/li>\n<li>Color: Rojo<\/li>\n<\/ul>\n","protected":false},"featured_media":8826,"template":"","meta":[],"product_brand":[],"product_cat":[86],"product_tag":[1441,1439,1440,1438,1436,513,1435,802,1437],"class_list":{"0":"post-8825","1":"product","2":"type-product","3":"status-publish","4":"has-post-thumbnail","6":"product_cat-electronica","7":"product_tag-12-x-18-mm","8":"product_tag-250v","9":"product_tag-2pin","10":"product_tag-6a","11":"product_tag-dos-posiciones","12":"product_tag-interruptor","13":"product_tag-kcd1-101","14":"product_tag-rojo","15":"product_tag-size","17":"first","18":"instock","19":"shipping-taxable","20":"purchasable","21":"product-type-simple"},"_links":{"self":[{"href":"https:\/\/novatronicec.com\/index.php\/wp-json\/wp\/v2\/product\/8825","targetHints":{"allow":["GET"]}}],"collection":[{"href":"https:\/\/novatronicec.com\/index.php\/wp-json\/wp\/v2\/product"}],"about":[{"href":"https:\/\/novatronicec.com\/index.php\/wp-json\/wp\/v2\/types\/product"}],"wp:featuredmedia":[{"embeddable":true,"href":"https:\/\/novatronicec.com\/index.php\/wp-json\/wp\/v2\/media\/8826"}],"wp:attachment":[{"href":"https:\/\/novatronicec.com\/index.php\/wp-json\/wp\/v2\/media?parent=8825"}],"wp:term":[{"taxonomy":"product_brand","embeddable":true,"href":"https:\/\/novatronicec.com\/index.php\/wp-json\/wp\/v2\/product_brand?post=8825"},{"taxonomy":"product_cat","embeddable":true,"href":"https:\/\/novatronicec.com\/index.php\/wp-json\/wp\/v2\/product_cat?post=8825"},{"taxonomy":"product_tag","embeddable":true,"href":"https:\/\/novatronicec.com\/index.php\/wp-json\/wp\/v2\/product_tag?post=8825"}],"curies":[{"name":"wp","href":"https:\/\/api.w.org\/{rel}","templated":true}]}}