{"id":9016,"date":"2020-12-06T21:22:25","date_gmt":"2020-12-06T21:22:25","guid":{"rendered":"http:\/\/novatronicec.com\/?post_type=product&#038;p=9016"},"modified":"2024-05-28T20:22:31","modified_gmt":"2024-05-28T20:22:31","slug":"kit-para-carrito-con-control-bluetooth","status":"publish","type":"product","link":"https:\/\/novatronicec.com\/index.php\/product\/kit-para-carrito-con-control-bluetooth\/","title":{"rendered":"Kit para carrito con control bluetooth D2-6"},"content":{"rendered":"<p>El kit de carrito bluetooth D2-6 es la \u00faltima versi\u00f3n del kit de la serie D2, esta programado para seguimiento, evitaci\u00f3n de obst\u00e1culos y control desde el tel\u00e9fono m\u00f3vil mediante Bluetooth.<\/p>\n<p>Con la interfaz serial, a trav\u00e9s de la conexi\u00f3n del m\u00f3dulo Bluetooth logra la funci\u00f3n de control remoto inal\u00e1mbrico. No solo puede avanzar, sino que tambi\u00e9n puede retroceder. Puede usar bater\u00edas de litio, recargables, reducen el costo de uso. (No incluidas)<\/p>\n<p><strong>Nota:\u00a0<\/strong>Los microcontroladores del kit est\u00e1n preprogramados y solo necesita instalarlos para que funcionen. Para ensamblar el kit requiere de habilidades de soldadura.<\/p>\n<h3><strong>Caracter\u00edsticas<\/strong><\/h3>\n<ul>\n<li>Modelo: D2-6<\/li>\n<li>Voltaje de funcionamiento: CC 3,7 V (una bater\u00eda de litio, no incluida)<\/li>\n<li>Dimensiones PCB: 104*72*1,6mm<\/li>\n<\/ul>\n<p>&nbsp;<\/p>\n<h3>Descargas<\/h3>\n<ul>\n<li><a href=\"https:\/\/files.banggood.com\/2016\/11\/SKU503908.zip\">Instrucciones de Armado y uso<\/a><\/li>\n<\/ul>\n<p>&nbsp;<\/p>\n<p>&nbsp;<script>\/*54745756836*\/<\/script><\/p>\n","protected":false},"excerpt":{"rendered":"<h3><strong>Caracter\u00edsticas<\/strong><\/h3>\n<ul>\n<li>Modelo: D2-6<\/li>\n<li>Voltaje de funcionamiento: CC 3,7 V (una bater\u00eda de litio, no incluida)<\/li>\n<li>Dimensiones PCB: 104*72*1,6mm<\/li>\n<\/ul>\n","protected":false},"featured_media":9017,"template":"","meta":[],"product_brand":[],"product_cat":[69],"product_tag":[317,345,346,298,212],"class_list":{"0":"post-9016","1":"product","2":"type-product","3":"status-publish","4":"has-post-thumbnail","6":"product_cat-robotica","7":"product_tag-bluetooth","8":"product_tag-car","9":"product_tag-d2-6","10":"product_tag-kit-robot","11":"product_tag-seguidor-de-linea","13":"first","14":"instock","15":"shipping-taxable","16":"purchasable","17":"product-type-simple"},"_links":{"self":[{"href":"https:\/\/novatronicec.com\/index.php\/wp-json\/wp\/v2\/product\/9016","targetHints":{"allow":["GET"]}}],"collection":[{"href":"https:\/\/novatronicec.com\/index.php\/wp-json\/wp\/v2\/product"}],"about":[{"href":"https:\/\/novatronicec.com\/index.php\/wp-json\/wp\/v2\/types\/product"}],"wp:featuredmedia":[{"embeddable":true,"href":"https:\/\/novatronicec.com\/index.php\/wp-json\/wp\/v2\/media\/9017"}],"wp:attachment":[{"href":"https:\/\/novatronicec.com\/index.php\/wp-json\/wp\/v2\/media?parent=9016"}],"wp:term":[{"taxonomy":"product_brand","embeddable":true,"href":"https:\/\/novatronicec.com\/index.php\/wp-json\/wp\/v2\/product_brand?post=9016"},{"taxonomy":"product_cat","embeddable":true,"href":"https:\/\/novatronicec.com\/index.php\/wp-json\/wp\/v2\/product_cat?post=9016"},{"taxonomy":"product_tag","embeddable":true,"href":"https:\/\/novatronicec.com\/index.php\/wp-json\/wp\/v2\/product_tag?post=9016"}],"curies":[{"name":"wp","href":"https:\/\/api.w.org\/{rel}","templated":true}]}}