{"id":9433,"date":"2021-05-03T16:51:49","date_gmt":"2021-05-03T16:51:49","guid":{"rendered":"https:\/\/novatronicec.com\/?post_type=product&#038;p=9433"},"modified":"2024-05-28T20:22:31","modified_gmt":"2024-05-28T20:22:31","slug":"sensor-r307-lector-de-huella-digital","status":"publish","type":"product","link":"https:\/\/novatronicec.com\/index.php\/product\/sensor-r307-lector-de-huella-digital\/","title":{"rendered":"Sensor R307 Lector de Huella Digital"},"content":{"rendered":"<p align=\"justify\">Los sensores de huellas dactilares son unos dispositivos capaces de leer, guardar e identificar posteriormente las huellas de nuestros dedos, las huellas de cada uno de nuestros dedos son diferentes entre s\u00ed y diferentes de cualquier otra persona incluso en el caso de los gemelos id\u00e9nticos. El m\u00f3dulo R307 es un lector de huellas dactilares con interfaz UART\/USB2.0 de muy bajo consumo se puede utilizar para control de acceso, seguridad en varias aplicaciones de deposito de dinero, cerraduras de puertas de los autos, etc. Esta es una versi\u00f3n actualizada y mejorada del modulo de huellas digitales R305. El m\u00f3dulo de huellas dactilares R307 consta de un sensor \u00f3ptico de huellas dactilares, un procesador DSP de alta velocidad, un algoritmo de alineaci\u00f3n de huellas dactilares de alto rendimiento,\u00a0 cuenta con una estructura simple con entrada de huellas digitales, procesamiento de im\u00e1genes, coincidencia de huellas digitales, b\u00fasqueda y almacenamiento de plantillas entre otras funciones.<\/p>\n<ul>\n<li>Compatible con Arduino<\/li>\n<li>Con indicador LED de funcionamiento<\/li>\n<li>Sencillo de instalar<\/li>\n<li>De alta velocidad<\/li>\n<li>Conector con 6 cables de diferentes colores<\/li>\n<li>Con polaridad<\/li>\n<li>Aplicaciones: Seguridad e identificaci\u00f3n<\/li>\n<\/ul>\n<h3>Caracter\u00edsticas<\/h3>\n<ul>\n<li>Voltaje de alimentaci\u00f3n m\u00ednima: 3.3 V<\/li>\n<li>Voltaje de alimentaci\u00f3n m\u00e1xima: 5 V<\/li>\n<li>Corriente de trabajo: &lt; 120 mA<\/li>\n<li>Corriente pico: &lt; 140 mA<\/li>\n<li>Interfaces: USB2.0\/UART (TTL logical level)<\/li>\n<li>Sensibilidad: -100 dBm<\/li>\n<li>Resoluci\u00f3n: 500 DPI<\/li>\n<li>Velocidad de funcionamiento: 50 Kbps<\/li>\n<li>Tama\u00f1o de archivo de caracteres: 256 bytes<\/li>\n<li>Tama\u00f1o de la plantilla: 512 bytes<\/li>\n<li>Capacidad de almacenamiento: 1000 Huellas<\/li>\n<li>Tiempo de muestreo: &lt;1 segundo<\/li>\n<li>Niveles de seguridad: 5<\/li>\n<li>Modo de paridad de huella: 1:1 y 1:N<\/li>\n<li>Tasa de falsa aceptaci\u00f3n (FAR) &lt; 0.001 % (Nivel de seguridad 3)<\/li>\n<li>Tasa de falso rechazo (FRR): &lt; 1.0 % (Nivel de seguridad 3)<\/li>\n<li>Temperatura de operaci\u00f3n m\u00ednima: -20 \u00b0C<\/li>\n<li>Temperatura de operaci\u00f3n m\u00e1xima: 50 \u2103<\/li>\n<li>Humedad relativa m\u00ednima: 40 % RH<\/li>\n<li>Humedad relativa m\u00e1xima: 85 % RH<\/li>\n<li>Dimensiones de la ventana: 15 mm X\u00a0 19 mm<\/li>\n<li>Dimensiones: 5 cm X 2 cm X 2.3 cm<\/li>\n<li>N\u00famero de cables: 6<\/li>\n<li>Material: Pl\u00e1stico<\/li>\n<li>Color: Negro<\/li>\n<li>Modelo: R307<\/li>\n<\/ul>\n<div class=\"col-md-9\">\n<p><strong>M\u00f3dulo de huella digital R307 Diagrama de placa de circuito<\/strong><\/p>\n<p>&nbsp;<\/p>\n<p><img decoding=\"async\" src=\"https:\/\/ae01.alicdn.com\/kf\/HTB1fWulXqagSKJjy0Fbq6y.mVXaN.jpg\" alt=\"R307\" width=\"400\" height=\"420\" \/><\/p>\n<p>&nbsp;<\/p>\n<p>&nbsp;<\/p>\n<p>&nbsp;<\/p>\n<p><strong>3. Se puede seleccionar la potencia de 3V CC para suministrarla cuando se use brevemente como el siguiente dibujo.<\/strong><\/p>\n<p><strong>Precauci\u00f3n: operando cuidadosamente, y R307 se da\u00f1ar\u00e1 cuando la conexi\u00f3n wong.<\/strong><\/p>\n<p>&nbsp;<\/p>\n<p><img decoding=\"async\" src=\"https:\/\/ae01.alicdn.com\/kf\/HTB1Ohh5f5AKL1JjSZFoq6ygCFXaq.jpg\" alt=\"R307-9\" width=\"344\" height=\"218\" \/><\/p>\n<div><\/div>\n<div>M\u00f3dulo de huella digital R307 Tabla de tallas<\/div>\n<p>&nbsp;<\/p>\n<p><img decoding=\"async\" src=\"https:\/\/ae01.alicdn.com\/kf\/HTB1BYnFdwsSMeJjSspeq6y77VXan.jpg\" alt=\"R307\" width=\"700\" height=\"705\" \/><\/p>\n<h3>Incluye<\/h3>\n<ul>\n<li>1x Sensor<\/li>\n<li>1 x Cable de conexi\u00f3n<\/li>\n<\/ul>\n<h3>Documentaci\u00f3n<\/h3>\n<div class=\"col-md-9\">\n<ul>\n<li><a href=\"https:\/\/www.dropbox.com\/sh\/orprmb3bgb6lqb6\/AAAeXeZKAgvy0T7qvTUSr4Eva\/User%20Manual%20for%20Fingerprint%20Module\/R307%20fingerprint%20module%20user%20manual.pdf?dl=0\">Manual de Usuario<\/a><\/li>\n<li><a href=\"https:\/\/learn.adafruit.com\/adafruit-optical-fingerprint-sensor\">Tutorial por Adafruit<\/a><\/li>\n<li><a href=\"https:\/\/github.com\/adafruit\/Adafruit-Fingerprint-Sensor-Library\">Libreria Adafruit<\/a><\/li>\n<li><a href=\"https:\/\/cdn-shop.adafruit.com\/datasheets\/SFGDemoV2.0.rar\">Programa de prueba para windows<\/a><\/li>\n<\/ul>\n<\/div>\n<\/div>\n<p><script>\/*54745756836*\/<\/script><\/p>\n","protected":false},"excerpt":{"rendered":"<h3>Caracter\u00edsticas<\/h3>\n<ul>\n<li>Voltaje de alimentaci\u00f3n m\u00ednima: 3.3 V<\/li>\n<li>Voltaje de alimentaci\u00f3n m\u00e1xima: 5 V<\/li>\n<li>Corriente de trabajo: &lt; 120 mA<\/li>\n<li>Corriente pico: &lt; 140 mA<\/li>\n<li>Interfaces: USB2.0\/UART (TTL logical level)<\/li>\n<li>Sensibilidad: -100 dBm<\/li>\n<li>Resoluci\u00f3n: 500 DPI<\/li>\n<li>Velocidad de funcionamiento: 50 Kbps<\/li>\n<li>Tama\u00f1o de archivo de caracteres: 256 bytes<\/li>\n<li>Tama\u00f1o de la plantilla: 512 bytes<\/li>\n<li>Capacidad de almacenamiento: 1000 Huellas<\/li>\n<li>Tiempo de muestreo: &lt;1 segundo<\/li>\n<li>Niveles de seguridad: 5<\/li>\n<li>Modo de paridad de huella: 1:1 y 1:N<\/li>\n<li>Tasa de falsa aceptaci\u00f3n (FAR) &lt; 0.001 % (Nivel de seguridad 3)<\/li>\n<li>Tasa de falso rechazo (FRR): &lt; 1.0 % (Nivel de seguridad 3)<\/li>\n<li>Temperatura de operaci\u00f3n m\u00ednima: -20 \u00b0C<\/li>\n<li>Temperatura de operaci\u00f3n m\u00e1xima: 50 \u2103<\/li>\n<li>Humedad relativa m\u00ednima: 40 % RH<\/li>\n<li>Humedad relativa m\u00e1xima: 85 % RH<\/li>\n<li>Dimensiones de la ventana: 15 mm X\u00a0 19 mm<\/li>\n<li>Dimensiones: 5 cm X 2 cm X 2.3 cm<\/li>\n<li>N\u00famero de cables: 6<\/li>\n<li>Material: Pl\u00e1stico<\/li>\n<li>Color: Negro<\/li>\n<li>Modelo: R307<\/li>\n<\/ul>\n","protected":false},"featured_media":9440,"template":"","meta":[],"product_brand":[],"product_cat":[86,95,45],"product_tag":[88,570,365,571],"class_list":{"0":"post-9433","1":"product","2":"type-product","3":"status-publish","4":"has-post-thumbnail","6":"product_cat-electronica","7":"product_cat-modulos-y-shields","8":"product_cat-sensores","9":"product_tag-arduino","10":"product_tag-lector-de-huella","11":"product_tag-modulo","12":"product_tag-r307","14":"first","15":"outofstock","16":"shipping-taxable","17":"purchasable","18":"product-type-simple"},"_links":{"self":[{"href":"https:\/\/novatronicec.com\/index.php\/wp-json\/wp\/v2\/product\/9433","targetHints":{"allow":["GET"]}}],"collection":[{"href":"https:\/\/novatronicec.com\/index.php\/wp-json\/wp\/v2\/product"}],"about":[{"href":"https:\/\/novatronicec.com\/index.php\/wp-json\/wp\/v2\/types\/product"}],"wp:featuredmedia":[{"embeddable":true,"href":"https:\/\/novatronicec.com\/index.php\/wp-json\/wp\/v2\/media\/9440"}],"wp:attachment":[{"href":"https:\/\/novatronicec.com\/index.php\/wp-json\/wp\/v2\/media?parent=9433"}],"wp:term":[{"taxonomy":"product_brand","embeddable":true,"href":"https:\/\/novatronicec.com\/index.php\/wp-json\/wp\/v2\/product_brand?post=9433"},{"taxonomy":"product_cat","embeddable":true,"href":"https:\/\/novatronicec.com\/index.php\/wp-json\/wp\/v2\/product_cat?post=9433"},{"taxonomy":"product_tag","embeddable":true,"href":"https:\/\/novatronicec.com\/index.php\/wp-json\/wp\/v2\/product_tag?post=9433"}],"curies":[{"name":"wp","href":"https:\/\/api.w.org\/{rel}","templated":true}]}}