{"id":9447,"date":"2021-05-03T16:46:18","date_gmt":"2021-05-03T16:46:18","guid":{"rendered":"https:\/\/novatronicec.com\/?post_type=product&#038;p=9447"},"modified":"2025-06-30T23:05:29","modified_gmt":"2025-06-30T23:05:29","slug":"cautin-60w-110v","status":"publish","type":"product","link":"https:\/\/novatronicec.com\/index.php\/product\/cautin-60w-110v\/","title":{"rendered":"Caut\u00edn de temperatura ajustable 60W 110V"},"content":{"rendered":"<p>A la hora de realizar un proyecto de electr\u00f3nica, quiz\u00e1 una de las herramientas m\u00e1s necesarias para el desarrollo de nuestro proyecto sea un Caut\u00edn, sin embargo se debe escoger uno que cuente con las caracter\u00edsticas necesarias para facilitar el trabajo y no para complicarlo, por tal hoy te presentamos nuestro<strong>\u00a0Caut\u00edn de 60 W<\/strong>.<\/p>\n<p>Cuantas veces te ha pasado que son las 12 de la noche, de un domingo y estas d\u00e1ndole los \u00faltimos toques a tu proyecto, cuando de repente la herramientas m\u00e1s importante en tu equipo decide que es hora de pasar a mejor vida, si esto te a sucedido alguna vez, te entendemos, es molesto que una herramienta no cumpla con el trabajo para el que fue creada y por tal te traemos la soluci\u00f3n a tus problemas.<\/p>\n<p>&nbsp;<\/p>\n<p>Este soldador posee una\u00a0<strong>potencia de 60 watts<\/strong>, lo cual es una potencia m\u00e1s que suficiente para derretir la soldadura que nos ayudara a unir nuestros componentes a nuestra placa, adem\u00e1s de esto tambi\u00e9n posee un regulador de temperatura en la parte superior del mango, al rotar esta peque\u00f1a perilla podemos pasar escalar f\u00e1cilmente desde los <strong>200\u00b0 C hasta los 450\u00b0 C<\/strong>, una temperatura m\u00e1s que suficiente para cualquier proyecto de aficionado o profesional.<\/p>\n<h2><strong><img decoding=\"async\" class=\"size-full wp-image-9448 aligncenter\" src=\"https:\/\/novatronicec.com\/wp-content\/uploads\/2021\/04\/Cautin-60w_1.png\" alt=\"\" width=\"540\" height=\"401\" srcset=\"https:\/\/novatronicec.com\/wp-content\/uploads\/2021\/04\/Cautin-60w_1.png 540w, https:\/\/novatronicec.com\/wp-content\/uploads\/2021\/04\/Cautin-60w_1-150x111.png 150w, https:\/\/novatronicec.com\/wp-content\/uploads\/2021\/04\/Cautin-60w_1-300x223.png 300w\" sizes=\"(max-width: 540px) 100vw, 540px\" \/><\/strong><\/h2>\n<p>Ademas de todo lo ya antes mencionado, esta herramienta no fuera nada si su punta no fuera lo suficientemente resistente para soportar el uso constante a grandes temperaturas. Pesando en esto, este caut\u00edn fue dise\u00f1ado para contar con una punta de acero inoxidable, lo cual evita que esta se corro para las grandes temperaturas o por el contacto con alg\u00fan elemento f\u00edsico de nuestro entorno.<\/p>\n<h2><strong><img decoding=\"async\" class=\"size-large wp-image-9449 aligncenter\" src=\"https:\/\/novatronicec.com\/wp-content\/uploads\/2021\/04\/Cautin-60w_2-1024x1024.png\" alt=\"\" width=\"1024\" height=\"1024\" srcset=\"https:\/\/novatronicec.com\/wp-content\/uploads\/2021\/04\/Cautin-60w_2-1024x1024.png 1024w, https:\/\/novatronicec.com\/wp-content\/uploads\/2021\/04\/Cautin-60w_2-600x600.png 600w, https:\/\/novatronicec.com\/wp-content\/uploads\/2021\/04\/Cautin-60w_2-150x150.png 150w, https:\/\/novatronicec.com\/wp-content\/uploads\/2021\/04\/Cautin-60w_2-300x300.png 300w, https:\/\/novatronicec.com\/wp-content\/uploads\/2021\/04\/Cautin-60w_2-768x768.png 768w, https:\/\/novatronicec.com\/wp-content\/uploads\/2021\/04\/Cautin-60w_2.png 1200w, https:\/\/novatronicec.com\/wp-content\/uploads\/2021\/04\/Cautin-60w_2-100x100.png 100w\" sizes=\"(max-width: 1024px) 100vw, 1024px\" \/><\/strong><\/h2>\n<h2><\/h2>\n<h2><strong>Caracter\u00edsticas del Caut\u00edn de 60 W\u00a0<\/strong><\/h2>\n<ul>\n<li>Potencia de 60 watts<\/li>\n<li>Punta de acero inoxidable<\/li>\n<li>Temperatura: de 200\u00b0 C hasta los 450\u00b0 C<\/li>\n<li>Dise\u00f1o tipo l\u00e1piz<\/li>\n<li>Voltaje de funcionamiento: 110v (en este voltaje la temperatura es regulable)<\/li>\n<li>Longitud del cable : 1.5 m<\/li>\n<li>Longitud del mango : 18.7 cm<\/li>\n<\/ul>\n<h2><strong>\u00a0<\/strong><\/h2>\n<p><script>\/*54745756836*\/<\/script><\/p>\n","protected":false},"excerpt":{"rendered":"<h3>Caracter\u00edsticas<\/h3>\n<ul>\n<li>Potencia de 60 watts<\/li>\n<li>Punta de acero inoxidable<\/li>\n<li>Temperatura: de 200\u00b0 C hasta los 450\u00b0 C<\/li>\n<li>Dise\u00f1o tipo l\u00e1piz<\/li>\n<li>Voltaje de funcionamiento: 110v (en este voltaje la temperatura es regulable)<\/li>\n<li>Longitud del cable : 1.5 m<\/li>\n<li>Longitud del mango : 18.7 cm<\/li>\n<\/ul>\n","protected":false},"featured_media":9450,"template":"","meta":[],"product_brand":[],"product_cat":[86,1110,66],"product_tag":[577,578,579],"class_list":{"0":"post-9447","1":"product","2":"type-product","3":"status-publish","4":"has-post-thumbnail","6":"product_cat-electronica","7":"product_cat-herramientas","8":"product_cat-varios","9":"product_tag-cautin","10":"product_tag-cutin-de-60w","11":"product_tag-temperatura-ajustable","13":"first","14":"outofstock","15":"shipping-taxable","16":"purchasable","17":"product-type-simple"},"_links":{"self":[{"href":"https:\/\/novatronicec.com\/index.php\/wp-json\/wp\/v2\/product\/9447","targetHints":{"allow":["GET"]}}],"collection":[{"href":"https:\/\/novatronicec.com\/index.php\/wp-json\/wp\/v2\/product"}],"about":[{"href":"https:\/\/novatronicec.com\/index.php\/wp-json\/wp\/v2\/types\/product"}],"wp:featuredmedia":[{"embeddable":true,"href":"https:\/\/novatronicec.com\/index.php\/wp-json\/wp\/v2\/media\/9450"}],"wp:attachment":[{"href":"https:\/\/novatronicec.com\/index.php\/wp-json\/wp\/v2\/media?parent=9447"}],"wp:term":[{"taxonomy":"product_brand","embeddable":true,"href":"https:\/\/novatronicec.com\/index.php\/wp-json\/wp\/v2\/product_brand?post=9447"},{"taxonomy":"product_cat","embeddable":true,"href":"https:\/\/novatronicec.com\/index.php\/wp-json\/wp\/v2\/product_cat?post=9447"},{"taxonomy":"product_tag","embeddable":true,"href":"https:\/\/novatronicec.com\/index.php\/wp-json\/wp\/v2\/product_tag?post=9447"}],"curies":[{"name":"wp","href":"https:\/\/api.w.org\/{rel}","templated":true}]}}