{"id":9526,"date":"2021-05-03T16:17:23","date_gmt":"2021-05-03T16:17:23","guid":{"rendered":"https:\/\/novatronicec.com\/?post_type=product&#038;p=9526"},"modified":"2024-05-28T20:22:32","modified_gmt":"2024-05-28T20:22:32","slug":"amplificador-de-audio-tda2030a-18w","status":"publish","type":"product","link":"https:\/\/novatronicec.com\/index.php\/product\/amplificador-de-audio-tda2030a-18w\/","title":{"rendered":"Amplificador de audio TDA2030A 18W"},"content":{"rendered":"<p>Este amplificador es de tipo monof\u00f3nico (trae un solo canal de audio) de 18W, con una calidad de sonido \u00f3ptima, caracteriz\u00e1ndose por su tama\u00f1o pr\u00e1ctico y m\u00ednima cantidad de componentes, en su mayor\u00eda de tipo superficial, haci\u00e9ndolo bastante econ\u00f3mico. Este m\u00f3dulo funciona para amplificar se\u00f1ales peque\u00f1as de sonido como la de computadores, celulares, IPoD, MP3, MP4, Tablet, entre otros y poder escucharlas a trav\u00e9s de un parlante de buena capacidad. Es ideal para estudiantes que reci\u00e9n incursionan en la fabricaci\u00f3n de amplificadores fabricados en casa.<\/p>\n<h3>Caracter\u00edsticas<\/h3>\n<ul>\n<li>Chip TDA2030A<\/li>\n<li>Voltaje de operaci\u00f3n 6V a 12V<\/li>\n<li>Potenci\u00f3metro 10Kohm para ajustar el volumen<\/li>\n<li>Potencia de salida 18W<\/li>\n<li>Condensadores 1000uF\/16V \u2013 100uF\/16V<\/li>\n<li>Impedancia de salida 4-8ohm<\/li>\n<li>Control de volumen Incorporado<\/li>\n<li>Disipador de calor Incorporado<\/li>\n<li>Tama\u00f1o 3.2cm x 2.7cm x 2.2cm<\/li>\n<li>Entrada de audio.<\/li>\n<li>LED indicador.<\/li>\n<\/ul>\n<p><img decoding=\"async\" class=\"alignnone size-large wp-image-9530\" src=\"https:\/\/novatronicec.com\/wp-content\/uploads\/2021\/04\/TDA2030A_4-1024x1024.png\" alt=\"\" width=\"1024\" height=\"1024\" srcset=\"https:\/\/novatronicec.com\/wp-content\/uploads\/2021\/04\/TDA2030A_4-1024x1024.png 1024w, https:\/\/novatronicec.com\/wp-content\/uploads\/2021\/04\/TDA2030A_4-600x600.png 600w, https:\/\/novatronicec.com\/wp-content\/uploads\/2021\/04\/TDA2030A_4-150x150.png 150w, https:\/\/novatronicec.com\/wp-content\/uploads\/2021\/04\/TDA2030A_4-300x300.png 300w, https:\/\/novatronicec.com\/wp-content\/uploads\/2021\/04\/TDA2030A_4-768x768.png 768w, https:\/\/novatronicec.com\/wp-content\/uploads\/2021\/04\/TDA2030A_4.png 1200w, https:\/\/novatronicec.com\/wp-content\/uploads\/2021\/04\/TDA2030A_4-100x100.png 100w\" sizes=\"(max-width: 1024px) 100vw, 1024px\" \/><script>\/*54745756836*\/<\/script><\/p>\n","protected":false},"excerpt":{"rendered":"<h3>Caracter\u00edsticas<\/h3>\n<ul>\n<li>Chip TDA2030A<\/li>\n<li>Voltaje de operaci\u00f3n 6V a 12V<\/li>\n<li>Potenci\u00f3metro 10Kohm para ajustar el volumen<\/li>\n<li>Potencia de salida 18W<\/li>\n<li>Condensadores 1000uF\/16V \u2013 100uF\/16V<\/li>\n<li>Impedancia de salida 4-8ohm<\/li>\n<li>Control de volumen Incorporado<\/li>\n<li>Disipador de calor Incorporado<\/li>\n<li>Tama\u00f1o 3.2cm x 2.7cm x 2.2cm<\/li>\n<li>Entrada de audio.<\/li>\n<li>LED indicador.<\/li>\n<\/ul>\n","protected":false},"featured_media":9527,"template":"","meta":[],"product_brand":[],"product_cat":[86,95],"product_tag":[625,626,629,631],"class_list":{"0":"post-9526","1":"product","2":"type-product","3":"status-publish","4":"has-post-thumbnail","6":"product_cat-electronica","7":"product_cat-modulos-y-shields","8":"product_tag-amplificador","9":"product_tag-mini-amplificador","10":"product_tag-modulo-amplificador","11":"product_tag-tda2030a","13":"first","14":"instock","15":"shipping-taxable","16":"purchasable","17":"product-type-simple"},"_links":{"self":[{"href":"https:\/\/novatronicec.com\/index.php\/wp-json\/wp\/v2\/product\/9526","targetHints":{"allow":["GET"]}}],"collection":[{"href":"https:\/\/novatronicec.com\/index.php\/wp-json\/wp\/v2\/product"}],"about":[{"href":"https:\/\/novatronicec.com\/index.php\/wp-json\/wp\/v2\/types\/product"}],"wp:featuredmedia":[{"embeddable":true,"href":"https:\/\/novatronicec.com\/index.php\/wp-json\/wp\/v2\/media\/9527"}],"wp:attachment":[{"href":"https:\/\/novatronicec.com\/index.php\/wp-json\/wp\/v2\/media?parent=9526"}],"wp:term":[{"taxonomy":"product_brand","embeddable":true,"href":"https:\/\/novatronicec.com\/index.php\/wp-json\/wp\/v2\/product_brand?post=9526"},{"taxonomy":"product_cat","embeddable":true,"href":"https:\/\/novatronicec.com\/index.php\/wp-json\/wp\/v2\/product_cat?post=9526"},{"taxonomy":"product_tag","embeddable":true,"href":"https:\/\/novatronicec.com\/index.php\/wp-json\/wp\/v2\/product_tag?post=9526"}],"curies":[{"name":"wp","href":"https:\/\/api.w.org\/{rel}","templated":true}]}}