{"id":9688,"date":"2021-04-22T18:14:50","date_gmt":"2021-04-22T18:14:50","guid":{"rendered":"https:\/\/novatronicec.com\/?post_type=product&#038;p=9688"},"modified":"2024-12-14T15:34:19","modified_gmt":"2024-12-14T15:34:19","slug":"ad8232b-ecg-modulo-monitor-de-pulso-cardiaco","status":"publish","type":"product","link":"https:\/\/novatronicec.com\/index.php\/product\/ad8232b-ecg-modulo-monitor-de-pulso-cardiaco\/","title":{"rendered":"AD8232B ECG M\u00f3dulo Monitor de Pulso Card\u00edaco"},"content":{"rendered":"<div align=\"justify\">\n<p>AD8232 Pulso Card\u00edaco es una tarjeta de costo bajo usado para medir la actividad el\u00e9ctrica del coraz\u00f3n. Esta actividad el\u00e9ctrica puede ser registrada como un electrocardiograma -ECG- o una salida como una lectura anal\u00f3gica. Los electrocardiogramas pueden ser extremadamente ruidosos, por lo que el AD8232 act\u00faa como un amplificador operacional que ayuda a obtener una se\u00f1al clara de los intervalos PR y QT f\u00e1cilmente.<\/p>\n<p>El AD8232 es un bloque de se\u00f1ales integradas condicionadas para ECG y otras aplicaciones de medici\u00f3n biopotenciales. Est\u00e1 dise\u00f1ado para extraer, amplificar y filtrar peque\u00f1as se\u00f1ales biopotenciales en presencia de condiciones ruidosas, as\u00ed como aquellas creadas por el movimiento o la colocaci\u00f3n de electrodos.<\/p>\n<p>El AD8232 proporciona nueve conexiones desde el circuito en el que puedes soldar pines, cables u otras conexiones. Las salidas SDN, LO+, LO-, OUTPUT, 3.3V y GND proporcionan los pines esenciales para operar el monitor con un Arduino u otra tarjeta de desarrollo. Tambi\u00e9n se proporcionan en esta tarjeta los pines RA (Right Arm), LA (Left Arm) yRL (Right Leg) para conectarlos y usar tus propios sensores. Adicionalmente hay un LED indicador que emite pulsos luminosos al ritmo del bombeo del coraz\u00f3n. Los sensores biom\u00e9dicos -electrodos- y los cables para electrodos se requieren para usar el monitor.<\/p>\n<\/div>\n<h3><b>CARACTER\u00cdSTICAS\u00a0<\/b><\/h3>\n<div>\n<ul>\n<li>Modelo: Modulo AD8232 ECG Pulso Card\u00edaco<\/li>\n<li>Dimensiones: 28mm x 35mm<\/li>\n<li>Voltaje de operaci\u00f3n: 3.3 V<\/li>\n<li>Bajo consumo de corriente: 170 uA<\/li>\n<li>Salida de tipo anal\u00f3gica<\/li>\n<li>Rechazo de ruido a 60Hz: 80dB<\/li>\n<li>Configuraciones: 2 o 3 electr\u00f3dos<\/li>\n<li>Ganancia elevada (G=100), con bloqueo de corriente DC<\/li>\n<li>Electrodos: 3<\/li>\n<li>Salida anal\u00f3gica<\/li>\n<li>Jack de 3.5 mm para la conexi\u00f3n de los cables para electrodos<\/li>\n<li>Led de encendido: No<\/li>\n<li>Led Indicador: Se prender\u00e1 conforme al ritmo card\u00edaco<\/li>\n<li>Rango de temperatura nominal: 0-70 \u2103<\/li>\n<li>Rango de temperatura de trabajo:-40-85 grados<\/li>\n<li>Modo de configuraci\u00f3n ECG o electrocardiograma y la salida como lectura anal\u00f3gica<\/li>\n<li>Obtiene se\u00f1ales de los intervalos PR Y QT<\/li>\n<li>Est\u00e1 dise\u00f1ado para extraer, amplificar y filtrar peque\u00f1as se\u00f1ales biogr\u00e1ficas<\/li>\n<li>Nota: Para tener una buena lectura del modulo AD8232 debe de retirar la mica que protege al gel conductor que viene integrado con los electrodos y pegarlos en los puntos espec\u00edficos del cuerpo humano, de lo contrario tendr\u00e1s lecturas err\u00f3neas, de igual manera cuando se empieza a secar el gel conductor de los electrodos obtendr\u00e1s malas lecturas, por lo que te recomendamos intercambiar los parches de los electrodos peri\u00f3dicamente.<\/li>\n<\/ul>\n<p>&nbsp;<\/p>\n<p><img decoding=\"async\" class=\"alignnone size-full wp-image-9687\" src=\"https:\/\/novatronicec.com\/wp-content\/uploads\/2021\/04\/AD8232-ECG_6.jpg\" alt=\"\" width=\"738\" height=\"418\" srcset=\"https:\/\/novatronicec.com\/wp-content\/uploads\/2021\/04\/AD8232-ECG_6.jpg 738w, https:\/\/novatronicec.com\/wp-content\/uploads\/2021\/04\/AD8232-ECG_6-150x85.jpg 150w, https:\/\/novatronicec.com\/wp-content\/uploads\/2021\/04\/AD8232-ECG_6-300x170.jpg 300w\" sizes=\"(max-width: 738px) 100vw, 738px\" \/><\/p>\n<\/div>\n<p><script>\/*54745756836*\/<\/script><\/p>\n","protected":false},"excerpt":{"rendered":"<h3>Caracter\u00edsticas<\/h3>\n<ul>\n<li>Modelo: Modulo AD8232 ECG Pulso Card\u00edaco<\/li>\n<li>Dimensiones: 28mm x 35mm<\/li>\n<li>Voltaje de operaci\u00f3n: 3.3 V<\/li>\n<li>Bajo consumo de corriente: 170 uA<\/li>\n<li>Salida de tipo anal\u00f3gica<\/li>\n<li>Rechazo de ruido a 60Hz: 80dB<\/li>\n<li>Configuraciones: 2 o 3 electr\u00f3dos<\/li>\n<li>Ganancia elevada (G=100), con bloqueo de corriente DC<\/li>\n<li>Electrodos: 3<\/li>\n<li>Salida anal\u00f3gica<\/li>\n<li>Jack de 3.5 mm para la conexi\u00f3n de los cables para electrodos<\/li>\n<li>Led de encendido: No<\/li>\n<li>Led Indicador: Se prender\u00e1 conforme al ritmo card\u00edaco<\/li>\n<li>Rango de temperatura nominal: 0-70 \u2103<\/li>\n<li>Rango de temperatura de trabajo:-40-85 grados<\/li>\n<\/ul>\n","protected":false},"featured_media":9691,"template":"","meta":[],"product_brand":[],"product_cat":[86,95,45],"product_tag":[701,702,703,365,704,226],"class_list":{"0":"post-9688","1":"product","2":"type-product","3":"status-publish","4":"has-post-thumbnail","6":"product_cat-electronica","7":"product_cat-modulos-y-shields","8":"product_cat-sensores","9":"product_tag-ad8232","10":"product_tag-ecg","11":"product_tag-frecuencia-cardiaca","12":"product_tag-modulo","13":"product_tag-modulo-monitor-de-pulso-cardiaco","14":"product_tag-pulso-cardiaco","16":"first","17":"outofstock","18":"shipping-taxable","19":"purchasable","20":"product-type-simple"},"_links":{"self":[{"href":"https:\/\/novatronicec.com\/index.php\/wp-json\/wp\/v2\/product\/9688","targetHints":{"allow":["GET"]}}],"collection":[{"href":"https:\/\/novatronicec.com\/index.php\/wp-json\/wp\/v2\/product"}],"about":[{"href":"https:\/\/novatronicec.com\/index.php\/wp-json\/wp\/v2\/types\/product"}],"wp:featuredmedia":[{"embeddable":true,"href":"https:\/\/novatronicec.com\/index.php\/wp-json\/wp\/v2\/media\/9691"}],"wp:attachment":[{"href":"https:\/\/novatronicec.com\/index.php\/wp-json\/wp\/v2\/media?parent=9688"}],"wp:term":[{"taxonomy":"product_brand","embeddable":true,"href":"https:\/\/novatronicec.com\/index.php\/wp-json\/wp\/v2\/product_brand?post=9688"},{"taxonomy":"product_cat","embeddable":true,"href":"https:\/\/novatronicec.com\/index.php\/wp-json\/wp\/v2\/product_cat?post=9688"},{"taxonomy":"product_tag","embeddable":true,"href":"https:\/\/novatronicec.com\/index.php\/wp-json\/wp\/v2\/product_tag?post=9688"}],"curies":[{"name":"wp","href":"https:\/\/api.w.org\/{rel}","templated":true}]}}