{"id":9811,"date":"2021-04-26T21:02:25","date_gmt":"2021-04-26T21:02:25","guid":{"rendered":"https:\/\/novatronicec.com\/?post_type=product&#038;p=9811"},"modified":"2025-03-13T22:15:36","modified_gmt":"2025-03-13T22:15:36","slug":"zocalo-base-dip-para-circuitos-integrados","status":"publish","type":"product","link":"https:\/\/novatronicec.com\/index.php\/product\/zocalo-base-dip-para-circuitos-integrados\/","title":{"rendered":"Z\u00f3calo &#8211; Base DIP para Circuitos Integrados"},"content":{"rendered":"<p>La base DIP o z\u00f3calo son los dispositivos para conectar CI (circuito integrado), posee pines o agujas que se sueldan a una PCB permiti\u00e9ndote montar o desmontar un circuito integrado sin soldarlo y as\u00ed poder usarlo nuevamente en diferentes pr\u00e1cticas. Esto evita someter a temperatura excesiva a los integrados u otros dispositivos, que puede da\u00f1arlos; adem\u00e1s permite el reemplazo del componente sin pasar por un proceso de desoldadura y soldadura.<\/p>\n<p>Los z\u00f3calos se utilizan habitualmente para\u00a0memorias y otros componentes similares, para permitir la modificaci\u00f3n de su informaci\u00f3n.<\/p>\n","protected":false},"excerpt":{"rendered":"<h2>Caracter\u00edsticas:<\/h2>\n<ul>\n<li>Para circuito integrado con encapsulado: Dip<\/li>\n<li>Material: Pl\u00e1stico<\/li>\n<li>Para soldar<\/li>\n<li>Tope de altura para mayor adaptabilidad a la tablilla<\/li>\n<li>Color: Negro<\/li>\n<\/ul>\n","protected":false},"featured_media":9818,"template":"","meta":[],"product_brand":[],"product_cat":[86],"product_tag":[737,526,736],"class_list":{"0":"post-9811","1":"product","2":"type-product","3":"status-publish","4":"has-post-thumbnail","6":"product_cat-electronica","7":"product_tag-base-ci","8":"product_tag-circuito-integrado","9":"product_tag-zocalo","11":"first","12":"instock","13":"shipping-taxable","14":"purchasable","15":"product-type-variable"},"_links":{"self":[{"href":"https:\/\/novatronicec.com\/index.php\/wp-json\/wp\/v2\/product\/9811","targetHints":{"allow":["GET"]}}],"collection":[{"href":"https:\/\/novatronicec.com\/index.php\/wp-json\/wp\/v2\/product"}],"about":[{"href":"https:\/\/novatronicec.com\/index.php\/wp-json\/wp\/v2\/types\/product"}],"wp:featuredmedia":[{"embeddable":true,"href":"https:\/\/novatronicec.com\/index.php\/wp-json\/wp\/v2\/media\/9818"}],"wp:attachment":[{"href":"https:\/\/novatronicec.com\/index.php\/wp-json\/wp\/v2\/media?parent=9811"}],"wp:term":[{"taxonomy":"product_brand","embeddable":true,"href":"https:\/\/novatronicec.com\/index.php\/wp-json\/wp\/v2\/product_brand?post=9811"},{"taxonomy":"product_cat","embeddable":true,"href":"https:\/\/novatronicec.com\/index.php\/wp-json\/wp\/v2\/product_cat?post=9811"},{"taxonomy":"product_tag","embeddable":true,"href":"https:\/\/novatronicec.com\/index.php\/wp-json\/wp\/v2\/product_tag?post=9811"}],"curies":[{"name":"wp","href":"https:\/\/api.w.org\/{rel}","templated":true}]}}