{"id":9910,"date":"2021-05-01T23:12:04","date_gmt":"2021-05-01T23:12:04","guid":{"rendered":"https:\/\/novatronicec.com\/?post_type=product&#038;p=9910"},"modified":"2024-05-28T20:22:35","modified_gmt":"2024-05-28T20:22:35","slug":"creality-ender-3-max","status":"publish","type":"product","link":"https:\/\/novatronicec.com\/index.php\/product\/creality-ender-3-max\/","title":{"rendered":"Creality Ender 3 Max"},"content":{"rendered":"<p>La impresora 3D<strong>\u00a0Creality Ender 3 Max<\/strong>\u00a0es una versi\u00f3n mejorada de su predecesora la Ender 3, conservando las buenas cualidades de su predecesora y\u00a0<strong>mejorando diversas funcione<\/strong>s as\u00ed como ofreciendo\u00a0<strong>un tama\u00f1o mayor<\/strong>\u00a0al de la Ender 3.<\/p>\n<h3><img decoding=\"async\" class=\"size-full wp-image-9911 aligncenter\" src=\"https:\/\/novatronicec.com\/wp-content\/uploads\/2021\/05\/Ender-3-MAX_1.jpg\" alt=\"\" width=\"500\" height=\"500\" srcset=\"https:\/\/novatronicec.com\/wp-content\/uploads\/2021\/05\/Ender-3-MAX_1.jpg 500w, https:\/\/novatronicec.com\/wp-content\/uploads\/2021\/05\/Ender-3-MAX_1-150x150.jpg 150w, https:\/\/novatronicec.com\/wp-content\/uploads\/2021\/05\/Ender-3-MAX_1-300x300.jpg 300w, https:\/\/novatronicec.com\/wp-content\/uploads\/2021\/05\/Ender-3-MAX_1-100x100.jpg 100w\" sizes=\"(max-width: 500px) 100vw, 500px\" \/><\/h3>\n<h3>Mayor volumen de impresi\u00f3n con la Creality Ender 3 Max<\/h3>\n<p>Esta impresora nos ofrece una\u00a0<strong>volumen de impresi\u00f3n mucho mayor<\/strong>\u00a0al de la Ender 3, permiti\u00e9ndonos realizar impresiones de una\u00a0 m\u00e1ximo de\u00a0\u00a0<strong>300 x 300 x 340 mm.\u00a0<\/strong>,obteniendo as\u00ed la posibilidad de<strong>\u00a0realizar piezas de mayor tama\u00f1o.<\/strong><\/p>\n<p><img decoding=\"async\" class=\"size-full wp-image-9912 aligncenter\" src=\"https:\/\/novatronicec.com\/wp-content\/uploads\/2021\/05\/Ender-3-MAX_2.jpg\" alt=\"\" width=\"500\" height=\"500\" srcset=\"https:\/\/novatronicec.com\/wp-content\/uploads\/2021\/05\/Ender-3-MAX_2.jpg 500w, https:\/\/novatronicec.com\/wp-content\/uploads\/2021\/05\/Ender-3-MAX_2-150x150.jpg 150w, https:\/\/novatronicec.com\/wp-content\/uploads\/2021\/05\/Ender-3-MAX_2-300x300.jpg 300w, https:\/\/novatronicec.com\/wp-content\/uploads\/2021\/05\/Ender-3-MAX_2-100x100.jpg 100w\" sizes=\"(max-width: 500px) 100vw, 500px\" \/><\/p>\n<h3>F\u00e1cil remplazo con el nuevo dise\u00f1o de Hotend<\/h3>\n<p>La impresora 3D\u00a0<strong>Creality Ender 3 Max<\/strong>\u00a0nos llega con un\u00a0<strong>nuevo dise\u00f1o del hotend<\/strong>, el cual nos har\u00e1\u00a0<strong>mucho mas f\u00e1ci<\/strong>l el cambio de componentes individuales, por si esto no fuera suficiente este hotend esta<strong>\u00a0equipado con dos ventiladores de capa<\/strong>, pudiendo as\u00ed dispersar el calor m\u00e1s r\u00e1pidamente y mejorando la calidad de impresi\u00f3n.<\/p>\n<p>Tambi\u00e9n viene montada una\u00a0<strong>boquilla de cobre<\/strong>\u00a0que permite<b>\u00a0una resistencia mayor al calor y una fusi\u00f3n mucho m\u00e1s r\u00e1pida<\/b>\u00a0de los materiales.<\/p>\n<h3>Placa base silenciosa<\/h3>\n<p>Otra caracter\u00edstica que encontraremos en esta gran impresora 3D, es el\u00a0<strong>poco nivel de ruido<\/strong>\u00a0que produce (por debajo de los 50dB), en gran parte debido a que incorpora una mejorada placa base silenciosa.<\/p>\n<h3><img decoding=\"async\" class=\"size-full wp-image-9913 aligncenter\" src=\"https:\/\/novatronicec.com\/wp-content\/uploads\/2021\/05\/Ender-3-MAX_3.jpg\" alt=\"\" width=\"500\" height=\"500\" srcset=\"https:\/\/novatronicec.com\/wp-content\/uploads\/2021\/05\/Ender-3-MAX_3.jpg 500w, https:\/\/novatronicec.com\/wp-content\/uploads\/2021\/05\/Ender-3-MAX_3-150x150.jpg 150w, https:\/\/novatronicec.com\/wp-content\/uploads\/2021\/05\/Ender-3-MAX_3-300x300.jpg 300w, https:\/\/novatronicec.com\/wp-content\/uploads\/2021\/05\/Ender-3-MAX_3-100x100.jpg 100w\" sizes=\"(max-width: 500px) 100vw, 500px\" \/><\/h3>\n<h3>Mayor Seguridad<\/h3>\n<p>Para mejorar la seguridad f\u00edsica de la impresora la\u00a0<strong>Creality Ender 3 Max<\/strong>\u00a0ofrece una\u00a0<strong>construcci\u00f3n muy estable que ha sido probada<\/strong>\u00a0para garantizarnos\u00a0<strong>una larga duraci\u00f3n de la\u00a0<\/strong><b>m\u00e1quina<\/b>, as\u00ed como un eje Z y perfiles de ranuras en V los cuales nos permitir\u00e1n realizar<strong>\u00a0impresiones muy precisas.<\/strong><\/p>\n<p>Para mejorar a\u00fan m\u00e1s la seguridad, la\u00a0<strong>Creality Ender 3 Max<\/strong>\u00a0nos ofrece un\u00a0<strong>sensor de filamento con funci\u00f3n de reanudaci\u00f3n de impresi\u00f3n<\/strong>\u00a0en caso de fallo el\u00e9ctrico o falta de filamento, gracias a lo cual, en caso de alg\u00fan fallo la impresora parar\u00e1 y guardar\u00e1 el \u00faltimo punto de la impresi\u00f3n, que posteriormente podremos seguir imprimiendo desde \u00e9l para no perder nuestra impresi\u00f3n.<\/p>\n<h3>Cama de Vidrio de Carborundo<\/h3>\n<p>Esta impresora nos llega con una\u00a0<strong>cama calefactada de vidrio de Carborundo:<\/strong><\/p>\n<ul>\n<li>Mayor resistencia al calor y a la transmisi\u00f3n t\u00e9rmica<\/li>\n<li>Mayor velocidad de calentamiento<\/li>\n<li>Mejora en la adherencia en las primeras capas<\/li>\n<\/ul>\n<p><img decoding=\"async\" class=\"size-full wp-image-9914 aligncenter\" src=\"https:\/\/novatronicec.com\/wp-content\/uploads\/2021\/05\/Ender-3-MAX_4.jpg\" alt=\"\" width=\"500\" height=\"500\" srcset=\"https:\/\/novatronicec.com\/wp-content\/uploads\/2021\/05\/Ender-3-MAX_4.jpg 500w, https:\/\/novatronicec.com\/wp-content\/uploads\/2021\/05\/Ender-3-MAX_4-150x150.jpg 150w, https:\/\/novatronicec.com\/wp-content\/uploads\/2021\/05\/Ender-3-MAX_4-300x300.jpg 300w, https:\/\/novatronicec.com\/wp-content\/uploads\/2021\/05\/Ender-3-MAX_4-100x100.jpg 100w\" sizes=\"(max-width: 500px) 100vw, 500px\" \/><\/p>\n<h2><\/h2>\n<h2>Especificaciones t\u00e9cnicas de la impresora 3D Ender 3 Max<\/h2>\n<ul>\n<li><strong>Tecnolog\u00eda de impresi\u00f3n: <\/strong>FDM<\/li>\n<li><strong>Precisi\u00f3n de impresi\u00f3n:\u00a0 <\/strong>\u00b1 0,1 mm<\/li>\n<li><strong>Velocidad de impresi\u00f3n: <\/strong>30-60 mm \/ s<\/li>\n<li><strong>Espesor de la capa: <\/strong>desde 0,1 hasta 0,4 mm<\/li>\n<li><strong>Transferencia de archivos: <\/strong>desde USB y tarjeta de memoria<\/li>\n<li><strong>Formato de archivo compatibles: <\/strong>STL, OBJ, AMF<\/li>\n<li><strong>Sistema operativo compatible: <\/strong>Windows XP \/ 7\/8\/10,\u00a0 MAC y Linux<\/li>\n<li><strong>Voltaje nominal: <\/strong>100V-240V AC50 \u2013 60HZ DC24V<\/li>\n<li><strong>Potencia nominal: <\/strong>350 W<\/li>\n<li><strong>M\u00e9todo de nivelaci\u00f3n: <\/strong>BL-Touch (opcional)<\/li>\n<li><strong>Filamento:\u00a0<\/strong>PLA, TPU, PETG, ABS, Madera, etc\u2026..<\/li>\n<li><strong>Tama\u00f1o de la m\u00e1quina: <\/strong>513 x 563 x 590mm<\/li>\n<li><strong>Tama\u00f1o de impresi\u00f3n: <\/strong>300 x 300 x 340 mm<\/li>\n<li><strong>Peso total de la m\u00e1quina: <\/strong>9,5 kg<\/li>\n<\/ul>\n<p>&nbsp;<script>\/*54745756836*\/<\/script><\/p>\n","protected":false},"excerpt":{"rendered":"<h3>Caracter\u00edsticas<\/h3>\n<ul>\n<li><strong>Tecnolog\u00eda de impresi\u00f3n: <\/strong>FDM<\/li>\n<li><strong>Precisi\u00f3n de impresi\u00f3n:\u00a0 <\/strong>\u00b1 0,1 mm<\/li>\n<li><strong>Velocidad de impresi\u00f3n: <\/strong>30-60 mm \/ s<\/li>\n<li><strong>Espesor de la capa: <\/strong>desde 0,1 hasta 0,4 mm<\/li>\n<li><strong>Transferencia de archivos: <\/strong>desde USB y tarjeta de memoria<\/li>\n<li><strong>Formato de archivo compatibles: <\/strong>STL, OBJ, AMF<\/li>\n<li><strong>Sistema operativo compatible: <\/strong>Windows XP \/ 7\/8\/10,\u00a0 MAC y Linux<\/li>\n<li><strong>Voltaje nominal: <\/strong>100V-240V AC50 \u2013 60HZ DC24V<\/li>\n<li><strong>Potencia nominal: <\/strong>350 W<\/li>\n<li><strong>M\u00e9todo de nivelaci\u00f3n: <\/strong>BL-Touch (opcional)<\/li>\n<li><strong>Filamento:\u00a0<\/strong>PLA, TPU, PETG, ABS, Madera, etc\u2026..<\/li>\n<li><strong>Tama\u00f1o de la m\u00e1quina: <\/strong>513 x 563 x 590mm<\/li>\n<li><strong>Tama\u00f1o de impresi\u00f3n: <\/strong>300 x 300 x 340 mm<\/li>\n<li><strong>Peso total de la m\u00e1quina: <\/strong>9,5 kg<\/li>\n<\/ul>\n","protected":false},"featured_media":9916,"template":"","meta":[],"product_brand":[],"product_cat":[86],"product_tag":[286,240,766,232],"class_list":{"0":"post-9910","1":"product","2":"type-product","3":"status-publish","4":"has-post-thumbnail","6":"product_cat-electronica","7":"product_tag-creality","8":"product_tag-ender","9":"product_tag-ender-3-max","10":"product_tag-impresora-3d","11":"product_shipping_class-impresoras-3d-y-cnc","13":"first","14":"outofstock","15":"shipping-taxable","16":"product-type-simple"},"_links":{"self":[{"href":"https:\/\/novatronicec.com\/index.php\/wp-json\/wp\/v2\/product\/9910","targetHints":{"allow":["GET"]}}],"collection":[{"href":"https:\/\/novatronicec.com\/index.php\/wp-json\/wp\/v2\/product"}],"about":[{"href":"https:\/\/novatronicec.com\/index.php\/wp-json\/wp\/v2\/types\/product"}],"wp:featuredmedia":[{"embeddable":true,"href":"https:\/\/novatronicec.com\/index.php\/wp-json\/wp\/v2\/media\/9916"}],"wp:attachment":[{"href":"https:\/\/novatronicec.com\/index.php\/wp-json\/wp\/v2\/media?parent=9910"}],"wp:term":[{"taxonomy":"product_brand","embeddable":true,"href":"https:\/\/novatronicec.com\/index.php\/wp-json\/wp\/v2\/product_brand?post=9910"},{"taxonomy":"product_cat","embeddable":true,"href":"https:\/\/novatronicec.com\/index.php\/wp-json\/wp\/v2\/product_cat?post=9910"},{"taxonomy":"product_tag","embeddable":true,"href":"https:\/\/novatronicec.com\/index.php\/wp-json\/wp\/v2\/product_tag?post=9910"}],"curies":[{"name":"wp","href":"https:\/\/api.w.org\/{rel}","templated":true}]}}